{"id":3345,"date":"2022-10-02T18:22:38","date_gmt":"2022-10-02T16:22:38","guid":{"rendered":"http:\/\/vet-ecg.ddns.net\/?page_id=3345"},"modified":"2022-10-02T18:22:41","modified_gmt":"2022-10-02T16:22:41","slug":"suite-dextrasystoles-atriales-bloquees","status":"publish","type":"page","link":"http:\/\/vet-ecg.ddns.net\/index.php\/suite-dextrasystoles-atriales-bloquees\/","title":{"rendered":"Suite d&rsquo;extrasystoles atriales bloqu\u00e9es"},"content":{"rendered":"\n<figure class=\"wp-block-image size-large\"><img loading=\"lazy\" decoding=\"async\" width=\"1024\" height=\"745\" src=\"http:\/\/vet-ecg.ddns.net\/wp-content\/uploads\/esa-bloquees-1024x745.jpg\" alt=\"Suite d'extrasystoles atriales bloqu\u00e9es\" class=\"wp-image-3346\" srcset=\"http:\/\/vet-ecg.ddns.net\/wp-content\/uploads\/esa-bloquees-1024x745.jpg 1024w, http:\/\/vet-ecg.ddns.net\/wp-content\/uploads\/esa-bloquees-300x218.jpg 300w, http:\/\/vet-ecg.ddns.net\/wp-content\/uploads\/esa-bloquees-768x558.jpg 768w, http:\/\/vet-ecg.ddns.net\/wp-content\/uploads\/esa-bloquees-1536x1117.jpg 1536w, http:\/\/vet-ecg.ddns.net\/wp-content\/uploads\/esa-bloquees-2048x1489.jpg 2048w\" sizes=\"auto, (max-width: 1024px) 100vw, 1024px\" \/><figcaption>Extrasystoles atriales non conduites aux ventricules<\/figcaption><\/figure>\n\n\n\n\n<p>On remarque sur ce trac\u00e9, une succession d&rsquo;ondes P (cadre rouge) qui ne sont pas conduites aux ventricules. Lors de cette s\u00e9quence, la fr\u00e9quence auriculaire est d&rsquo;environ 300 bpm (tachycardie atriale) tandis que la fr\u00e9quence des ventricules varie de 80 \u00e0 100 bpm.<\/p>\n<p>L&rsquo;absence de conduction\u00a0 aux ventricules est due \u00e0 un bloc fonctionnel.<\/p>\n<p>Certaines fibres du faisceau de His\u00a0 ne sont pas sorties de leur p\u00e9riode r\u00e9fractaire et sont responsables de cette absence momentan\u00e9e de conduction.<\/p>","protected":false},"excerpt":{"rendered":"<p>On remarque sur ce trac\u00e9, une succession d&rsquo;ondes P (cadre rouge) qui ne sont pas conduites aux ventricules. Lors de cette s\u00e9quence, la fr\u00e9quence auriculaire est d&rsquo;environ 300 bpm (tachycardie atriale) tandis que la fr\u00e9quence des ventricules varie de 80 \u00e0 100 bpm. L&rsquo;absence de conduction\u00a0 aux ventricules est due \u00e0 un bloc fonctionnel. Certaines &hellip; <a href=\"http:\/\/vet-ecg.ddns.net\/index.php\/suite-dextrasystoles-atriales-bloquees\/\" class=\"more-link\">Continuer la lecture de <span class=\"screen-reader-text\">Suite d&rsquo;extrasystoles atriales bloqu\u00e9es<\/span><\/a><\/p>\n","protected":false},"author":1,"featured_media":0,"parent":0,"menu_order":0,"comment_status":"closed","ping_status":"closed","template":"","meta":{"footnotes":""},"class_list":["post-3345","page","type-page","status-publish","hentry"],"yoast_head":"<!-- This site is optimized with the Yoast SEO plugin v27.4 - https:\/\/yoast.com\/product\/yoast-seo-wordpress\/ -->\n<title>Suite d&#039;extrasystoles atriales bloqu\u00e9es - Blog d&#039;\u00e9lectrocardiographie v\u00e9t\u00e9rinaire<\/title>\n<meta name=\"description\" content=\"Une suite d&#039;extrasystoles atriales bloqu\u00e9es est d\u00e9couverte fortuitement sur un chien atteint d&#039;une maladie valvulaire d\u00e9butante\" \/>\n<meta name=\"robots\" content=\"index, follow, max-snippet:-1, max-image-preview:large, max-video-preview:-1\" \/>\n<link rel=\"canonical\" href=\"http:\/\/vet-ecg.ddns.net\/index.php\/suite-dextrasystoles-atriales-bloquees\/\" \/>\n<script type=\"application\/ld+json\" class=\"yoast-schema-graph\">{\"@context\":\"https:\\\/\\\/schema.org\",\"@graph\":[{\"@type\":\"WebPage\",\"@id\":\"http:\\\/\\\/vet-ecg.ddns.net\\\/index.php\\\/suite-dextrasystoles-atriales-bloquees\\\/\",\"url\":\"http:\\\/\\\/vet-ecg.ddns.net\\\/index.php\\\/suite-dextrasystoles-atriales-bloquees\\\/\",\"name\":\"Suite d'extrasystoles atriales bloqu\u00e9es - Blog d&#039;\u00e9lectrocardiographie v\u00e9t\u00e9rinaire\",\"isPartOf\":{\"@id\":\"http:\\\/\\\/vet-ecg.ddns.net\\\/#website\"},\"primaryImageOfPage\":{\"@id\":\"http:\\\/\\\/vet-ecg.ddns.net\\\/index.php\\\/suite-dextrasystoles-atriales-bloquees\\\/#primaryimage\"},\"image\":{\"@id\":\"http:\\\/\\\/vet-ecg.ddns.net\\\/index.php\\\/suite-dextrasystoles-atriales-bloquees\\\/#primaryimage\"},\"thumbnailUrl\":\"http:\\\/\\\/vet-ecg.ddns.net\\\/wp-content\\\/uploads\\\/esa-bloquees-1024x745.jpg\",\"datePublished\":\"2022-10-02T16:22:38+00:00\",\"dateModified\":\"2022-10-02T16:22:41+00:00\",\"description\":\"Une suite d'extrasystoles atriales bloqu\u00e9es est d\u00e9couverte fortuitement sur un chien atteint d'une maladie valvulaire d\u00e9butante\",\"breadcrumb\":{\"@id\":\"http:\\\/\\\/vet-ecg.ddns.net\\\/index.php\\\/suite-dextrasystoles-atriales-bloquees\\\/#breadcrumb\"},\"inLanguage\":\"fr-FR\",\"potentialAction\":[{\"@type\":\"ReadAction\",\"target\":[\"http:\\\/\\\/vet-ecg.ddns.net\\\/index.php\\\/suite-dextrasystoles-atriales-bloquees\\\/\"]}]},{\"@type\":\"ImageObject\",\"inLanguage\":\"fr-FR\",\"@id\":\"http:\\\/\\\/vet-ecg.ddns.net\\\/index.php\\\/suite-dextrasystoles-atriales-bloquees\\\/#primaryimage\",\"url\":\"http:\\\/\\\/vet-ecg.ddns.net\\\/wp-content\\\/uploads\\\/esa-bloquees.jpg\",\"contentUrl\":\"http:\\\/\\\/vet-ecg.ddns.net\\\/wp-content\\\/uploads\\\/esa-bloquees.jpg\",\"width\":2140,\"height\":1556},{\"@type\":\"BreadcrumbList\",\"@id\":\"http:\\\/\\\/vet-ecg.ddns.net\\\/index.php\\\/suite-dextrasystoles-atriales-bloquees\\\/#breadcrumb\",\"itemListElement\":[{\"@type\":\"ListItem\",\"position\":1,\"name\":\"Accueil\",\"item\":\"http:\\\/\\\/vet-ecg.ddns.net\\\/\"},{\"@type\":\"ListItem\",\"position\":2,\"name\":\"Suite d&rsquo;extrasystoles atriales bloqu\u00e9es\"}]},{\"@type\":\"WebSite\",\"@id\":\"http:\\\/\\\/vet-ecg.ddns.net\\\/#website\",\"url\":\"http:\\\/\\\/vet-ecg.ddns.net\\\/\",\"name\":\"Blog d&#039;\u00e9lectrocardiographie v\u00e9t\u00e9rinaire\",\"description\":\"recueil d&#039;ECG de chiens et de chats\",\"publisher\":{\"@id\":\"http:\\\/\\\/vet-ecg.ddns.net\\\/#\\\/schema\\\/person\\\/fec4070a47e235fed904fab73cae00b4\"},\"alternateName\":\"\u00e9lectrocardiographie v\u00e9t\u00e9rinaire\",\"potentialAction\":[{\"@type\":\"SearchAction\",\"target\":{\"@type\":\"EntryPoint\",\"urlTemplate\":\"http:\\\/\\\/vet-ecg.ddns.net\\\/?s={search_term_string}\"},\"query-input\":{\"@type\":\"PropertyValueSpecification\",\"valueRequired\":true,\"valueName\":\"search_term_string\"}}],\"inLanguage\":\"fr-FR\"},{\"@type\":[\"Person\",\"Organization\"],\"@id\":\"http:\\\/\\\/vet-ecg.ddns.net\\\/#\\\/schema\\\/person\\\/fec4070a47e235fed904fab73cae00b4\",\"name\":\"admin\",\"image\":{\"@type\":\"ImageObject\",\"inLanguage\":\"fr-FR\",\"@id\":\"http:\\\/\\\/vet-ecg.ddns.net\\\/wp-content\\\/uploads\\\/2018\\\/04\\\/Zelda-2-ECG-248.jpg\",\"url\":\"http:\\\/\\\/vet-ecg.ddns.net\\\/wp-content\\\/uploads\\\/2018\\\/04\\\/Zelda-2-ECG-248.jpg\",\"contentUrl\":\"http:\\\/\\\/vet-ecg.ddns.net\\\/wp-content\\\/uploads\\\/2018\\\/04\\\/Zelda-2-ECG-248.jpg\",\"width\":248,\"height\":248,\"caption\":\"admin\"},\"logo\":{\"@id\":\"http:\\\/\\\/vet-ecg.ddns.net\\\/wp-content\\\/uploads\\\/2018\\\/04\\\/Zelda-2-ECG-248.jpg\"},\"description\":\"Les trac\u00e9s publi\u00e9s sur ce site sont issus de diff\u00e9rentes cliniques v\u00e9t\u00e9rinaires de Paris et de sa banlieue durant les 10 derni\u00e8res ann\u00e9es. Les ECG r\u00e9alis\u00e9s ont \u00e9t\u00e9 r\u00e9alis\u00e9s sur des chiens et des chats qui ont tous b\u00e9n\u00e9fici\u00e9 d'une \u00e9chocardiographie.\"}]}<\/script>\n<!-- \/ Yoast SEO plugin. -->","yoast_head_json":{"title":"Suite d'extrasystoles atriales bloqu\u00e9es - Blog d&#039;\u00e9lectrocardiographie v\u00e9t\u00e9rinaire","description":"Une suite d'extrasystoles atriales bloqu\u00e9es est d\u00e9couverte fortuitement sur un chien atteint d'une maladie valvulaire d\u00e9butante","robots":{"index":"index","follow":"follow","max-snippet":"max-snippet:-1","max-image-preview":"max-image-preview:large","max-video-preview":"max-video-preview:-1"},"canonical":"http:\/\/vet-ecg.ddns.net\/index.php\/suite-dextrasystoles-atriales-bloquees\/","schema":{"@context":"https:\/\/schema.org","@graph":[{"@type":"WebPage","@id":"http:\/\/vet-ecg.ddns.net\/index.php\/suite-dextrasystoles-atriales-bloquees\/","url":"http:\/\/vet-ecg.ddns.net\/index.php\/suite-dextrasystoles-atriales-bloquees\/","name":"Suite d'extrasystoles atriales bloqu\u00e9es - Blog d&#039;\u00e9lectrocardiographie v\u00e9t\u00e9rinaire","isPartOf":{"@id":"http:\/\/vet-ecg.ddns.net\/#website"},"primaryImageOfPage":{"@id":"http:\/\/vet-ecg.ddns.net\/index.php\/suite-dextrasystoles-atriales-bloquees\/#primaryimage"},"image":{"@id":"http:\/\/vet-ecg.ddns.net\/index.php\/suite-dextrasystoles-atriales-bloquees\/#primaryimage"},"thumbnailUrl":"http:\/\/vet-ecg.ddns.net\/wp-content\/uploads\/esa-bloquees-1024x745.jpg","datePublished":"2022-10-02T16:22:38+00:00","dateModified":"2022-10-02T16:22:41+00:00","description":"Une suite d'extrasystoles atriales bloqu\u00e9es est d\u00e9couverte fortuitement sur un chien atteint d'une maladie valvulaire d\u00e9butante","breadcrumb":{"@id":"http:\/\/vet-ecg.ddns.net\/index.php\/suite-dextrasystoles-atriales-bloquees\/#breadcrumb"},"inLanguage":"fr-FR","potentialAction":[{"@type":"ReadAction","target":["http:\/\/vet-ecg.ddns.net\/index.php\/suite-dextrasystoles-atriales-bloquees\/"]}]},{"@type":"ImageObject","inLanguage":"fr-FR","@id":"http:\/\/vet-ecg.ddns.net\/index.php\/suite-dextrasystoles-atriales-bloquees\/#primaryimage","url":"http:\/\/vet-ecg.ddns.net\/wp-content\/uploads\/esa-bloquees.jpg","contentUrl":"http:\/\/vet-ecg.ddns.net\/wp-content\/uploads\/esa-bloquees.jpg","width":2140,"height":1556},{"@type":"BreadcrumbList","@id":"http:\/\/vet-ecg.ddns.net\/index.php\/suite-dextrasystoles-atriales-bloquees\/#breadcrumb","itemListElement":[{"@type":"ListItem","position":1,"name":"Accueil","item":"http:\/\/vet-ecg.ddns.net\/"},{"@type":"ListItem","position":2,"name":"Suite d&rsquo;extrasystoles atriales bloqu\u00e9es"}]},{"@type":"WebSite","@id":"http:\/\/vet-ecg.ddns.net\/#website","url":"http:\/\/vet-ecg.ddns.net\/","name":"Blog d&#039;\u00e9lectrocardiographie v\u00e9t\u00e9rinaire","description":"recueil d&#039;ECG de chiens et de chats","publisher":{"@id":"http:\/\/vet-ecg.ddns.net\/#\/schema\/person\/fec4070a47e235fed904fab73cae00b4"},"alternateName":"\u00e9lectrocardiographie v\u00e9t\u00e9rinaire","potentialAction":[{"@type":"SearchAction","target":{"@type":"EntryPoint","urlTemplate":"http:\/\/vet-ecg.ddns.net\/?s={search_term_string}"},"query-input":{"@type":"PropertyValueSpecification","valueRequired":true,"valueName":"search_term_string"}}],"inLanguage":"fr-FR"},{"@type":["Person","Organization"],"@id":"http:\/\/vet-ecg.ddns.net\/#\/schema\/person\/fec4070a47e235fed904fab73cae00b4","name":"admin","image":{"@type":"ImageObject","inLanguage":"fr-FR","@id":"http:\/\/vet-ecg.ddns.net\/wp-content\/uploads\/2018\/04\/Zelda-2-ECG-248.jpg","url":"http:\/\/vet-ecg.ddns.net\/wp-content\/uploads\/2018\/04\/Zelda-2-ECG-248.jpg","contentUrl":"http:\/\/vet-ecg.ddns.net\/wp-content\/uploads\/2018\/04\/Zelda-2-ECG-248.jpg","width":248,"height":248,"caption":"admin"},"logo":{"@id":"http:\/\/vet-ecg.ddns.net\/wp-content\/uploads\/2018\/04\/Zelda-2-ECG-248.jpg"},"description":"Les trac\u00e9s publi\u00e9s sur ce site sont issus de diff\u00e9rentes cliniques v\u00e9t\u00e9rinaires de Paris et de sa banlieue durant les 10 derni\u00e8res ann\u00e9es. Les ECG r\u00e9alis\u00e9s ont \u00e9t\u00e9 r\u00e9alis\u00e9s sur des chiens et des chats qui ont tous b\u00e9n\u00e9fici\u00e9 d'une \u00e9chocardiographie."}]}},"_links":{"self":[{"href":"http:\/\/vet-ecg.ddns.net\/index.php\/wp-json\/wp\/v2\/pages\/3345","targetHints":{"allow":["GET"]}}],"collection":[{"href":"http:\/\/vet-ecg.ddns.net\/index.php\/wp-json\/wp\/v2\/pages"}],"about":[{"href":"http:\/\/vet-ecg.ddns.net\/index.php\/wp-json\/wp\/v2\/types\/page"}],"author":[{"embeddable":true,"href":"http:\/\/vet-ecg.ddns.net\/index.php\/wp-json\/wp\/v2\/users\/1"}],"replies":[{"embeddable":true,"href":"http:\/\/vet-ecg.ddns.net\/index.php\/wp-json\/wp\/v2\/comments?post=3345"}],"version-history":[{"count":0,"href":"http:\/\/vet-ecg.ddns.net\/index.php\/wp-json\/wp\/v2\/pages\/3345\/revisions"}],"wp:attachment":[{"href":"http:\/\/vet-ecg.ddns.net\/index.php\/wp-json\/wp\/v2\/media?parent=3345"}],"curies":[{"name":"wp","href":"https:\/\/api.w.org\/{rel}","templated":true}]}}