{"id":3232,"date":"2021-05-06T11:47:17","date_gmt":"2021-05-06T09:47:17","guid":{"rendered":"http:\/\/vet-ecg.ddns.net\/?page_id=3232"},"modified":"2021-05-06T11:51:14","modified_gmt":"2021-05-06T09:51:14","slug":"rythme-idiojonctionnel-accelere","status":"publish","type":"page","link":"http:\/\/vet-ecg.ddns.net\/index.php\/rythme-idiojonctionnel-accelere\/","title":{"rendered":"Rythme idiojonctionnel acc\u00e9l\u00e9r\u00e9"},"content":{"rendered":"\n<figure class=\"wp-block-image size-large\"><img loading=\"lazy\" decoding=\"async\" width=\"1024\" height=\"592\" src=\"http:\/\/vet-ecg.ddns.net\/wp-content\/uploads\/rija-2-1024x592.jpg\" alt=\"Rythme idio-jonctionnel acc\u00e9l\u00e9r\u00e9 chez un West highland terrier.\" class=\"wp-image-3233\" srcset=\"http:\/\/vet-ecg.ddns.net\/wp-content\/uploads\/rija-2-1024x592.jpg 1024w, http:\/\/vet-ecg.ddns.net\/wp-content\/uploads\/rija-2-300x173.jpg 300w, http:\/\/vet-ecg.ddns.net\/wp-content\/uploads\/rija-2-768x444.jpg 768w, http:\/\/vet-ecg.ddns.net\/wp-content\/uploads\/rija-2-1536x888.jpg 1536w, http:\/\/vet-ecg.ddns.net\/wp-content\/uploads\/rija-2-2048x1184.jpg 2048w\" sizes=\"auto, (max-width: 1024px) 100vw, 1024px\" \/><figcaption>Rythme idiojonctionnel acc\u00e9l\u00e9r\u00e9 \u00e0 110 bpm<\/figcaption><\/figure>\n\n\n<p>Ce trac\u00e9 de rythme idiojonctionnel acc\u00e9l\u00e9r\u00e9 (RIJA) se caract\u00e9rise par un rythme tr\u00e8s r\u00e9gulier, sans arythmie respiratoire malgr\u00e9 une fr\u00e9quence peu \u00e9lev\u00e9e et surtout <strong>une absence d&rsquo;ondes P<\/strong>.<\/p>\n<p>Lorsqu&rsquo;un pacemaker jonctionnel acquiert une hyper-automaticit\u00e9 et devient plus rapide que le n\u0153ud sinusal, il prend les commandes \u00e0 la place de ce dernier.<\/p>\n<p>Le n\u0153ud sinusal laisse, ici, sa place \u00e0 un pacemaker situ\u00e9 dans une r\u00e9gion comprise entre le n\u0153ud atrioventriculaire et la fin du tronc du faisceau de His.<\/p>\n<p>Ce west highland terrier pr\u00e9sente \u00e0 l&rsquo;\u00e9chocardiographie, une maladie valvulaire d\u00e9g\u00e9n\u00e9rative d\u00e9butante&nbsp; qui n&rsquo;est pas \u00e0 l&rsquo;origine de ce trouble du rythme.<\/p>\n<p>Selon l&#8217;emplacement du pacemaker jonctionnel, l&rsquo;onde P peut \u00eatre cach\u00e9e dans le QRS comme c&rsquo;est le cas ici, ou bien pr\u00e9c\u00e9der ou suivre de peu le QRS.<\/p>\n<p>Sur le trac\u00e9 ci-dessous r\u00e9alis\u00e9 48 h auparavant sur le m\u00eame chien, l&rsquo;onde P est visible mais l&rsquo;intervalle PR (50 ms) est trop court pour que l&rsquo;influx ait pris naissance dans le n\u0153ud sinusal.<\/p>\n<p><\/p>\n\n\n<figure class=\"wp-block-image size-large\"><img loading=\"lazy\" decoding=\"async\" width=\"691\" height=\"1024\" src=\"http:\/\/vet-ecg.ddns.net\/wp-content\/uploads\/rija-2a-691x1024.jpg\" alt=\"RIJA\nrythme idiojonctionnel acc\u00e9l\u00e9r\u00e9 caract\u00e9ris\u00e9 par un intervalle PR tr\u00e8s court\" class=\"wp-image-3234\" srcset=\"http:\/\/vet-ecg.ddns.net\/wp-content\/uploads\/rija-2a-691x1024.jpg 691w, http:\/\/vet-ecg.ddns.net\/wp-content\/uploads\/rija-2a-202x300.jpg 202w, http:\/\/vet-ecg.ddns.net\/wp-content\/uploads\/rija-2a-768x1138.jpg 768w, http:\/\/vet-ecg.ddns.net\/wp-content\/uploads\/rija-2a-1037x1536.jpg 1037w, http:\/\/vet-ecg.ddns.net\/wp-content\/uploads\/rija-2a-1382x2048.jpg 1382w, http:\/\/vet-ecg.ddns.net\/wp-content\/uploads\/rija-2a-scaled.jpg 1728w\" sizes=\"auto, (max-width: 691px) 100vw, 691px\" \/><figcaption>RIJA, intervalle PR trop court pour que le rythme soit d&rsquo;origine sinusale<\/figcaption><\/figure>\n","protected":false},"excerpt":{"rendered":"<p>Ce trac\u00e9 de rythme idiojonctionnel acc\u00e9l\u00e9r\u00e9 (RIJA) se caract\u00e9rise par un rythme tr\u00e8s r\u00e9gulier, sans arythmie respiratoire malgr\u00e9 une fr\u00e9quence peu \u00e9lev\u00e9e et surtout une absence d&rsquo;ondes P. Lorsqu&rsquo;un pacemaker jonctionnel acquiert une hyper-automaticit\u00e9 et devient plus rapide que le n\u0153ud sinusal, il prend les commandes \u00e0 la place de ce dernier. Le n\u0153ud sinusal &hellip; <a href=\"http:\/\/vet-ecg.ddns.net\/index.php\/rythme-idiojonctionnel-accelere\/\" class=\"more-link\">Continuer la lecture de <span class=\"screen-reader-text\">Rythme idiojonctionnel acc\u00e9l\u00e9r\u00e9<\/span><\/a><\/p>\n","protected":false},"author":1,"featured_media":0,"parent":0,"menu_order":0,"comment_status":"closed","ping_status":"closed","template":"","meta":{"footnotes":""},"class_list":["post-3232","page","type-page","status-publish","hentry"],"yoast_head":"<!-- This site is optimized with the Yoast SEO plugin v27.4 - https:\/\/yoast.com\/product\/yoast-seo-wordpress\/ -->\n<title>Rythme idiojonctionnel acc\u00e9l\u00e9r\u00e9 - Blog d&#039;\u00e9lectrocardiographie v\u00e9t\u00e9rinaire<\/title>\n<meta name=\"description\" content=\"Ce rythme jonctionnel acc\u00e9l\u00e9r\u00e9 (110 bpm) est caract\u00e9ris\u00e9 par une absence d&#039;ondes P et un rythme tr\u00e8s r\u00e9gulier.\" \/>\n<meta name=\"robots\" content=\"index, follow, max-snippet:-1, max-image-preview:large, max-video-preview:-1\" \/>\n<link rel=\"canonical\" href=\"http:\/\/vet-ecg.ddns.net\/index.php\/rythme-idiojonctionnel-accelere\/\" \/>\n<meta name=\"twitter:label1\" content=\"Dur\u00e9e de lecture estim\u00e9e\" \/>\n\t<meta name=\"twitter:data1\" content=\"2 minutes\" \/>\n<script type=\"application\/ld+json\" class=\"yoast-schema-graph\">{\"@context\":\"https:\\\/\\\/schema.org\",\"@graph\":[{\"@type\":\"WebPage\",\"@id\":\"http:\\\/\\\/vet-ecg.ddns.net\\\/index.php\\\/rythme-idiojonctionnel-accelere\\\/\",\"url\":\"http:\\\/\\\/vet-ecg.ddns.net\\\/index.php\\\/rythme-idiojonctionnel-accelere\\\/\",\"name\":\"Rythme idiojonctionnel acc\u00e9l\u00e9r\u00e9 - Blog d&#039;\u00e9lectrocardiographie v\u00e9t\u00e9rinaire\",\"isPartOf\":{\"@id\":\"http:\\\/\\\/vet-ecg.ddns.net\\\/#website\"},\"primaryImageOfPage\":{\"@id\":\"http:\\\/\\\/vet-ecg.ddns.net\\\/index.php\\\/rythme-idiojonctionnel-accelere\\\/#primaryimage\"},\"image\":{\"@id\":\"http:\\\/\\\/vet-ecg.ddns.net\\\/index.php\\\/rythme-idiojonctionnel-accelere\\\/#primaryimage\"},\"thumbnailUrl\":\"http:\\\/\\\/vet-ecg.ddns.net\\\/wp-content\\\/uploads\\\/rija-2-1024x592.jpg\",\"datePublished\":\"2021-05-06T09:47:17+00:00\",\"dateModified\":\"2021-05-06T09:51:14+00:00\",\"description\":\"Ce rythme jonctionnel acc\u00e9l\u00e9r\u00e9 (110 bpm) est caract\u00e9ris\u00e9 par une absence d'ondes P et un rythme tr\u00e8s r\u00e9gulier.\",\"breadcrumb\":{\"@id\":\"http:\\\/\\\/vet-ecg.ddns.net\\\/index.php\\\/rythme-idiojonctionnel-accelere\\\/#breadcrumb\"},\"inLanguage\":\"fr-FR\",\"potentialAction\":[{\"@type\":\"ReadAction\",\"target\":[\"http:\\\/\\\/vet-ecg.ddns.net\\\/index.php\\\/rythme-idiojonctionnel-accelere\\\/\"]}]},{\"@type\":\"ImageObject\",\"inLanguage\":\"fr-FR\",\"@id\":\"http:\\\/\\\/vet-ecg.ddns.net\\\/index.php\\\/rythme-idiojonctionnel-accelere\\\/#primaryimage\",\"url\":\"http:\\\/\\\/vet-ecg.ddns.net\\\/wp-content\\\/uploads\\\/rija-2.jpg\",\"contentUrl\":\"http:\\\/\\\/vet-ecg.ddns.net\\\/wp-content\\\/uploads\\\/rija-2.jpg\",\"width\":2400,\"height\":1387},{\"@type\":\"BreadcrumbList\",\"@id\":\"http:\\\/\\\/vet-ecg.ddns.net\\\/index.php\\\/rythme-idiojonctionnel-accelere\\\/#breadcrumb\",\"itemListElement\":[{\"@type\":\"ListItem\",\"position\":1,\"name\":\"Accueil\",\"item\":\"http:\\\/\\\/vet-ecg.ddns.net\\\/\"},{\"@type\":\"ListItem\",\"position\":2,\"name\":\"Rythme idiojonctionnel acc\u00e9l\u00e9r\u00e9\"}]},{\"@type\":\"WebSite\",\"@id\":\"http:\\\/\\\/vet-ecg.ddns.net\\\/#website\",\"url\":\"http:\\\/\\\/vet-ecg.ddns.net\\\/\",\"name\":\"Blog d&#039;\u00e9lectrocardiographie v\u00e9t\u00e9rinaire\",\"description\":\"recueil d&#039;ECG de chiens et de chats\",\"publisher\":{\"@id\":\"http:\\\/\\\/vet-ecg.ddns.net\\\/#\\\/schema\\\/person\\\/fec4070a47e235fed904fab73cae00b4\"},\"alternateName\":\"\u00e9lectrocardiographie v\u00e9t\u00e9rinaire\",\"potentialAction\":[{\"@type\":\"SearchAction\",\"target\":{\"@type\":\"EntryPoint\",\"urlTemplate\":\"http:\\\/\\\/vet-ecg.ddns.net\\\/?s={search_term_string}\"},\"query-input\":{\"@type\":\"PropertyValueSpecification\",\"valueRequired\":true,\"valueName\":\"search_term_string\"}}],\"inLanguage\":\"fr-FR\"},{\"@type\":[\"Person\",\"Organization\"],\"@id\":\"http:\\\/\\\/vet-ecg.ddns.net\\\/#\\\/schema\\\/person\\\/fec4070a47e235fed904fab73cae00b4\",\"name\":\"admin\",\"image\":{\"@type\":\"ImageObject\",\"inLanguage\":\"fr-FR\",\"@id\":\"http:\\\/\\\/vet-ecg.ddns.net\\\/wp-content\\\/uploads\\\/2018\\\/04\\\/Zelda-2-ECG-248.jpg\",\"url\":\"http:\\\/\\\/vet-ecg.ddns.net\\\/wp-content\\\/uploads\\\/2018\\\/04\\\/Zelda-2-ECG-248.jpg\",\"contentUrl\":\"http:\\\/\\\/vet-ecg.ddns.net\\\/wp-content\\\/uploads\\\/2018\\\/04\\\/Zelda-2-ECG-248.jpg\",\"width\":248,\"height\":248,\"caption\":\"admin\"},\"logo\":{\"@id\":\"http:\\\/\\\/vet-ecg.ddns.net\\\/wp-content\\\/uploads\\\/2018\\\/04\\\/Zelda-2-ECG-248.jpg\"},\"description\":\"Les trac\u00e9s publi\u00e9s sur ce site sont issus de diff\u00e9rentes cliniques v\u00e9t\u00e9rinaires de Paris et de sa banlieue durant les 10 derni\u00e8res ann\u00e9es. Les ECG r\u00e9alis\u00e9s ont \u00e9t\u00e9 r\u00e9alis\u00e9s sur des chiens et des chats qui ont tous b\u00e9n\u00e9fici\u00e9 d'une \u00e9chocardiographie.\"}]}<\/script>\n<!-- \/ Yoast SEO plugin. -->","yoast_head_json":{"title":"Rythme idiojonctionnel acc\u00e9l\u00e9r\u00e9 - Blog d&#039;\u00e9lectrocardiographie v\u00e9t\u00e9rinaire","description":"Ce rythme jonctionnel acc\u00e9l\u00e9r\u00e9 (110 bpm) est caract\u00e9ris\u00e9 par une absence d'ondes P et un rythme tr\u00e8s r\u00e9gulier.","robots":{"index":"index","follow":"follow","max-snippet":"max-snippet:-1","max-image-preview":"max-image-preview:large","max-video-preview":"max-video-preview:-1"},"canonical":"http:\/\/vet-ecg.ddns.net\/index.php\/rythme-idiojonctionnel-accelere\/","twitter_misc":{"Dur\u00e9e de lecture estim\u00e9e":"2 minutes"},"schema":{"@context":"https:\/\/schema.org","@graph":[{"@type":"WebPage","@id":"http:\/\/vet-ecg.ddns.net\/index.php\/rythme-idiojonctionnel-accelere\/","url":"http:\/\/vet-ecg.ddns.net\/index.php\/rythme-idiojonctionnel-accelere\/","name":"Rythme idiojonctionnel acc\u00e9l\u00e9r\u00e9 - Blog d&#039;\u00e9lectrocardiographie v\u00e9t\u00e9rinaire","isPartOf":{"@id":"http:\/\/vet-ecg.ddns.net\/#website"},"primaryImageOfPage":{"@id":"http:\/\/vet-ecg.ddns.net\/index.php\/rythme-idiojonctionnel-accelere\/#primaryimage"},"image":{"@id":"http:\/\/vet-ecg.ddns.net\/index.php\/rythme-idiojonctionnel-accelere\/#primaryimage"},"thumbnailUrl":"http:\/\/vet-ecg.ddns.net\/wp-content\/uploads\/rija-2-1024x592.jpg","datePublished":"2021-05-06T09:47:17+00:00","dateModified":"2021-05-06T09:51:14+00:00","description":"Ce rythme jonctionnel acc\u00e9l\u00e9r\u00e9 (110 bpm) est caract\u00e9ris\u00e9 par une absence d'ondes P et un rythme tr\u00e8s r\u00e9gulier.","breadcrumb":{"@id":"http:\/\/vet-ecg.ddns.net\/index.php\/rythme-idiojonctionnel-accelere\/#breadcrumb"},"inLanguage":"fr-FR","potentialAction":[{"@type":"ReadAction","target":["http:\/\/vet-ecg.ddns.net\/index.php\/rythme-idiojonctionnel-accelere\/"]}]},{"@type":"ImageObject","inLanguage":"fr-FR","@id":"http:\/\/vet-ecg.ddns.net\/index.php\/rythme-idiojonctionnel-accelere\/#primaryimage","url":"http:\/\/vet-ecg.ddns.net\/wp-content\/uploads\/rija-2.jpg","contentUrl":"http:\/\/vet-ecg.ddns.net\/wp-content\/uploads\/rija-2.jpg","width":2400,"height":1387},{"@type":"BreadcrumbList","@id":"http:\/\/vet-ecg.ddns.net\/index.php\/rythme-idiojonctionnel-accelere\/#breadcrumb","itemListElement":[{"@type":"ListItem","position":1,"name":"Accueil","item":"http:\/\/vet-ecg.ddns.net\/"},{"@type":"ListItem","position":2,"name":"Rythme idiojonctionnel acc\u00e9l\u00e9r\u00e9"}]},{"@type":"WebSite","@id":"http:\/\/vet-ecg.ddns.net\/#website","url":"http:\/\/vet-ecg.ddns.net\/","name":"Blog d&#039;\u00e9lectrocardiographie v\u00e9t\u00e9rinaire","description":"recueil d&#039;ECG de chiens et de chats","publisher":{"@id":"http:\/\/vet-ecg.ddns.net\/#\/schema\/person\/fec4070a47e235fed904fab73cae00b4"},"alternateName":"\u00e9lectrocardiographie v\u00e9t\u00e9rinaire","potentialAction":[{"@type":"SearchAction","target":{"@type":"EntryPoint","urlTemplate":"http:\/\/vet-ecg.ddns.net\/?s={search_term_string}"},"query-input":{"@type":"PropertyValueSpecification","valueRequired":true,"valueName":"search_term_string"}}],"inLanguage":"fr-FR"},{"@type":["Person","Organization"],"@id":"http:\/\/vet-ecg.ddns.net\/#\/schema\/person\/fec4070a47e235fed904fab73cae00b4","name":"admin","image":{"@type":"ImageObject","inLanguage":"fr-FR","@id":"http:\/\/vet-ecg.ddns.net\/wp-content\/uploads\/2018\/04\/Zelda-2-ECG-248.jpg","url":"http:\/\/vet-ecg.ddns.net\/wp-content\/uploads\/2018\/04\/Zelda-2-ECG-248.jpg","contentUrl":"http:\/\/vet-ecg.ddns.net\/wp-content\/uploads\/2018\/04\/Zelda-2-ECG-248.jpg","width":248,"height":248,"caption":"admin"},"logo":{"@id":"http:\/\/vet-ecg.ddns.net\/wp-content\/uploads\/2018\/04\/Zelda-2-ECG-248.jpg"},"description":"Les trac\u00e9s publi\u00e9s sur ce site sont issus de diff\u00e9rentes cliniques v\u00e9t\u00e9rinaires de Paris et de sa banlieue durant les 10 derni\u00e8res ann\u00e9es. Les ECG r\u00e9alis\u00e9s ont \u00e9t\u00e9 r\u00e9alis\u00e9s sur des chiens et des chats qui ont tous b\u00e9n\u00e9fici\u00e9 d'une \u00e9chocardiographie."}]}},"_links":{"self":[{"href":"http:\/\/vet-ecg.ddns.net\/index.php\/wp-json\/wp\/v2\/pages\/3232","targetHints":{"allow":["GET"]}}],"collection":[{"href":"http:\/\/vet-ecg.ddns.net\/index.php\/wp-json\/wp\/v2\/pages"}],"about":[{"href":"http:\/\/vet-ecg.ddns.net\/index.php\/wp-json\/wp\/v2\/types\/page"}],"author":[{"embeddable":true,"href":"http:\/\/vet-ecg.ddns.net\/index.php\/wp-json\/wp\/v2\/users\/1"}],"replies":[{"embeddable":true,"href":"http:\/\/vet-ecg.ddns.net\/index.php\/wp-json\/wp\/v2\/comments?post=3232"}],"version-history":[{"count":0,"href":"http:\/\/vet-ecg.ddns.net\/index.php\/wp-json\/wp\/v2\/pages\/3232\/revisions"}],"wp:attachment":[{"href":"http:\/\/vet-ecg.ddns.net\/index.php\/wp-json\/wp\/v2\/media?parent=3232"}],"curies":[{"name":"wp","href":"https:\/\/api.w.org\/{rel}","templated":true}]}}