{"id":3221,"date":"2021-04-24T17:43:35","date_gmt":"2021-04-24T15:43:35","guid":{"rendered":"http:\/\/vet-ecg.ddns.net\/?page_id=3221"},"modified":"2021-04-24T17:43:36","modified_gmt":"2021-04-24T15:43:36","slug":"extrasystoles-ventriculaires-et-ondes-p-bloquees","status":"publish","type":"page","link":"http:\/\/vet-ecg.ddns.net\/index.php\/extrasystoles-ventriculaires-et-ondes-p-bloquees\/","title":{"rendered":"Extrasystoles ventriculaires et ondes P bloqu\u00e9es"},"content":{"rendered":"\n<figure class=\"wp-block-image size-large\"><img loading=\"lazy\" decoding=\"async\" width=\"1024\" height=\"629\" src=\"http:\/\/vet-ecg.ddns.net\/wp-content\/uploads\/ESVetESA-1-1024x629.jpg\" alt=\"Extrasystoles ventriculaires et ondes P bloqu\u00e9es chez un chien atteint de valvulopathie avanc\u00e9e\" class=\"wp-image-3223\" srcset=\"http:\/\/vet-ecg.ddns.net\/wp-content\/uploads\/ESVetESA-1-1024x629.jpg 1024w, http:\/\/vet-ecg.ddns.net\/wp-content\/uploads\/ESVetESA-1-300x184.jpg 300w, http:\/\/vet-ecg.ddns.net\/wp-content\/uploads\/ESVetESA-1-768x472.jpg 768w, http:\/\/vet-ecg.ddns.net\/wp-content\/uploads\/ESVetESA-1-1536x944.jpg 1536w, http:\/\/vet-ecg.ddns.net\/wp-content\/uploads\/ESVetESA-1-2048x1259.jpg 2048w\" sizes=\"auto, (max-width: 1024px) 100vw, 1024px\" \/><figcaption>Extrasystoles ventriculaires (ESV) et ondes P bloqu\u00e9es<\/figcaption><\/figure>\n\n\n<p>Ce trac\u00e9 ce Cavalier King Charles de 8 kg montre des extrasystoles ventriculaires (ESV) parfois suivies d&rsquo; ondes P bloqu\u00e9es.<\/p>\n<p>L&rsquo;\u00e9tat g\u00e9n\u00e9ral du chien est satisfaisant\u00a0 malgr\u00e9 une insuffisance cardiaque globale (droite et gauche) due \u00e0\u00a0 une valvulopathie avanc\u00e9e (stade 3 ISAAHC).<\/p>\n<p>L&rsquo;ECG est enregistr\u00e9 en 5 mm\/mV en raison de l&rsquo;importante dilatation cavitaire visualis\u00e9e lors de l&rsquo;\u00e9chocardiographie. L&rsquo;animal est lourdement m\u00e9dicament\u00e9 ce qui peut expliquer une fr\u00e9quence cardiaque normale.<\/p>\n<p>Il existe un repos compensateur apr\u00e8s chaque extrasystole ventriculaire mais on remarque que, parfois, l&rsquo;influx\u00a0 issu du n\u0153ud sinusal (2 ondes P situ\u00e9es apr\u00e8s certaines ESV) ne parvient pas \u00e0 d\u00e9polariser les ventricules car ceux-ci ne sont pas encore compl\u00e8tement sortis de leur p\u00e9riode r\u00e9fractaire.<\/p>\n\n\n<p><\/p>\n","protected":false},"excerpt":{"rendered":"<p>Ce trac\u00e9 ce Cavalier King Charles de 8 kg montre des extrasystoles ventriculaires (ESV) parfois suivies d&rsquo; ondes P bloqu\u00e9es. L&rsquo;\u00e9tat g\u00e9n\u00e9ral du chien est satisfaisant\u00a0 malgr\u00e9 une insuffisance cardiaque globale (droite et gauche) due \u00e0\u00a0 une valvulopathie avanc\u00e9e (stade 3 ISAAHC). L&rsquo;ECG est enregistr\u00e9 en 5 mm\/mV en raison de l&rsquo;importante dilatation cavitaire visualis\u00e9e &hellip; <a href=\"http:\/\/vet-ecg.ddns.net\/index.php\/extrasystoles-ventriculaires-et-ondes-p-bloquees\/\" class=\"more-link\">Continuer la lecture de <span class=\"screen-reader-text\">Extrasystoles ventriculaires et ondes P bloqu\u00e9es<\/span><\/a><\/p>\n","protected":false},"author":1,"featured_media":0,"parent":0,"menu_order":0,"comment_status":"closed","ping_status":"closed","template":"","meta":{"footnotes":""},"class_list":["post-3221","page","type-page","status-publish","hentry"],"yoast_head":"<!-- This site is optimized with the Yoast SEO plugin v27.4 - https:\/\/yoast.com\/product\/yoast-seo-wordpress\/ -->\n<title>Extrasystoles ventriculaires et ondes P bloqu\u00e9es - Blog d&#039;\u00e9lectrocardiographie v\u00e9t\u00e9rinaire<\/title>\n<meta name=\"description\" content=\"Extrasystoles ventriculaires et ondes P bloqu\u00e9es chez un cavalier king charles atteint de valvulopathie de stade 3 (ISAAHC)\" \/>\n<meta name=\"robots\" content=\"index, follow, max-snippet:-1, max-image-preview:large, max-video-preview:-1\" \/>\n<link rel=\"canonical\" href=\"http:\/\/vet-ecg.ddns.net\/index.php\/extrasystoles-ventriculaires-et-ondes-p-bloquees\/\" \/>\n<meta name=\"twitter:label1\" content=\"Dur\u00e9e de lecture estim\u00e9e\" \/>\n\t<meta name=\"twitter:data1\" content=\"1 minute\" \/>\n<script type=\"application\/ld+json\" class=\"yoast-schema-graph\">{\"@context\":\"https:\\\/\\\/schema.org\",\"@graph\":[{\"@type\":\"WebPage\",\"@id\":\"http:\\\/\\\/vet-ecg.ddns.net\\\/index.php\\\/extrasystoles-ventriculaires-et-ondes-p-bloquees\\\/\",\"url\":\"http:\\\/\\\/vet-ecg.ddns.net\\\/index.php\\\/extrasystoles-ventriculaires-et-ondes-p-bloquees\\\/\",\"name\":\"Extrasystoles ventriculaires et ondes P bloqu\u00e9es - Blog d&#039;\u00e9lectrocardiographie v\u00e9t\u00e9rinaire\",\"isPartOf\":{\"@id\":\"http:\\\/\\\/vet-ecg.ddns.net\\\/#website\"},\"primaryImageOfPage\":{\"@id\":\"http:\\\/\\\/vet-ecg.ddns.net\\\/index.php\\\/extrasystoles-ventriculaires-et-ondes-p-bloquees\\\/#primaryimage\"},\"image\":{\"@id\":\"http:\\\/\\\/vet-ecg.ddns.net\\\/index.php\\\/extrasystoles-ventriculaires-et-ondes-p-bloquees\\\/#primaryimage\"},\"thumbnailUrl\":\"http:\\\/\\\/vet-ecg.ddns.net\\\/wp-content\\\/uploads\\\/ESVetESA-1-1024x629.jpg\",\"datePublished\":\"2021-04-24T15:43:35+00:00\",\"dateModified\":\"2021-04-24T15:43:36+00:00\",\"description\":\"Extrasystoles ventriculaires et ondes P bloqu\u00e9es chez un cavalier king charles atteint de valvulopathie de stade 3 (ISAAHC)\",\"breadcrumb\":{\"@id\":\"http:\\\/\\\/vet-ecg.ddns.net\\\/index.php\\\/extrasystoles-ventriculaires-et-ondes-p-bloquees\\\/#breadcrumb\"},\"inLanguage\":\"fr-FR\",\"potentialAction\":[{\"@type\":\"ReadAction\",\"target\":[\"http:\\\/\\\/vet-ecg.ddns.net\\\/index.php\\\/extrasystoles-ventriculaires-et-ondes-p-bloquees\\\/\"]}]},{\"@type\":\"ImageObject\",\"inLanguage\":\"fr-FR\",\"@id\":\"http:\\\/\\\/vet-ecg.ddns.net\\\/index.php\\\/extrasystoles-ventriculaires-et-ondes-p-bloquees\\\/#primaryimage\",\"url\":\"http:\\\/\\\/vet-ecg.ddns.net\\\/wp-content\\\/uploads\\\/ESVetESA-1.jpg\",\"contentUrl\":\"http:\\\/\\\/vet-ecg.ddns.net\\\/wp-content\\\/uploads\\\/ESVetESA-1.jpg\",\"width\":2550,\"height\":1567,\"caption\":\"Created with GIMP\"},{\"@type\":\"BreadcrumbList\",\"@id\":\"http:\\\/\\\/vet-ecg.ddns.net\\\/index.php\\\/extrasystoles-ventriculaires-et-ondes-p-bloquees\\\/#breadcrumb\",\"itemListElement\":[{\"@type\":\"ListItem\",\"position\":1,\"name\":\"Accueil\",\"item\":\"http:\\\/\\\/vet-ecg.ddns.net\\\/\"},{\"@type\":\"ListItem\",\"position\":2,\"name\":\"Extrasystoles ventriculaires et ondes P bloqu\u00e9es\"}]},{\"@type\":\"WebSite\",\"@id\":\"http:\\\/\\\/vet-ecg.ddns.net\\\/#website\",\"url\":\"http:\\\/\\\/vet-ecg.ddns.net\\\/\",\"name\":\"Blog d&#039;\u00e9lectrocardiographie v\u00e9t\u00e9rinaire\",\"description\":\"recueil d&#039;ECG de chiens et de chats\",\"publisher\":{\"@id\":\"http:\\\/\\\/vet-ecg.ddns.net\\\/#\\\/schema\\\/person\\\/fec4070a47e235fed904fab73cae00b4\"},\"alternateName\":\"\u00e9lectrocardiographie v\u00e9t\u00e9rinaire\",\"potentialAction\":[{\"@type\":\"SearchAction\",\"target\":{\"@type\":\"EntryPoint\",\"urlTemplate\":\"http:\\\/\\\/vet-ecg.ddns.net\\\/?s={search_term_string}\"},\"query-input\":{\"@type\":\"PropertyValueSpecification\",\"valueRequired\":true,\"valueName\":\"search_term_string\"}}],\"inLanguage\":\"fr-FR\"},{\"@type\":[\"Person\",\"Organization\"],\"@id\":\"http:\\\/\\\/vet-ecg.ddns.net\\\/#\\\/schema\\\/person\\\/fec4070a47e235fed904fab73cae00b4\",\"name\":\"admin\",\"image\":{\"@type\":\"ImageObject\",\"inLanguage\":\"fr-FR\",\"@id\":\"http:\\\/\\\/vet-ecg.ddns.net\\\/wp-content\\\/uploads\\\/2018\\\/04\\\/Zelda-2-ECG-248.jpg\",\"url\":\"http:\\\/\\\/vet-ecg.ddns.net\\\/wp-content\\\/uploads\\\/2018\\\/04\\\/Zelda-2-ECG-248.jpg\",\"contentUrl\":\"http:\\\/\\\/vet-ecg.ddns.net\\\/wp-content\\\/uploads\\\/2018\\\/04\\\/Zelda-2-ECG-248.jpg\",\"width\":248,\"height\":248,\"caption\":\"admin\"},\"logo\":{\"@id\":\"http:\\\/\\\/vet-ecg.ddns.net\\\/wp-content\\\/uploads\\\/2018\\\/04\\\/Zelda-2-ECG-248.jpg\"},\"description\":\"Les trac\u00e9s publi\u00e9s sur ce site sont issus de diff\u00e9rentes cliniques v\u00e9t\u00e9rinaires de Paris et de sa banlieue durant les 10 derni\u00e8res ann\u00e9es. Les ECG r\u00e9alis\u00e9s ont \u00e9t\u00e9 r\u00e9alis\u00e9s sur des chiens et des chats qui ont tous b\u00e9n\u00e9fici\u00e9 d'une \u00e9chocardiographie.\"}]}<\/script>\n<!-- \/ Yoast SEO plugin. -->","yoast_head_json":{"title":"Extrasystoles ventriculaires et ondes P bloqu\u00e9es - Blog d&#039;\u00e9lectrocardiographie v\u00e9t\u00e9rinaire","description":"Extrasystoles ventriculaires et ondes P bloqu\u00e9es chez un cavalier king charles atteint de valvulopathie de stade 3 (ISAAHC)","robots":{"index":"index","follow":"follow","max-snippet":"max-snippet:-1","max-image-preview":"max-image-preview:large","max-video-preview":"max-video-preview:-1"},"canonical":"http:\/\/vet-ecg.ddns.net\/index.php\/extrasystoles-ventriculaires-et-ondes-p-bloquees\/","twitter_misc":{"Dur\u00e9e de lecture estim\u00e9e":"1 minute"},"schema":{"@context":"https:\/\/schema.org","@graph":[{"@type":"WebPage","@id":"http:\/\/vet-ecg.ddns.net\/index.php\/extrasystoles-ventriculaires-et-ondes-p-bloquees\/","url":"http:\/\/vet-ecg.ddns.net\/index.php\/extrasystoles-ventriculaires-et-ondes-p-bloquees\/","name":"Extrasystoles ventriculaires et ondes P bloqu\u00e9es - Blog d&#039;\u00e9lectrocardiographie v\u00e9t\u00e9rinaire","isPartOf":{"@id":"http:\/\/vet-ecg.ddns.net\/#website"},"primaryImageOfPage":{"@id":"http:\/\/vet-ecg.ddns.net\/index.php\/extrasystoles-ventriculaires-et-ondes-p-bloquees\/#primaryimage"},"image":{"@id":"http:\/\/vet-ecg.ddns.net\/index.php\/extrasystoles-ventriculaires-et-ondes-p-bloquees\/#primaryimage"},"thumbnailUrl":"http:\/\/vet-ecg.ddns.net\/wp-content\/uploads\/ESVetESA-1-1024x629.jpg","datePublished":"2021-04-24T15:43:35+00:00","dateModified":"2021-04-24T15:43:36+00:00","description":"Extrasystoles ventriculaires et ondes P bloqu\u00e9es chez un cavalier king charles atteint de valvulopathie de stade 3 (ISAAHC)","breadcrumb":{"@id":"http:\/\/vet-ecg.ddns.net\/index.php\/extrasystoles-ventriculaires-et-ondes-p-bloquees\/#breadcrumb"},"inLanguage":"fr-FR","potentialAction":[{"@type":"ReadAction","target":["http:\/\/vet-ecg.ddns.net\/index.php\/extrasystoles-ventriculaires-et-ondes-p-bloquees\/"]}]},{"@type":"ImageObject","inLanguage":"fr-FR","@id":"http:\/\/vet-ecg.ddns.net\/index.php\/extrasystoles-ventriculaires-et-ondes-p-bloquees\/#primaryimage","url":"http:\/\/vet-ecg.ddns.net\/wp-content\/uploads\/ESVetESA-1.jpg","contentUrl":"http:\/\/vet-ecg.ddns.net\/wp-content\/uploads\/ESVetESA-1.jpg","width":2550,"height":1567,"caption":"Created with GIMP"},{"@type":"BreadcrumbList","@id":"http:\/\/vet-ecg.ddns.net\/index.php\/extrasystoles-ventriculaires-et-ondes-p-bloquees\/#breadcrumb","itemListElement":[{"@type":"ListItem","position":1,"name":"Accueil","item":"http:\/\/vet-ecg.ddns.net\/"},{"@type":"ListItem","position":2,"name":"Extrasystoles ventriculaires et ondes P bloqu\u00e9es"}]},{"@type":"WebSite","@id":"http:\/\/vet-ecg.ddns.net\/#website","url":"http:\/\/vet-ecg.ddns.net\/","name":"Blog d&#039;\u00e9lectrocardiographie v\u00e9t\u00e9rinaire","description":"recueil d&#039;ECG de chiens et de chats","publisher":{"@id":"http:\/\/vet-ecg.ddns.net\/#\/schema\/person\/fec4070a47e235fed904fab73cae00b4"},"alternateName":"\u00e9lectrocardiographie v\u00e9t\u00e9rinaire","potentialAction":[{"@type":"SearchAction","target":{"@type":"EntryPoint","urlTemplate":"http:\/\/vet-ecg.ddns.net\/?s={search_term_string}"},"query-input":{"@type":"PropertyValueSpecification","valueRequired":true,"valueName":"search_term_string"}}],"inLanguage":"fr-FR"},{"@type":["Person","Organization"],"@id":"http:\/\/vet-ecg.ddns.net\/#\/schema\/person\/fec4070a47e235fed904fab73cae00b4","name":"admin","image":{"@type":"ImageObject","inLanguage":"fr-FR","@id":"http:\/\/vet-ecg.ddns.net\/wp-content\/uploads\/2018\/04\/Zelda-2-ECG-248.jpg","url":"http:\/\/vet-ecg.ddns.net\/wp-content\/uploads\/2018\/04\/Zelda-2-ECG-248.jpg","contentUrl":"http:\/\/vet-ecg.ddns.net\/wp-content\/uploads\/2018\/04\/Zelda-2-ECG-248.jpg","width":248,"height":248,"caption":"admin"},"logo":{"@id":"http:\/\/vet-ecg.ddns.net\/wp-content\/uploads\/2018\/04\/Zelda-2-ECG-248.jpg"},"description":"Les trac\u00e9s publi\u00e9s sur ce site sont issus de diff\u00e9rentes cliniques v\u00e9t\u00e9rinaires de Paris et de sa banlieue durant les 10 derni\u00e8res ann\u00e9es. Les ECG r\u00e9alis\u00e9s ont \u00e9t\u00e9 r\u00e9alis\u00e9s sur des chiens et des chats qui ont tous b\u00e9n\u00e9fici\u00e9 d'une \u00e9chocardiographie."}]}},"_links":{"self":[{"href":"http:\/\/vet-ecg.ddns.net\/index.php\/wp-json\/wp\/v2\/pages\/3221","targetHints":{"allow":["GET"]}}],"collection":[{"href":"http:\/\/vet-ecg.ddns.net\/index.php\/wp-json\/wp\/v2\/pages"}],"about":[{"href":"http:\/\/vet-ecg.ddns.net\/index.php\/wp-json\/wp\/v2\/types\/page"}],"author":[{"embeddable":true,"href":"http:\/\/vet-ecg.ddns.net\/index.php\/wp-json\/wp\/v2\/users\/1"}],"replies":[{"embeddable":true,"href":"http:\/\/vet-ecg.ddns.net\/index.php\/wp-json\/wp\/v2\/comments?post=3221"}],"version-history":[{"count":0,"href":"http:\/\/vet-ecg.ddns.net\/index.php\/wp-json\/wp\/v2\/pages\/3221\/revisions"}],"wp:attachment":[{"href":"http:\/\/vet-ecg.ddns.net\/index.php\/wp-json\/wp\/v2\/media?parent=3221"}],"curies":[{"name":"wp","href":"https:\/\/api.w.org\/{rel}","templated":true}]}}