{"id":3167,"date":"2020-10-15T11:37:04","date_gmt":"2020-10-15T09:37:04","guid":{"rendered":"http:\/\/vet-ecg.ddns.net\/?page_id=3167"},"modified":"2020-10-15T11:44:04","modified_gmt":"2020-10-15T09:44:04","slug":"bloc-de-branche-gauche","status":"publish","type":"page","link":"http:\/\/vet-ecg.ddns.net\/index.php\/bloc-de-branche-gauche\/","title":{"rendered":"Bloc de branche gauche"},"content":{"rendered":"\n<figure class=\"wp-block-image size-large\"><img loading=\"lazy\" decoding=\"async\" width=\"761\" height=\"1024\" src=\"http:\/\/vet-ecg.ddns.net\/wp-content\/uploads\/BBG-761x1024.jpg\" alt=\"Bloc de branche gauche chez un spitz de 14 ans\" class=\"wp-image-3168\" srcset=\"http:\/\/vet-ecg.ddns.net\/wp-content\/uploads\/BBG-761x1024.jpg 761w, http:\/\/vet-ecg.ddns.net\/wp-content\/uploads\/BBG-223x300.jpg 223w, http:\/\/vet-ecg.ddns.net\/wp-content\/uploads\/BBG-768x1034.jpg 768w, http:\/\/vet-ecg.ddns.net\/wp-content\/uploads\/BBG-1141x1536.jpg 1141w, http:\/\/vet-ecg.ddns.net\/wp-content\/uploads\/BBG-1521x2048.jpg 1521w, http:\/\/vet-ecg.ddns.net\/wp-content\/uploads\/BBG.jpg 1634w\" sizes=\"auto, (max-width: 761px) 100vw, 761px\" \/><figcaption>Bloc de branche gauche<\/figcaption><\/figure>\n\n\n<p>Ce spitz de 14 ans pr\u00e9sentant un l\u00e9ger embonpoint (5 kg) est pr\u00e9sent\u00e9 pour essoufflement \u00e0 l&rsquo;effort.<\/p>\n<p>L&rsquo;\u00e9tat g\u00e9n\u00e9ral est bon, il ne tousse pas.<\/p>\n<p>L&rsquo;\u00e9chocardiographie ne met en \u00e9vidence aucune anomalie du c\u0153ur gauche. L&rsquo;examen r\u00e9v\u00e8le un tronc pulmonaire mod\u00e9r\u00e9ment dilat\u00e9, t\u00e9moin d&rsquo;une hypertension art\u00e9rielle pulmonaire.<\/p>\n<p>L&rsquo;ECG montre un rythme sinusal, cependant la morphologie des QRS est inhabituelle pour un chien de 5 kg indemne de cardiopathie gauche.<\/p>\n<p>En effet, la dur\u00e9e de QRS atteint 75 ms alors qu&rsquo;elle devrait \u00eatre inf\u00e9rieure \u00e0 50 ms. On remarque par ailleurs, un crochetage du sommet de l&rsquo;onde R qui refl\u00e8te l&rsquo;asynchronisme des deux ventricules. Les ondes T sont oppos\u00e9es aux QRS.<\/p>\n<p>Le bloc de branche gauche (BBG) se rencontre plus rarement que le bloc de branche droit. L&rsquo;origine n&rsquo;est g\u00e9n\u00e9ralement pas retrouv\u00e9e. Ce trouble de la conduction situ\u00e9 dans la branche gauche du faisceau de His peut aboutir \u00e0 une dysfonction systolique et aggraver ou d\u00e9clencher une insuffisance cardiaque.<\/p>\n<p>Le diagnostic diff\u00e9rentiel d&rsquo;avec une hypertrophie ventriculaire gauche\u00a0 est, ici, facilit\u00e9 par la pr\u00e9sence d&rsquo;une onde P pointue que l&rsquo;on ne rencontre pas dans les cardiopathies gauches. D&rsquo;autre part,\u00a0 l&rsquo;\u00e9largissement des QRS est trop marqu\u00e9 (pour un chien de 5 kg) pour correspondre \u00e0 une hypertrophie ventriculaire gauche.<\/p>","protected":false},"excerpt":{"rendered":"<p>Ce spitz de 14 ans pr\u00e9sentant un l\u00e9ger embonpoint (5 kg) est pr\u00e9sent\u00e9 pour essoufflement \u00e0 l&rsquo;effort. L&rsquo;\u00e9tat g\u00e9n\u00e9ral est bon, il ne tousse pas. L&rsquo;\u00e9chocardiographie ne met en \u00e9vidence aucune anomalie du c\u0153ur gauche. L&rsquo;examen r\u00e9v\u00e8le un tronc pulmonaire mod\u00e9r\u00e9ment dilat\u00e9, t\u00e9moin d&rsquo;une hypertension art\u00e9rielle pulmonaire. L&rsquo;ECG montre un rythme sinusal, cependant la morphologie &hellip; <a href=\"http:\/\/vet-ecg.ddns.net\/index.php\/bloc-de-branche-gauche\/\" class=\"more-link\">Continuer la lecture de <span class=\"screen-reader-text\">Bloc de branche gauche<\/span><\/a><\/p>\n","protected":false},"author":1,"featured_media":0,"parent":0,"menu_order":0,"comment_status":"closed","ping_status":"closed","template":"","meta":{"footnotes":""},"class_list":["post-3167","page","type-page","status-publish","hentry"],"yoast_head":"<!-- This site is optimized with the Yoast SEO plugin v27.4 - https:\/\/yoast.com\/product\/yoast-seo-wordpress\/ -->\n<title>Bloc de branche gauche - Blog d&#039;\u00e9lectrocardiographie v\u00e9t\u00e9rinaire<\/title>\n<meta name=\"description\" content=\"Bloc de branche gauche chez un spitz de 14 ans sans atteinte du coeur gauche. La dur\u00e9e des QRS atteint 75 ms chez ce chien de 5 kg.\" \/>\n<meta name=\"robots\" content=\"index, follow, max-snippet:-1, max-image-preview:large, max-video-preview:-1\" \/>\n<link rel=\"canonical\" href=\"http:\/\/vet-ecg.ddns.net\/index.php\/bloc-de-branche-gauche\/\" \/>\n<meta name=\"twitter:label1\" content=\"Dur\u00e9e de lecture estim\u00e9e\" \/>\n\t<meta name=\"twitter:data1\" content=\"1 minute\" \/>\n<script type=\"application\/ld+json\" class=\"yoast-schema-graph\">{\"@context\":\"https:\\\/\\\/schema.org\",\"@graph\":[{\"@type\":\"WebPage\",\"@id\":\"http:\\\/\\\/vet-ecg.ddns.net\\\/index.php\\\/bloc-de-branche-gauche\\\/\",\"url\":\"http:\\\/\\\/vet-ecg.ddns.net\\\/index.php\\\/bloc-de-branche-gauche\\\/\",\"name\":\"Bloc de branche gauche - Blog d&#039;\u00e9lectrocardiographie v\u00e9t\u00e9rinaire\",\"isPartOf\":{\"@id\":\"http:\\\/\\\/vet-ecg.ddns.net\\\/#website\"},\"primaryImageOfPage\":{\"@id\":\"http:\\\/\\\/vet-ecg.ddns.net\\\/index.php\\\/bloc-de-branche-gauche\\\/#primaryimage\"},\"image\":{\"@id\":\"http:\\\/\\\/vet-ecg.ddns.net\\\/index.php\\\/bloc-de-branche-gauche\\\/#primaryimage\"},\"thumbnailUrl\":\"http:\\\/\\\/vet-ecg.ddns.net\\\/wp-content\\\/uploads\\\/BBG-761x1024.jpg\",\"datePublished\":\"2020-10-15T09:37:04+00:00\",\"dateModified\":\"2020-10-15T09:44:04+00:00\",\"description\":\"Bloc de branche gauche chez un spitz de 14 ans sans atteinte du coeur gauche. La dur\u00e9e des QRS atteint 75 ms chez ce chien de 5 kg.\",\"breadcrumb\":{\"@id\":\"http:\\\/\\\/vet-ecg.ddns.net\\\/index.php\\\/bloc-de-branche-gauche\\\/#breadcrumb\"},\"inLanguage\":\"fr-FR\",\"potentialAction\":[{\"@type\":\"ReadAction\",\"target\":[\"http:\\\/\\\/vet-ecg.ddns.net\\\/index.php\\\/bloc-de-branche-gauche\\\/\"]}]},{\"@type\":\"ImageObject\",\"inLanguage\":\"fr-FR\",\"@id\":\"http:\\\/\\\/vet-ecg.ddns.net\\\/index.php\\\/bloc-de-branche-gauche\\\/#primaryimage\",\"url\":\"http:\\\/\\\/vet-ecg.ddns.net\\\/wp-content\\\/uploads\\\/BBG.jpg\",\"contentUrl\":\"http:\\\/\\\/vet-ecg.ddns.net\\\/wp-content\\\/uploads\\\/BBG.jpg\",\"width\":1634,\"height\":2200},{\"@type\":\"BreadcrumbList\",\"@id\":\"http:\\\/\\\/vet-ecg.ddns.net\\\/index.php\\\/bloc-de-branche-gauche\\\/#breadcrumb\",\"itemListElement\":[{\"@type\":\"ListItem\",\"position\":1,\"name\":\"Accueil\",\"item\":\"http:\\\/\\\/vet-ecg.ddns.net\\\/\"},{\"@type\":\"ListItem\",\"position\":2,\"name\":\"Bloc de branche gauche\"}]},{\"@type\":\"WebSite\",\"@id\":\"http:\\\/\\\/vet-ecg.ddns.net\\\/#website\",\"url\":\"http:\\\/\\\/vet-ecg.ddns.net\\\/\",\"name\":\"Blog d&#039;\u00e9lectrocardiographie v\u00e9t\u00e9rinaire\",\"description\":\"recueil d&#039;ECG de chiens et de chats\",\"publisher\":{\"@id\":\"http:\\\/\\\/vet-ecg.ddns.net\\\/#\\\/schema\\\/person\\\/fec4070a47e235fed904fab73cae00b4\"},\"alternateName\":\"\u00e9lectrocardiographie v\u00e9t\u00e9rinaire\",\"potentialAction\":[{\"@type\":\"SearchAction\",\"target\":{\"@type\":\"EntryPoint\",\"urlTemplate\":\"http:\\\/\\\/vet-ecg.ddns.net\\\/?s={search_term_string}\"},\"query-input\":{\"@type\":\"PropertyValueSpecification\",\"valueRequired\":true,\"valueName\":\"search_term_string\"}}],\"inLanguage\":\"fr-FR\"},{\"@type\":[\"Person\",\"Organization\"],\"@id\":\"http:\\\/\\\/vet-ecg.ddns.net\\\/#\\\/schema\\\/person\\\/fec4070a47e235fed904fab73cae00b4\",\"name\":\"admin\",\"image\":{\"@type\":\"ImageObject\",\"inLanguage\":\"fr-FR\",\"@id\":\"http:\\\/\\\/vet-ecg.ddns.net\\\/wp-content\\\/uploads\\\/2018\\\/04\\\/Zelda-2-ECG-248.jpg\",\"url\":\"http:\\\/\\\/vet-ecg.ddns.net\\\/wp-content\\\/uploads\\\/2018\\\/04\\\/Zelda-2-ECG-248.jpg\",\"contentUrl\":\"http:\\\/\\\/vet-ecg.ddns.net\\\/wp-content\\\/uploads\\\/2018\\\/04\\\/Zelda-2-ECG-248.jpg\",\"width\":248,\"height\":248,\"caption\":\"admin\"},\"logo\":{\"@id\":\"http:\\\/\\\/vet-ecg.ddns.net\\\/wp-content\\\/uploads\\\/2018\\\/04\\\/Zelda-2-ECG-248.jpg\"},\"description\":\"Les trac\u00e9s publi\u00e9s sur ce site sont issus de diff\u00e9rentes cliniques v\u00e9t\u00e9rinaires de Paris et de sa banlieue durant les 10 derni\u00e8res ann\u00e9es. Les ECG r\u00e9alis\u00e9s ont \u00e9t\u00e9 r\u00e9alis\u00e9s sur des chiens et des chats qui ont tous b\u00e9n\u00e9fici\u00e9 d'une \u00e9chocardiographie.\"}]}<\/script>\n<!-- \/ Yoast SEO plugin. -->","yoast_head_json":{"title":"Bloc de branche gauche - Blog d&#039;\u00e9lectrocardiographie v\u00e9t\u00e9rinaire","description":"Bloc de branche gauche chez un spitz de 14 ans sans atteinte du coeur gauche. La dur\u00e9e des QRS atteint 75 ms chez ce chien de 5 kg.","robots":{"index":"index","follow":"follow","max-snippet":"max-snippet:-1","max-image-preview":"max-image-preview:large","max-video-preview":"max-video-preview:-1"},"canonical":"http:\/\/vet-ecg.ddns.net\/index.php\/bloc-de-branche-gauche\/","twitter_misc":{"Dur\u00e9e de lecture estim\u00e9e":"1 minute"},"schema":{"@context":"https:\/\/schema.org","@graph":[{"@type":"WebPage","@id":"http:\/\/vet-ecg.ddns.net\/index.php\/bloc-de-branche-gauche\/","url":"http:\/\/vet-ecg.ddns.net\/index.php\/bloc-de-branche-gauche\/","name":"Bloc de branche gauche - Blog d&#039;\u00e9lectrocardiographie v\u00e9t\u00e9rinaire","isPartOf":{"@id":"http:\/\/vet-ecg.ddns.net\/#website"},"primaryImageOfPage":{"@id":"http:\/\/vet-ecg.ddns.net\/index.php\/bloc-de-branche-gauche\/#primaryimage"},"image":{"@id":"http:\/\/vet-ecg.ddns.net\/index.php\/bloc-de-branche-gauche\/#primaryimage"},"thumbnailUrl":"http:\/\/vet-ecg.ddns.net\/wp-content\/uploads\/BBG-761x1024.jpg","datePublished":"2020-10-15T09:37:04+00:00","dateModified":"2020-10-15T09:44:04+00:00","description":"Bloc de branche gauche chez un spitz de 14 ans sans atteinte du coeur gauche. La dur\u00e9e des QRS atteint 75 ms chez ce chien de 5 kg.","breadcrumb":{"@id":"http:\/\/vet-ecg.ddns.net\/index.php\/bloc-de-branche-gauche\/#breadcrumb"},"inLanguage":"fr-FR","potentialAction":[{"@type":"ReadAction","target":["http:\/\/vet-ecg.ddns.net\/index.php\/bloc-de-branche-gauche\/"]}]},{"@type":"ImageObject","inLanguage":"fr-FR","@id":"http:\/\/vet-ecg.ddns.net\/index.php\/bloc-de-branche-gauche\/#primaryimage","url":"http:\/\/vet-ecg.ddns.net\/wp-content\/uploads\/BBG.jpg","contentUrl":"http:\/\/vet-ecg.ddns.net\/wp-content\/uploads\/BBG.jpg","width":1634,"height":2200},{"@type":"BreadcrumbList","@id":"http:\/\/vet-ecg.ddns.net\/index.php\/bloc-de-branche-gauche\/#breadcrumb","itemListElement":[{"@type":"ListItem","position":1,"name":"Accueil","item":"http:\/\/vet-ecg.ddns.net\/"},{"@type":"ListItem","position":2,"name":"Bloc de branche gauche"}]},{"@type":"WebSite","@id":"http:\/\/vet-ecg.ddns.net\/#website","url":"http:\/\/vet-ecg.ddns.net\/","name":"Blog d&#039;\u00e9lectrocardiographie v\u00e9t\u00e9rinaire","description":"recueil d&#039;ECG de chiens et de chats","publisher":{"@id":"http:\/\/vet-ecg.ddns.net\/#\/schema\/person\/fec4070a47e235fed904fab73cae00b4"},"alternateName":"\u00e9lectrocardiographie v\u00e9t\u00e9rinaire","potentialAction":[{"@type":"SearchAction","target":{"@type":"EntryPoint","urlTemplate":"http:\/\/vet-ecg.ddns.net\/?s={search_term_string}"},"query-input":{"@type":"PropertyValueSpecification","valueRequired":true,"valueName":"search_term_string"}}],"inLanguage":"fr-FR"},{"@type":["Person","Organization"],"@id":"http:\/\/vet-ecg.ddns.net\/#\/schema\/person\/fec4070a47e235fed904fab73cae00b4","name":"admin","image":{"@type":"ImageObject","inLanguage":"fr-FR","@id":"http:\/\/vet-ecg.ddns.net\/wp-content\/uploads\/2018\/04\/Zelda-2-ECG-248.jpg","url":"http:\/\/vet-ecg.ddns.net\/wp-content\/uploads\/2018\/04\/Zelda-2-ECG-248.jpg","contentUrl":"http:\/\/vet-ecg.ddns.net\/wp-content\/uploads\/2018\/04\/Zelda-2-ECG-248.jpg","width":248,"height":248,"caption":"admin"},"logo":{"@id":"http:\/\/vet-ecg.ddns.net\/wp-content\/uploads\/2018\/04\/Zelda-2-ECG-248.jpg"},"description":"Les trac\u00e9s publi\u00e9s sur ce site sont issus de diff\u00e9rentes cliniques v\u00e9t\u00e9rinaires de Paris et de sa banlieue durant les 10 derni\u00e8res ann\u00e9es. Les ECG r\u00e9alis\u00e9s ont \u00e9t\u00e9 r\u00e9alis\u00e9s sur des chiens et des chats qui ont tous b\u00e9n\u00e9fici\u00e9 d'une \u00e9chocardiographie."}]}},"_links":{"self":[{"href":"http:\/\/vet-ecg.ddns.net\/index.php\/wp-json\/wp\/v2\/pages\/3167","targetHints":{"allow":["GET"]}}],"collection":[{"href":"http:\/\/vet-ecg.ddns.net\/index.php\/wp-json\/wp\/v2\/pages"}],"about":[{"href":"http:\/\/vet-ecg.ddns.net\/index.php\/wp-json\/wp\/v2\/types\/page"}],"author":[{"embeddable":true,"href":"http:\/\/vet-ecg.ddns.net\/index.php\/wp-json\/wp\/v2\/users\/1"}],"replies":[{"embeddable":true,"href":"http:\/\/vet-ecg.ddns.net\/index.php\/wp-json\/wp\/v2\/comments?post=3167"}],"version-history":[{"count":0,"href":"http:\/\/vet-ecg.ddns.net\/index.php\/wp-json\/wp\/v2\/pages\/3167\/revisions"}],"wp:attachment":[{"href":"http:\/\/vet-ecg.ddns.net\/index.php\/wp-json\/wp\/v2\/media?parent=3167"}],"curies":[{"name":"wp","href":"https:\/\/api.w.org\/{rel}","templated":true}]}}