{"id":3029,"date":"2020-02-27T18:47:21","date_gmt":"2020-02-27T17:47:21","guid":{"rendered":"http:\/\/vet-ecg.ddns.net\/?page_id=3029"},"modified":"2020-02-27T18:47:23","modified_gmt":"2020-02-27T17:47:23","slug":"trace-ecg-normal-chez-un-chat","status":"publish","type":"page","link":"http:\/\/vet-ecg.ddns.net\/index.php\/trace-ecg-normal-chez-un-chat\/","title":{"rendered":"Trac\u00e9 ECG normal chez un chat"},"content":{"rendered":"\n<figure class=\"wp-block-image size-large\"><img loading=\"lazy\" decoding=\"async\" width=\"2131\" height=\"1700\" src=\"http:\/\/vet-ecg.ddns.net\/wp-content\/uploads\/normal-1.jpg\" alt=\"\" class=\"wp-image-3030\"\/><figcaption>Trac\u00e9 sans anomalie enregistr\u00e9 chez un chat<\/figcaption><\/figure>\n\n\n<p>Ce trac\u00e9 est typique d&rsquo;un ECG normal chez un chat.<\/p>\n<p>Les diff\u00e9rents param\u00e8tres enregistr\u00e9s habituellement sont dans les normes usuelles.<\/p>\n<p>Le rythme est sinusal et r\u00e9gulier.<\/p>\n<p>La fr\u00e9quence cardiaque est de 160 bpm.<\/p>\n<p>Les intervalles PR et QT (respectivement 80 et 185 ms) sont conformes, tout comme les amplitudes de P et de QRS qui ne d\u00e9passent pas 0,2 (onde P) et 0,9 millivolts (QRS).<\/p>\n<p>L&rsquo;axe de QRS est de 0\u00b0.<\/p>\n<p>La repolarisation est harmonieuse avec des ondes T asym\u00e9triques et dont l&rsquo;amplitude (&lt;0,3 mV) est proportionn\u00e9e \u00e0 celle des QRS.<\/p>\n<p>Il n&rsquo;y a pas d\u00e9calage du segment ST par rapport \u00e0 la ligne iso\u00e9lectrique.<\/p>\n<p>\u00a0<\/p>","protected":false},"excerpt":{"rendered":"<p>Ce trac\u00e9 est typique d&rsquo;un ECG normal chez un chat. Les diff\u00e9rents param\u00e8tres enregistr\u00e9s habituellement sont dans les normes usuelles. Le rythme est sinusal et r\u00e9gulier. La fr\u00e9quence cardiaque est de 160 bpm. Les intervalles PR et QT (respectivement 80 et 185 ms) sont conformes, tout comme les amplitudes de P et de QRS qui &hellip; <a href=\"http:\/\/vet-ecg.ddns.net\/index.php\/trace-ecg-normal-chez-un-chat\/\" class=\"more-link\">Continuer la lecture de <span class=\"screen-reader-text\">Trac\u00e9 ECG normal chez un chat<\/span><\/a><\/p>\n","protected":false},"author":1,"featured_media":0,"parent":0,"menu_order":0,"comment_status":"closed","ping_status":"closed","template":"","meta":{"footnotes":""},"class_list":["post-3029","page","type-page","status-publish","hentry"],"yoast_head":"<!-- This site is optimized with the Yoast SEO plugin v27.4 - https:\/\/yoast.com\/product\/yoast-seo-wordpress\/ -->\n<title>Trac\u00e9 ECG normal chez un chat - Blog d&#039;\u00e9lectrocardiographie v\u00e9t\u00e9rinaire<\/title>\n<meta name=\"description\" content=\"Trac\u00e9 ECG normal chez un chat dont l&#039;\u00e9chocardiographie ne montre aucune anomalie. Le rythme est sinusal et r\u00e9gulier. Les amplitudes et dur\u00e9es sont conformes aux recommandations.\" \/>\n<meta name=\"robots\" content=\"index, follow, max-snippet:-1, max-image-preview:large, max-video-preview:-1\" \/>\n<link rel=\"canonical\" href=\"http:\/\/vet-ecg.ddns.net\/index.php\/trace-ecg-normal-chez-un-chat\/\" \/>\n<meta name=\"twitter:label1\" content=\"Dur\u00e9e de lecture estim\u00e9e\" \/>\n\t<meta name=\"twitter:data1\" content=\"1 minute\" \/>\n<script type=\"application\/ld+json\" class=\"yoast-schema-graph\">{\"@context\":\"https:\\\/\\\/schema.org\",\"@graph\":[{\"@type\":\"WebPage\",\"@id\":\"http:\\\/\\\/vet-ecg.ddns.net\\\/index.php\\\/trace-ecg-normal-chez-un-chat\\\/\",\"url\":\"http:\\\/\\\/vet-ecg.ddns.net\\\/index.php\\\/trace-ecg-normal-chez-un-chat\\\/\",\"name\":\"Trac\u00e9 ECG normal chez un chat - Blog d&#039;\u00e9lectrocardiographie v\u00e9t\u00e9rinaire\",\"isPartOf\":{\"@id\":\"http:\\\/\\\/vet-ecg.ddns.net\\\/#website\"},\"primaryImageOfPage\":{\"@id\":\"http:\\\/\\\/vet-ecg.ddns.net\\\/index.php\\\/trace-ecg-normal-chez-un-chat\\\/#primaryimage\"},\"image\":{\"@id\":\"http:\\\/\\\/vet-ecg.ddns.net\\\/index.php\\\/trace-ecg-normal-chez-un-chat\\\/#primaryimage\"},\"thumbnailUrl\":\"http:\\\/\\\/vet-ecg.ddns.net\\\/wp-content\\\/uploads\\\/normal-1.jpg\",\"datePublished\":\"2020-02-27T17:47:21+00:00\",\"dateModified\":\"2020-02-27T17:47:23+00:00\",\"description\":\"Trac\u00e9 ECG normal chez un chat dont l'\u00e9chocardiographie ne montre aucune anomalie. Le rythme est sinusal et r\u00e9gulier. Les amplitudes et dur\u00e9es sont conformes aux recommandations.\",\"breadcrumb\":{\"@id\":\"http:\\\/\\\/vet-ecg.ddns.net\\\/index.php\\\/trace-ecg-normal-chez-un-chat\\\/#breadcrumb\"},\"inLanguage\":\"fr-FR\",\"potentialAction\":[{\"@type\":\"ReadAction\",\"target\":[\"http:\\\/\\\/vet-ecg.ddns.net\\\/index.php\\\/trace-ecg-normal-chez-un-chat\\\/\"]}]},{\"@type\":\"ImageObject\",\"inLanguage\":\"fr-FR\",\"@id\":\"http:\\\/\\\/vet-ecg.ddns.net\\\/index.php\\\/trace-ecg-normal-chez-un-chat\\\/#primaryimage\",\"url\":\"http:\\\/\\\/vet-ecg.ddns.net\\\/wp-content\\\/uploads\\\/normal-1.jpg\",\"contentUrl\":\"http:\\\/\\\/vet-ecg.ddns.net\\\/wp-content\\\/uploads\\\/normal-1.jpg\",\"width\":2131,\"height\":1700},{\"@type\":\"BreadcrumbList\",\"@id\":\"http:\\\/\\\/vet-ecg.ddns.net\\\/index.php\\\/trace-ecg-normal-chez-un-chat\\\/#breadcrumb\",\"itemListElement\":[{\"@type\":\"ListItem\",\"position\":1,\"name\":\"Accueil\",\"item\":\"http:\\\/\\\/vet-ecg.ddns.net\\\/\"},{\"@type\":\"ListItem\",\"position\":2,\"name\":\"Trac\u00e9 ECG normal chez un chat\"}]},{\"@type\":\"WebSite\",\"@id\":\"http:\\\/\\\/vet-ecg.ddns.net\\\/#website\",\"url\":\"http:\\\/\\\/vet-ecg.ddns.net\\\/\",\"name\":\"Blog d&#039;\u00e9lectrocardiographie v\u00e9t\u00e9rinaire\",\"description\":\"recueil d&#039;ECG de chiens et de chats\",\"publisher\":{\"@id\":\"http:\\\/\\\/vet-ecg.ddns.net\\\/#\\\/schema\\\/person\\\/fec4070a47e235fed904fab73cae00b4\"},\"alternateName\":\"\u00e9lectrocardiographie v\u00e9t\u00e9rinaire\",\"potentialAction\":[{\"@type\":\"SearchAction\",\"target\":{\"@type\":\"EntryPoint\",\"urlTemplate\":\"http:\\\/\\\/vet-ecg.ddns.net\\\/?s={search_term_string}\"},\"query-input\":{\"@type\":\"PropertyValueSpecification\",\"valueRequired\":true,\"valueName\":\"search_term_string\"}}],\"inLanguage\":\"fr-FR\"},{\"@type\":[\"Person\",\"Organization\"],\"@id\":\"http:\\\/\\\/vet-ecg.ddns.net\\\/#\\\/schema\\\/person\\\/fec4070a47e235fed904fab73cae00b4\",\"name\":\"admin\",\"image\":{\"@type\":\"ImageObject\",\"inLanguage\":\"fr-FR\",\"@id\":\"http:\\\/\\\/vet-ecg.ddns.net\\\/wp-content\\\/uploads\\\/2018\\\/04\\\/Zelda-2-ECG-248.jpg\",\"url\":\"http:\\\/\\\/vet-ecg.ddns.net\\\/wp-content\\\/uploads\\\/2018\\\/04\\\/Zelda-2-ECG-248.jpg\",\"contentUrl\":\"http:\\\/\\\/vet-ecg.ddns.net\\\/wp-content\\\/uploads\\\/2018\\\/04\\\/Zelda-2-ECG-248.jpg\",\"width\":248,\"height\":248,\"caption\":\"admin\"},\"logo\":{\"@id\":\"http:\\\/\\\/vet-ecg.ddns.net\\\/wp-content\\\/uploads\\\/2018\\\/04\\\/Zelda-2-ECG-248.jpg\"},\"description\":\"Les trac\u00e9s publi\u00e9s sur ce site sont issus de diff\u00e9rentes cliniques v\u00e9t\u00e9rinaires de Paris et de sa banlieue durant les 10 derni\u00e8res ann\u00e9es. Les ECG r\u00e9alis\u00e9s ont \u00e9t\u00e9 r\u00e9alis\u00e9s sur des chiens et des chats qui ont tous b\u00e9n\u00e9fici\u00e9 d'une \u00e9chocardiographie.\"}]}<\/script>\n<!-- \/ Yoast SEO plugin. -->","yoast_head_json":{"title":"Trac\u00e9 ECG normal chez un chat - Blog d&#039;\u00e9lectrocardiographie v\u00e9t\u00e9rinaire","description":"Trac\u00e9 ECG normal chez un chat dont l'\u00e9chocardiographie ne montre aucune anomalie. Le rythme est sinusal et r\u00e9gulier. Les amplitudes et dur\u00e9es sont conformes aux recommandations.","robots":{"index":"index","follow":"follow","max-snippet":"max-snippet:-1","max-image-preview":"max-image-preview:large","max-video-preview":"max-video-preview:-1"},"canonical":"http:\/\/vet-ecg.ddns.net\/index.php\/trace-ecg-normal-chez-un-chat\/","twitter_misc":{"Dur\u00e9e de lecture estim\u00e9e":"1 minute"},"schema":{"@context":"https:\/\/schema.org","@graph":[{"@type":"WebPage","@id":"http:\/\/vet-ecg.ddns.net\/index.php\/trace-ecg-normal-chez-un-chat\/","url":"http:\/\/vet-ecg.ddns.net\/index.php\/trace-ecg-normal-chez-un-chat\/","name":"Trac\u00e9 ECG normal chez un chat - Blog d&#039;\u00e9lectrocardiographie v\u00e9t\u00e9rinaire","isPartOf":{"@id":"http:\/\/vet-ecg.ddns.net\/#website"},"primaryImageOfPage":{"@id":"http:\/\/vet-ecg.ddns.net\/index.php\/trace-ecg-normal-chez-un-chat\/#primaryimage"},"image":{"@id":"http:\/\/vet-ecg.ddns.net\/index.php\/trace-ecg-normal-chez-un-chat\/#primaryimage"},"thumbnailUrl":"http:\/\/vet-ecg.ddns.net\/wp-content\/uploads\/normal-1.jpg","datePublished":"2020-02-27T17:47:21+00:00","dateModified":"2020-02-27T17:47:23+00:00","description":"Trac\u00e9 ECG normal chez un chat dont l'\u00e9chocardiographie ne montre aucune anomalie. Le rythme est sinusal et r\u00e9gulier. Les amplitudes et dur\u00e9es sont conformes aux recommandations.","breadcrumb":{"@id":"http:\/\/vet-ecg.ddns.net\/index.php\/trace-ecg-normal-chez-un-chat\/#breadcrumb"},"inLanguage":"fr-FR","potentialAction":[{"@type":"ReadAction","target":["http:\/\/vet-ecg.ddns.net\/index.php\/trace-ecg-normal-chez-un-chat\/"]}]},{"@type":"ImageObject","inLanguage":"fr-FR","@id":"http:\/\/vet-ecg.ddns.net\/index.php\/trace-ecg-normal-chez-un-chat\/#primaryimage","url":"http:\/\/vet-ecg.ddns.net\/wp-content\/uploads\/normal-1.jpg","contentUrl":"http:\/\/vet-ecg.ddns.net\/wp-content\/uploads\/normal-1.jpg","width":2131,"height":1700},{"@type":"BreadcrumbList","@id":"http:\/\/vet-ecg.ddns.net\/index.php\/trace-ecg-normal-chez-un-chat\/#breadcrumb","itemListElement":[{"@type":"ListItem","position":1,"name":"Accueil","item":"http:\/\/vet-ecg.ddns.net\/"},{"@type":"ListItem","position":2,"name":"Trac\u00e9 ECG normal chez un chat"}]},{"@type":"WebSite","@id":"http:\/\/vet-ecg.ddns.net\/#website","url":"http:\/\/vet-ecg.ddns.net\/","name":"Blog d&#039;\u00e9lectrocardiographie v\u00e9t\u00e9rinaire","description":"recueil d&#039;ECG de chiens et de chats","publisher":{"@id":"http:\/\/vet-ecg.ddns.net\/#\/schema\/person\/fec4070a47e235fed904fab73cae00b4"},"alternateName":"\u00e9lectrocardiographie v\u00e9t\u00e9rinaire","potentialAction":[{"@type":"SearchAction","target":{"@type":"EntryPoint","urlTemplate":"http:\/\/vet-ecg.ddns.net\/?s={search_term_string}"},"query-input":{"@type":"PropertyValueSpecification","valueRequired":true,"valueName":"search_term_string"}}],"inLanguage":"fr-FR"},{"@type":["Person","Organization"],"@id":"http:\/\/vet-ecg.ddns.net\/#\/schema\/person\/fec4070a47e235fed904fab73cae00b4","name":"admin","image":{"@type":"ImageObject","inLanguage":"fr-FR","@id":"http:\/\/vet-ecg.ddns.net\/wp-content\/uploads\/2018\/04\/Zelda-2-ECG-248.jpg","url":"http:\/\/vet-ecg.ddns.net\/wp-content\/uploads\/2018\/04\/Zelda-2-ECG-248.jpg","contentUrl":"http:\/\/vet-ecg.ddns.net\/wp-content\/uploads\/2018\/04\/Zelda-2-ECG-248.jpg","width":248,"height":248,"caption":"admin"},"logo":{"@id":"http:\/\/vet-ecg.ddns.net\/wp-content\/uploads\/2018\/04\/Zelda-2-ECG-248.jpg"},"description":"Les trac\u00e9s publi\u00e9s sur ce site sont issus de diff\u00e9rentes cliniques v\u00e9t\u00e9rinaires de Paris et de sa banlieue durant les 10 derni\u00e8res ann\u00e9es. Les ECG r\u00e9alis\u00e9s ont \u00e9t\u00e9 r\u00e9alis\u00e9s sur des chiens et des chats qui ont tous b\u00e9n\u00e9fici\u00e9 d'une \u00e9chocardiographie."}]}},"_links":{"self":[{"href":"http:\/\/vet-ecg.ddns.net\/index.php\/wp-json\/wp\/v2\/pages\/3029","targetHints":{"allow":["GET"]}}],"collection":[{"href":"http:\/\/vet-ecg.ddns.net\/index.php\/wp-json\/wp\/v2\/pages"}],"about":[{"href":"http:\/\/vet-ecg.ddns.net\/index.php\/wp-json\/wp\/v2\/types\/page"}],"author":[{"embeddable":true,"href":"http:\/\/vet-ecg.ddns.net\/index.php\/wp-json\/wp\/v2\/users\/1"}],"replies":[{"embeddable":true,"href":"http:\/\/vet-ecg.ddns.net\/index.php\/wp-json\/wp\/v2\/comments?post=3029"}],"version-history":[{"count":0,"href":"http:\/\/vet-ecg.ddns.net\/index.php\/wp-json\/wp\/v2\/pages\/3029\/revisions"}],"wp:attachment":[{"href":"http:\/\/vet-ecg.ddns.net\/index.php\/wp-json\/wp\/v2\/media?parent=3029"}],"curies":[{"name":"wp","href":"https:\/\/api.w.org\/{rel}","templated":true}]}}