{"id":2759,"date":"2019-11-30T10:10:20","date_gmt":"2019-11-30T09:10:20","guid":{"rendered":"http:\/\/vet-ecg.ddns.net\/?page_id=2759"},"modified":"2019-11-30T10:55:18","modified_gmt":"2019-11-30T09:55:18","slug":"lecture-d-un-ecg-2","status":"publish","type":"page","link":"http:\/\/vet-ecg.ddns.net\/index.php\/lecture-d-un-ecg-2\/","title":{"rendered":"Lecture d&rsquo;un ECG (2)"},"content":{"rendered":"<h3><strong>Rythmes supraventriculaire \/ ventriculaire<\/strong><\/h3>\n<p>La mesure de la dur\u00e9e de QRS est particuli\u00e8rement importante car elle permet de distinguer un rythme supra-ventriculaire (QRS fins), d&rsquo;un rythme ventriculaire (QRS larges) ou d&rsquo;un bloc de branche. Elle est d\u00e9licate quand il s&rsquo;agit d&rsquo;\u00e9valuer une cardiom\u00e9galie.<\/p>\n<p><strong>&#8211; rythme supra-ventriculaire:<\/strong> Les QRS prennent naissance au dessus du n\u0153ud-auriculo-ventriculaire. Les rythmes supra-ventriculaires comprennent:<br \/>\n&#8211; les rythmes sinusaux qui naissent dans le n\u0153ud sinusal dans la paroi post\u00e9rieure de l&rsquo;oreillette droite.<br \/>\n&#8211; les rythmes du sinus coronaire qui naissent d&rsquo;un ensemble de cellules regroup\u00e9es pr\u00e8s de la veine cave inf\u00e9rieure sous le nom de n\u0153ud du sinus coronaire.<br \/>\n&#8211; les rythmes jonctionnels qui naissent entre le d\u00e9but du n\u0153ud AV et la fin du tronc du faisceau de His.<\/p>\n<p>Selon la taille du chien, la dur\u00e9e des QRS n\u2019exc\u00e8de pas 50 \u00e0 60 ms, voire 65 ms dans une race g\u00e9ante.<\/p>\n<p><strong>&#8211; rythme ventriculaire:<\/strong> Les QRS prennent naissance en dessous du n\u0153ud-auriculo-ventriculaire. Ils sont larges, d&rsquo;une dur\u00e9e sup\u00e9rieure \u00e0 70 ms.<\/p>\n<p>En rythme sinusal, l\u2019augmentation de la dur\u00e9e de QRS est un des crit\u00e8res qui permet de suspecter une cardiom\u00e9galie.<\/p>\n<figure id=\"attachment_353\" aria-describedby=\"caption-attachment-353\" style=\"width: 1004px\" class=\"wp-caption alignnone\"><img loading=\"lazy\" decoding=\"async\" class=\"wp-image-353 size-full\" src=\"http:\/\/vet-ecg.ddns.net\/wp-content\/uploads\/2018\/04\/intervalles-1-1.jpg\" alt=\"dur\u00e9e PR: conduction atrio-ventriculaire   dur\u00e9e QRS: \u00e9valuation de la taille du coeur\" width=\"1004\" height=\"95\" \/><figcaption id=\"caption-attachment-353\" class=\"wp-caption-text\">dur\u00e9es de PR et QRS chez le chien et le chat<\/figcaption><\/figure>\n<p>La r\u00e9gularit\u00e9 des cycles P-QRS-T pourra subir quelques variations en fonction de la respiration. C&rsquo;est <strong>l&rsquo;arythmie sinusale respiratoire (ASR)<\/strong>: acc\u00e9l\u00e9ration de la fr\u00e9quence cardiaque (FC) \u00e0 l&rsquo;inspiration) et du tonus vagal de l&rsquo;animal (ralentissement, accentu\u00e9 chez les chiens brachyc\u00e9phales).<\/p>\n<p>Cette ASR s&rsquo;amenuise \u00e0 mesure que la FC augmente.\u00a0 Le rythme sinusal r\u00e9gulier (rythme th\u00e9orique normal) est tr\u00e8s rarement rencontr\u00e9 en pratique car\u00a0 l&rsquo;influence neuro-v\u00e9g\u00e9tative est toujours mise en jeu chez les chiens et les chats.<\/p>\n<p>Une variante physiologique du rythme sinusal est le <strong>wandering pacemaker<\/strong>. Fr\u00e9quent chez le chien, il est caract\u00e9ris\u00e9 par une morphologie variable de l&rsquo;onde P ainsi qu&rsquo;un intervalle PR variable (mais toujours inf\u00e9rieur \u00e0 130 ms),\u00a0 en fonction de l&rsquo;origine de la d\u00e9polarisation issue du n\u0153ud sinusal, celui-ci occupant une surface assez large dans l&rsquo;oreillette droite.<\/p>\n<figure id=\"attachment_367\" aria-describedby=\"caption-attachment-367\" style=\"width: 1024px\" class=\"wp-caption alignnone\"><img loading=\"lazy\" decoding=\"async\" class=\"wp-image-367 size-full\" src=\"http:\/\/vet-ecg.ddns.net\/wp-content\/uploads\/2018\/04\/wandering-pacemaker3-1024x126.jpg\" alt=\"Le wandering pacemaker est fr\u00e9quent chez le chien\" width=\"1024\" height=\"126\" \/><figcaption id=\"caption-attachment-367\" class=\"wp-caption-text\">Wandering pacemaker li\u00e9 au tonus vagal<\/figcaption><\/figure>\n<p>Le rythme du sinus coronaire, caract\u00e9ris\u00e9 par une onde P n\u00e9gative en D2, D3 et AVF est un rythme supra-ventriculaire mais non sinusal. Ce sont les cellules du sinus coronaire (proches de la veine cave inf\u00e9rieure) qui ont pris les commandes de l&rsquo;activation \u00e9lectrique du coeur \u00e0 la place du n\u0153ud sinusal et se comportent comme un pacemaker physiologique. Ce pacemaker peut \u00eatre cadenc\u00e9 \u00e0 une fr\u00e9quence proche de la normale ou acc\u00e9l\u00e9r\u00e9e, r\u00e9alisant alors une v\u00e9ritable tachycardie atriale.<\/p>\n<p>Dans tous les cas, lors de rythme sinusal, l&rsquo;onde P pr\u00e9c\u00e8de \u00e0 distance constante, le QRS et est positive en D1, D2, D3 et AVF.<\/p>\n<p><strong>Les limites usuelles de la fr\u00e9quence cardiaque sont variables:<\/strong><\/p>\n<figure id=\"attachment_356\" aria-describedby=\"caption-attachment-356\" style=\"width: 441px\" class=\"wp-caption alignnone\"><img loading=\"lazy\" decoding=\"async\" class=\"wp-image-356 size-full\" src=\"http:\/\/vet-ecg.ddns.net\/wp-content\/uploads\/2018\/04\/frequences.jpg\" alt=\"La fr\u00e9quence li\u00e9e au poids chez le chien\" width=\"441\" height=\"166\" \/><figcaption id=\"caption-attachment-356\" class=\"wp-caption-text\">Fr\u00e9quences usuelles en battements par minute (bpm) chez le chien et le chat<\/figcaption><\/figure>\n<p>La limite est donc souvent floue entre rythme sinusal r\u00e9gulier et tachycardie sinusale car la fr\u00e9quence de base d\u00e9pend de la taille du chien et accessoirement, de son \u00e2ge (chiot). Une tachycardie sinusale est normale pendant l&rsquo;effort mais devient pathologique au repos si celle-ci ne peut pas \u00eatre rapport\u00e9e \u00e0 un stress , une douleur ou une an\u00e9mie.<\/p>\n<h2><strong>Un rythme sinusal ne signifie pas n\u00e9cessairement ECG normal.<\/strong><\/h2>\n<p>Pour conclure \u00e0 la normalit\u00e9 d&rsquo;un trac\u00e9, il faut encore que:<br \/>\n\u2013 Le segment ST soit iso-\u00e9lectrique (donc au niveau de la ligne de base).<br \/>\n\u2013 chaque d\u00e9polarisation prenne naissance dans le noeud sinusal, active les ventricules (QRS) et que chaque QRS r\u00e9sulte d\u2019une onde P unique.<br \/>\n\u2013 L\u2019 amplitude et la dur\u00e9e des diff\u00e9rentes d\u00e9flexions (P, Q, R, S et T) s\u2019inscrivent dans certaines limites.<br \/>\n\u2013 L&rsquo;axe de QRS (not\u00e9 \u00c2QRS) ne soit d\u00e9vi\u00e9, ni vers la droite, ni vers la gauche.<\/p>\n<figure id=\"attachment_362\" aria-describedby=\"caption-attachment-362\" style=\"width: 696px\" class=\"wp-caption alignnone\"><img loading=\"lazy\" decoding=\"async\" class=\"wp-image-362 size-full\" src=\"http:\/\/vet-ecg.ddns.net\/wp-content\/uploads\/2018\/04\/amplitudes-PQRST.jpg\" alt=\"L'amplitude de l'onde R est proportionnelle au poids du chien\" width=\"696\" height=\"169\" \/><figcaption id=\"caption-attachment-362\" class=\"wp-caption-text\">Amplitudes usuelles en millivolts chez le chien et le chat<\/figcaption><\/figure>\n<figure id=\"attachment_363\" aria-describedby=\"caption-attachment-363\" style=\"width: 596px\" class=\"wp-caption alignnone\"><img loading=\"lazy\" decoding=\"async\" class=\"wp-image-363 size-full\" src=\"http:\/\/vet-ecg.ddns.net\/wp-content\/uploads\/2018\/04\/duree-PQRST.jpg\" alt=\"La dur\u00e9e de QRS d\u00e9pend partiellement du poids\" width=\"596\" height=\"169\" \/><figcaption id=\"caption-attachment-363\" class=\"wp-caption-text\">dur\u00e9es usuelles en millisecondes chez le chien et le chat<\/figcaption><\/figure>\n<h3><strong>Anomalies morphologiques\u00a0 de la s\u00e9quence P-QRS-T, compatibles avec un rythme sinusal.<br \/>\n<\/strong><\/h3>\n<ul>\n<li>Ondes P bifides. Les ondes P bifides correspondent le plus souvent \u00e0 une dilatation de l&rsquo;oreillette gauche mais parfois \u00e0 un bloc inter-atrial. Seule, l&rsquo;\u00e9chocardiographie peut trancher.\n<p><figure id=\"attachment_981\" aria-describedby=\"caption-attachment-981\" style=\"width: 2980px\" class=\"wp-caption alignnone\"><img loading=\"lazy\" decoding=\"async\" class=\"wp-image-981 size-full\" src=\"http:\/\/vet-ecg.ddns.net\/wp-content\/uploads\/2018\/06\/ondes-P-bifides.jpg\" alt=\"la dilatation de l'oreillette gauche augmente la dur\u00e9e de l'onde P\" width=\"2980\" height=\"800\" \/><figcaption id=\"caption-attachment-981\" class=\"wp-caption-text\">sommet de l&rsquo;onde P aplati<\/figcaption><\/figure><\/li>\n<li>Obliquit\u00e9 du segment PQ (ou PR).<\/li>\n<li>Onde R\u00a0 \u00e9mouss\u00e9e ou sommet de l&rsquo;onde R en plateau.<\/li>\n<li>Les QRS ne doivent pas pr\u00e9senter 2 ondes R (aspect RR&rsquo;) et les branches ascendantes et descendantes de l&rsquo;onde R doivent \u00eatre rectilignes (sans crochetage).<\/li>\n<li>L&rsquo;amplitude de l&rsquo;onde R\u00a0 peut l\u00e9g\u00e8rement varier en fonction du cycle respiratoire mais pas d&rsquo;une systole \u00e0 l&rsquo;autre.<\/li>\n<li>Ondes Q larges et\/ou d&rsquo;amplitudes &gt; 0,5 mV.<\/li>\n<li>Ondes S en D1 &gt; 0,35 mV et\/ou \u00e0 0,5 mV en\u00a0 D2.<\/li>\n<li>Ondes T d&rsquo;allure sym\u00e9trique au lieu de pr\u00e9senter physiologiquement une pente initiale plus lente que la pente terminale.<\/li>\n<li>Amplitude de l&rsquo;onde T sup\u00e9rieure au quart de l&rsquo;amplitude de l&rsquo;onde R.<\/li>\n<li>D\u00e9calage du segment ST au del\u00e0 des limites: +0,15 mV ou -0,2 mV par rapport \u00e0 la ligne de base, pour une amplitude habituelle de l&rsquo;onde R.<\/li>\n<\/ul>\n<div class=\"mceTemp\"><\/div>\n","protected":false},"excerpt":{"rendered":"<p>Rythmes supraventriculaire \/ ventriculaire La mesure de la dur\u00e9e de QRS est particuli\u00e8rement importante car elle permet de distinguer un rythme supra-ventriculaire (QRS fins), d&rsquo;un rythme ventriculaire (QRS larges) ou d&rsquo;un bloc de branche. Elle est d\u00e9licate quand il s&rsquo;agit d&rsquo;\u00e9valuer une cardiom\u00e9galie. &#8211; rythme supra-ventriculaire: Les QRS prennent naissance au dessus du n\u0153ud-auriculo-ventriculaire. Les &hellip; <a href=\"http:\/\/vet-ecg.ddns.net\/index.php\/lecture-d-un-ecg-2\/\" class=\"more-link\">Continuer la lecture de <span class=\"screen-reader-text\">Lecture d&rsquo;un ECG (2)<\/span><\/a><\/p>\n","protected":false},"author":1,"featured_media":0,"parent":0,"menu_order":0,"comment_status":"closed","ping_status":"closed","template":"","meta":{"footnotes":""},"class_list":["post-2759","page","type-page","status-publish","hentry"],"yoast_head":"<!-- This site is optimized with the Yoast SEO plugin v27.4 - https:\/\/yoast.com\/product\/yoast-seo-wordpress\/ -->\n<title>Lecture d&#039;un ECG (2) - Blog d&#039;\u00e9lectrocardiographie v\u00e9t\u00e9rinaire<\/title>\n<meta name=\"description\" content=\"On trouve ici les valeurs habituellement rencontr\u00e9es dans les ECG de chiens et de chats. Ces valeurs d\u00e9pendent du format de l&#039;animal\" \/>\n<meta name=\"robots\" content=\"index, follow, max-snippet:-1, max-image-preview:large, max-video-preview:-1\" \/>\n<link rel=\"canonical\" href=\"http:\/\/vet-ecg.ddns.net\/index.php\/lecture-d-un-ecg-2\/\" \/>\n<meta name=\"twitter:label1\" content=\"Dur\u00e9e de lecture estim\u00e9e\" \/>\n\t<meta name=\"twitter:data1\" content=\"5 minutes\" \/>\n<script type=\"application\/ld+json\" class=\"yoast-schema-graph\">{\"@context\":\"https:\\\/\\\/schema.org\",\"@graph\":[{\"@type\":\"WebPage\",\"@id\":\"http:\\\/\\\/vet-ecg.ddns.net\\\/index.php\\\/lecture-d-un-ecg-2\\\/\",\"url\":\"http:\\\/\\\/vet-ecg.ddns.net\\\/index.php\\\/lecture-d-un-ecg-2\\\/\",\"name\":\"Lecture d'un ECG (2) - Blog d&#039;\u00e9lectrocardiographie v\u00e9t\u00e9rinaire\",\"isPartOf\":{\"@id\":\"http:\\\/\\\/vet-ecg.ddns.net\\\/#website\"},\"primaryImageOfPage\":{\"@id\":\"http:\\\/\\\/vet-ecg.ddns.net\\\/index.php\\\/lecture-d-un-ecg-2\\\/#primaryimage\"},\"image\":{\"@id\":\"http:\\\/\\\/vet-ecg.ddns.net\\\/index.php\\\/lecture-d-un-ecg-2\\\/#primaryimage\"},\"thumbnailUrl\":\"http:\\\/\\\/vet-ecg.ddns.net\\\/wp-content\\\/uploads\\\/2018\\\/04\\\/intervalles-1-1.jpg\",\"datePublished\":\"2019-11-30T09:10:20+00:00\",\"dateModified\":\"2019-11-30T09:55:18+00:00\",\"description\":\"On trouve ici les valeurs habituellement rencontr\u00e9es dans les ECG de chiens et de chats. Ces valeurs d\u00e9pendent du format de l'animal\",\"breadcrumb\":{\"@id\":\"http:\\\/\\\/vet-ecg.ddns.net\\\/index.php\\\/lecture-d-un-ecg-2\\\/#breadcrumb\"},\"inLanguage\":\"fr-FR\",\"potentialAction\":[{\"@type\":\"ReadAction\",\"target\":[\"http:\\\/\\\/vet-ecg.ddns.net\\\/index.php\\\/lecture-d-un-ecg-2\\\/\"]}]},{\"@type\":\"ImageObject\",\"inLanguage\":\"fr-FR\",\"@id\":\"http:\\\/\\\/vet-ecg.ddns.net\\\/index.php\\\/lecture-d-un-ecg-2\\\/#primaryimage\",\"url\":\"http:\\\/\\\/vet-ecg.ddns.net\\\/wp-content\\\/uploads\\\/2018\\\/04\\\/intervalles-1-1.jpg\",\"contentUrl\":\"http:\\\/\\\/vet-ecg.ddns.net\\\/wp-content\\\/uploads\\\/2018\\\/04\\\/intervalles-1-1.jpg\",\"width\":1004,\"height\":95},{\"@type\":\"BreadcrumbList\",\"@id\":\"http:\\\/\\\/vet-ecg.ddns.net\\\/index.php\\\/lecture-d-un-ecg-2\\\/#breadcrumb\",\"itemListElement\":[{\"@type\":\"ListItem\",\"position\":1,\"name\":\"Accueil\",\"item\":\"http:\\\/\\\/vet-ecg.ddns.net\\\/\"},{\"@type\":\"ListItem\",\"position\":2,\"name\":\"Lecture d&rsquo;un ECG (2)\"}]},{\"@type\":\"WebSite\",\"@id\":\"http:\\\/\\\/vet-ecg.ddns.net\\\/#website\",\"url\":\"http:\\\/\\\/vet-ecg.ddns.net\\\/\",\"name\":\"Blog d&#039;\u00e9lectrocardiographie v\u00e9t\u00e9rinaire\",\"description\":\"recueil d&#039;ECG de chiens et de chats\",\"publisher\":{\"@id\":\"http:\\\/\\\/vet-ecg.ddns.net\\\/#\\\/schema\\\/person\\\/fec4070a47e235fed904fab73cae00b4\"},\"alternateName\":\"\u00e9lectrocardiographie v\u00e9t\u00e9rinaire\",\"potentialAction\":[{\"@type\":\"SearchAction\",\"target\":{\"@type\":\"EntryPoint\",\"urlTemplate\":\"http:\\\/\\\/vet-ecg.ddns.net\\\/?s={search_term_string}\"},\"query-input\":{\"@type\":\"PropertyValueSpecification\",\"valueRequired\":true,\"valueName\":\"search_term_string\"}}],\"inLanguage\":\"fr-FR\"},{\"@type\":[\"Person\",\"Organization\"],\"@id\":\"http:\\\/\\\/vet-ecg.ddns.net\\\/#\\\/schema\\\/person\\\/fec4070a47e235fed904fab73cae00b4\",\"name\":\"admin\",\"image\":{\"@type\":\"ImageObject\",\"inLanguage\":\"fr-FR\",\"@id\":\"http:\\\/\\\/vet-ecg.ddns.net\\\/wp-content\\\/uploads\\\/2018\\\/04\\\/Zelda-2-ECG-248.jpg\",\"url\":\"http:\\\/\\\/vet-ecg.ddns.net\\\/wp-content\\\/uploads\\\/2018\\\/04\\\/Zelda-2-ECG-248.jpg\",\"contentUrl\":\"http:\\\/\\\/vet-ecg.ddns.net\\\/wp-content\\\/uploads\\\/2018\\\/04\\\/Zelda-2-ECG-248.jpg\",\"width\":248,\"height\":248,\"caption\":\"admin\"},\"logo\":{\"@id\":\"http:\\\/\\\/vet-ecg.ddns.net\\\/wp-content\\\/uploads\\\/2018\\\/04\\\/Zelda-2-ECG-248.jpg\"},\"description\":\"Les trac\u00e9s publi\u00e9s sur ce site sont issus de diff\u00e9rentes cliniques v\u00e9t\u00e9rinaires de Paris et de sa banlieue durant les 10 derni\u00e8res ann\u00e9es. Les ECG r\u00e9alis\u00e9s ont \u00e9t\u00e9 r\u00e9alis\u00e9s sur des chiens et des chats qui ont tous b\u00e9n\u00e9fici\u00e9 d'une \u00e9chocardiographie.\"}]}<\/script>\n<!-- \/ Yoast SEO plugin. -->","yoast_head_json":{"title":"Lecture d'un ECG (2) - Blog d&#039;\u00e9lectrocardiographie v\u00e9t\u00e9rinaire","description":"On trouve ici les valeurs habituellement rencontr\u00e9es dans les ECG de chiens et de chats. Ces valeurs d\u00e9pendent du format de l'animal","robots":{"index":"index","follow":"follow","max-snippet":"max-snippet:-1","max-image-preview":"max-image-preview:large","max-video-preview":"max-video-preview:-1"},"canonical":"http:\/\/vet-ecg.ddns.net\/index.php\/lecture-d-un-ecg-2\/","twitter_misc":{"Dur\u00e9e de lecture estim\u00e9e":"5 minutes"},"schema":{"@context":"https:\/\/schema.org","@graph":[{"@type":"WebPage","@id":"http:\/\/vet-ecg.ddns.net\/index.php\/lecture-d-un-ecg-2\/","url":"http:\/\/vet-ecg.ddns.net\/index.php\/lecture-d-un-ecg-2\/","name":"Lecture d'un ECG (2) - Blog d&#039;\u00e9lectrocardiographie v\u00e9t\u00e9rinaire","isPartOf":{"@id":"http:\/\/vet-ecg.ddns.net\/#website"},"primaryImageOfPage":{"@id":"http:\/\/vet-ecg.ddns.net\/index.php\/lecture-d-un-ecg-2\/#primaryimage"},"image":{"@id":"http:\/\/vet-ecg.ddns.net\/index.php\/lecture-d-un-ecg-2\/#primaryimage"},"thumbnailUrl":"http:\/\/vet-ecg.ddns.net\/wp-content\/uploads\/2018\/04\/intervalles-1-1.jpg","datePublished":"2019-11-30T09:10:20+00:00","dateModified":"2019-11-30T09:55:18+00:00","description":"On trouve ici les valeurs habituellement rencontr\u00e9es dans les ECG de chiens et de chats. Ces valeurs d\u00e9pendent du format de l'animal","breadcrumb":{"@id":"http:\/\/vet-ecg.ddns.net\/index.php\/lecture-d-un-ecg-2\/#breadcrumb"},"inLanguage":"fr-FR","potentialAction":[{"@type":"ReadAction","target":["http:\/\/vet-ecg.ddns.net\/index.php\/lecture-d-un-ecg-2\/"]}]},{"@type":"ImageObject","inLanguage":"fr-FR","@id":"http:\/\/vet-ecg.ddns.net\/index.php\/lecture-d-un-ecg-2\/#primaryimage","url":"http:\/\/vet-ecg.ddns.net\/wp-content\/uploads\/2018\/04\/intervalles-1-1.jpg","contentUrl":"http:\/\/vet-ecg.ddns.net\/wp-content\/uploads\/2018\/04\/intervalles-1-1.jpg","width":1004,"height":95},{"@type":"BreadcrumbList","@id":"http:\/\/vet-ecg.ddns.net\/index.php\/lecture-d-un-ecg-2\/#breadcrumb","itemListElement":[{"@type":"ListItem","position":1,"name":"Accueil","item":"http:\/\/vet-ecg.ddns.net\/"},{"@type":"ListItem","position":2,"name":"Lecture d&rsquo;un ECG (2)"}]},{"@type":"WebSite","@id":"http:\/\/vet-ecg.ddns.net\/#website","url":"http:\/\/vet-ecg.ddns.net\/","name":"Blog d&#039;\u00e9lectrocardiographie v\u00e9t\u00e9rinaire","description":"recueil d&#039;ECG de chiens et de chats","publisher":{"@id":"http:\/\/vet-ecg.ddns.net\/#\/schema\/person\/fec4070a47e235fed904fab73cae00b4"},"alternateName":"\u00e9lectrocardiographie v\u00e9t\u00e9rinaire","potentialAction":[{"@type":"SearchAction","target":{"@type":"EntryPoint","urlTemplate":"http:\/\/vet-ecg.ddns.net\/?s={search_term_string}"},"query-input":{"@type":"PropertyValueSpecification","valueRequired":true,"valueName":"search_term_string"}}],"inLanguage":"fr-FR"},{"@type":["Person","Organization"],"@id":"http:\/\/vet-ecg.ddns.net\/#\/schema\/person\/fec4070a47e235fed904fab73cae00b4","name":"admin","image":{"@type":"ImageObject","inLanguage":"fr-FR","@id":"http:\/\/vet-ecg.ddns.net\/wp-content\/uploads\/2018\/04\/Zelda-2-ECG-248.jpg","url":"http:\/\/vet-ecg.ddns.net\/wp-content\/uploads\/2018\/04\/Zelda-2-ECG-248.jpg","contentUrl":"http:\/\/vet-ecg.ddns.net\/wp-content\/uploads\/2018\/04\/Zelda-2-ECG-248.jpg","width":248,"height":248,"caption":"admin"},"logo":{"@id":"http:\/\/vet-ecg.ddns.net\/wp-content\/uploads\/2018\/04\/Zelda-2-ECG-248.jpg"},"description":"Les trac\u00e9s publi\u00e9s sur ce site sont issus de diff\u00e9rentes cliniques v\u00e9t\u00e9rinaires de Paris et de sa banlieue durant les 10 derni\u00e8res ann\u00e9es. Les ECG r\u00e9alis\u00e9s ont \u00e9t\u00e9 r\u00e9alis\u00e9s sur des chiens et des chats qui ont tous b\u00e9n\u00e9fici\u00e9 d'une \u00e9chocardiographie."}]}},"_links":{"self":[{"href":"http:\/\/vet-ecg.ddns.net\/index.php\/wp-json\/wp\/v2\/pages\/2759","targetHints":{"allow":["GET"]}}],"collection":[{"href":"http:\/\/vet-ecg.ddns.net\/index.php\/wp-json\/wp\/v2\/pages"}],"about":[{"href":"http:\/\/vet-ecg.ddns.net\/index.php\/wp-json\/wp\/v2\/types\/page"}],"author":[{"embeddable":true,"href":"http:\/\/vet-ecg.ddns.net\/index.php\/wp-json\/wp\/v2\/users\/1"}],"replies":[{"embeddable":true,"href":"http:\/\/vet-ecg.ddns.net\/index.php\/wp-json\/wp\/v2\/comments?post=2759"}],"version-history":[{"count":0,"href":"http:\/\/vet-ecg.ddns.net\/index.php\/wp-json\/wp\/v2\/pages\/2759\/revisions"}],"wp:attachment":[{"href":"http:\/\/vet-ecg.ddns.net\/index.php\/wp-json\/wp\/v2\/media?parent=2759"}],"curies":[{"name":"wp","href":"https:\/\/api.w.org\/{rel}","templated":true}]}}