{"id":2462,"date":"2019-11-12T18:41:18","date_gmt":"2019-11-12T17:41:18","guid":{"rendered":"http:\/\/vet-ecg.ddns.net\/?page_id=2462"},"modified":"2019-12-03T12:10:50","modified_gmt":"2019-12-03T11:10:50","slug":"hypertrophie-ventriculaire-droite-2","status":"publish","type":"page","link":"http:\/\/vet-ecg.ddns.net\/index.php\/hypertrophie-ventriculaire-droite-2\/","title":{"rendered":"Hypertrophie ventriculaire droite"},"content":{"rendered":"\n<figure class=\"wp-block-image\"><img loading=\"lazy\" decoding=\"async\" width=\"1600\" height=\"2440\" src=\"http:\/\/vet-ecg.ddns.net\/wp-content\/uploads\/stenose-pulm-8.jpg\" alt=\"\" class=\"wp-image-2463\"\/><figcaption>Trac\u00e9 d&rsquo;hypertrophie ventriculaire droite typique<\/figcaption><\/figure>\n\n\n<p>Ce trac\u00e9 est celui d&rsquo;un jeune bull terrier de 24 kg.<\/p>\n<p>L&rsquo;\u00e9chocardiographie montre une hypertrophie auriculaire et ventriculaire droites qui s&rsquo;inscrivent dans le cadre d&rsquo;une st\u00e9nose pulmonaire.<\/p>\n<p>Une tachycardie sinusale marqu\u00e9e est pr\u00e9sente (200 bpm).<\/p>\n<p>La conduction AV (PR=120 ms) est ralentie. Compte-tenu de la fr\u00e9quence cardiaque, l&rsquo;intervalle PR devrait plut\u00f4t se situer aux alentours de 80 ms.<\/p>\n<p>Les QRS ont une dur\u00e9e mod\u00e9r\u00e9ment augment\u00e9e (58 ms) tandis que leur amplitude est plut\u00f4t faible.<\/p>\n<p>Les ondes P sont pointues et hypervolt\u00e9es.<\/p>\n<p>Le segment PR est oblique,<\/p>\n<p>L&rsquo;axe des QRS est d\u00e9vi\u00e9 \u00e0 droite (120\u00b0)<\/p>\n<p>Enfin, et c&rsquo;est la caract\u00e9ristique principale de l&rsquo;HVD chez le chien, il existe de profondes ondes S en D1 et D2.<\/p>\n<p>\u00a0<\/p>","protected":false},"excerpt":{"rendered":"<p>Ce trac\u00e9 est celui d&rsquo;un jeune bull terrier de 24 kg. L&rsquo;\u00e9chocardiographie montre une hypertrophie auriculaire et ventriculaire droites qui s&rsquo;inscrivent dans le cadre d&rsquo;une st\u00e9nose pulmonaire. Une tachycardie sinusale marqu\u00e9e est pr\u00e9sente (200 bpm). La conduction AV (PR=120 ms) est ralentie. Compte-tenu de la fr\u00e9quence cardiaque, l&rsquo;intervalle PR devrait plut\u00f4t se situer aux alentours &hellip; <a href=\"http:\/\/vet-ecg.ddns.net\/index.php\/hypertrophie-ventriculaire-droite-2\/\" class=\"more-link\">Continuer la lecture de <span class=\"screen-reader-text\">Hypertrophie ventriculaire droite<\/span><\/a><\/p>\n","protected":false},"author":1,"featured_media":0,"parent":0,"menu_order":0,"comment_status":"closed","ping_status":"closed","template":"","meta":{"footnotes":""},"class_list":["post-2462","page","type-page","status-publish","hentry"],"yoast_head":"<!-- This site is optimized with the Yoast SEO plugin v27.4 - https:\/\/yoast.com\/product\/yoast-seo-wordpress\/ -->\n<title>Hypertrophie ventriculaire droite - Blog d&#039;\u00e9lectrocardiographie v\u00e9t\u00e9rinaire<\/title>\n<meta name=\"description\" content=\"Jeune bull-terrier qui pr\u00e9sente une hypertrophie ventriculaire droite: Ondes S profondes en D1 et D2 ainsi qu&#039;une d\u00e9viation axiale droite.\" \/>\n<meta name=\"robots\" content=\"index, follow, max-snippet:-1, max-image-preview:large, max-video-preview:-1\" \/>\n<link rel=\"canonical\" href=\"http:\/\/vet-ecg.ddns.net\/index.php\/hypertrophie-ventriculaire-droite-2\/\" \/>\n<meta name=\"twitter:label1\" content=\"Dur\u00e9e de lecture estim\u00e9e\" \/>\n\t<meta name=\"twitter:data1\" content=\"1 minute\" \/>\n<script type=\"application\/ld+json\" class=\"yoast-schema-graph\">{\"@context\":\"https:\\\/\\\/schema.org\",\"@graph\":[{\"@type\":\"WebPage\",\"@id\":\"http:\\\/\\\/vet-ecg.ddns.net\\\/index.php\\\/hypertrophie-ventriculaire-droite-2\\\/\",\"url\":\"http:\\\/\\\/vet-ecg.ddns.net\\\/index.php\\\/hypertrophie-ventriculaire-droite-2\\\/\",\"name\":\"Hypertrophie ventriculaire droite - Blog d&#039;\u00e9lectrocardiographie v\u00e9t\u00e9rinaire\",\"isPartOf\":{\"@id\":\"http:\\\/\\\/vet-ecg.ddns.net\\\/#website\"},\"primaryImageOfPage\":{\"@id\":\"http:\\\/\\\/vet-ecg.ddns.net\\\/index.php\\\/hypertrophie-ventriculaire-droite-2\\\/#primaryimage\"},\"image\":{\"@id\":\"http:\\\/\\\/vet-ecg.ddns.net\\\/index.php\\\/hypertrophie-ventriculaire-droite-2\\\/#primaryimage\"},\"thumbnailUrl\":\"http:\\\/\\\/vet-ecg.ddns.net\\\/wp-content\\\/uploads\\\/stenose-pulm-8.jpg\",\"datePublished\":\"2019-11-12T17:41:18+00:00\",\"dateModified\":\"2019-12-03T11:10:50+00:00\",\"description\":\"Jeune bull-terrier qui pr\u00e9sente une hypertrophie ventriculaire droite: Ondes S profondes en D1 et D2 ainsi qu'une d\u00e9viation axiale droite.\",\"breadcrumb\":{\"@id\":\"http:\\\/\\\/vet-ecg.ddns.net\\\/index.php\\\/hypertrophie-ventriculaire-droite-2\\\/#breadcrumb\"},\"inLanguage\":\"fr-FR\",\"potentialAction\":[{\"@type\":\"ReadAction\",\"target\":[\"http:\\\/\\\/vet-ecg.ddns.net\\\/index.php\\\/hypertrophie-ventriculaire-droite-2\\\/\"]}]},{\"@type\":\"ImageObject\",\"inLanguage\":\"fr-FR\",\"@id\":\"http:\\\/\\\/vet-ecg.ddns.net\\\/index.php\\\/hypertrophie-ventriculaire-droite-2\\\/#primaryimage\",\"url\":\"http:\\\/\\\/vet-ecg.ddns.net\\\/wp-content\\\/uploads\\\/stenose-pulm-8.jpg\",\"contentUrl\":\"http:\\\/\\\/vet-ecg.ddns.net\\\/wp-content\\\/uploads\\\/stenose-pulm-8.jpg\",\"width\":1600,\"height\":2440,\"caption\":\"Trac\u00e9 d'hypertrophie ventriculaire droite typique\"},{\"@type\":\"BreadcrumbList\",\"@id\":\"http:\\\/\\\/vet-ecg.ddns.net\\\/index.php\\\/hypertrophie-ventriculaire-droite-2\\\/#breadcrumb\",\"itemListElement\":[{\"@type\":\"ListItem\",\"position\":1,\"name\":\"Accueil\",\"item\":\"http:\\\/\\\/vet-ecg.ddns.net\\\/\"},{\"@type\":\"ListItem\",\"position\":2,\"name\":\"Hypertrophie ventriculaire droite\"}]},{\"@type\":\"WebSite\",\"@id\":\"http:\\\/\\\/vet-ecg.ddns.net\\\/#website\",\"url\":\"http:\\\/\\\/vet-ecg.ddns.net\\\/\",\"name\":\"Blog d&#039;\u00e9lectrocardiographie v\u00e9t\u00e9rinaire\",\"description\":\"recueil d&#039;ECG de chiens et de chats\",\"publisher\":{\"@id\":\"http:\\\/\\\/vet-ecg.ddns.net\\\/#\\\/schema\\\/person\\\/fec4070a47e235fed904fab73cae00b4\"},\"alternateName\":\"\u00e9lectrocardiographie v\u00e9t\u00e9rinaire\",\"potentialAction\":[{\"@type\":\"SearchAction\",\"target\":{\"@type\":\"EntryPoint\",\"urlTemplate\":\"http:\\\/\\\/vet-ecg.ddns.net\\\/?s={search_term_string}\"},\"query-input\":{\"@type\":\"PropertyValueSpecification\",\"valueRequired\":true,\"valueName\":\"search_term_string\"}}],\"inLanguage\":\"fr-FR\"},{\"@type\":[\"Person\",\"Organization\"],\"@id\":\"http:\\\/\\\/vet-ecg.ddns.net\\\/#\\\/schema\\\/person\\\/fec4070a47e235fed904fab73cae00b4\",\"name\":\"admin\",\"image\":{\"@type\":\"ImageObject\",\"inLanguage\":\"fr-FR\",\"@id\":\"http:\\\/\\\/vet-ecg.ddns.net\\\/wp-content\\\/uploads\\\/2018\\\/04\\\/Zelda-2-ECG-248.jpg\",\"url\":\"http:\\\/\\\/vet-ecg.ddns.net\\\/wp-content\\\/uploads\\\/2018\\\/04\\\/Zelda-2-ECG-248.jpg\",\"contentUrl\":\"http:\\\/\\\/vet-ecg.ddns.net\\\/wp-content\\\/uploads\\\/2018\\\/04\\\/Zelda-2-ECG-248.jpg\",\"width\":248,\"height\":248,\"caption\":\"admin\"},\"logo\":{\"@id\":\"http:\\\/\\\/vet-ecg.ddns.net\\\/wp-content\\\/uploads\\\/2018\\\/04\\\/Zelda-2-ECG-248.jpg\"},\"description\":\"Les trac\u00e9s publi\u00e9s sur ce site sont issus de diff\u00e9rentes cliniques v\u00e9t\u00e9rinaires de Paris et de sa banlieue durant les 10 derni\u00e8res ann\u00e9es. Les ECG r\u00e9alis\u00e9s ont \u00e9t\u00e9 r\u00e9alis\u00e9s sur des chiens et des chats qui ont tous b\u00e9n\u00e9fici\u00e9 d'une \u00e9chocardiographie.\"}]}<\/script>\n<!-- \/ Yoast SEO plugin. -->","yoast_head_json":{"title":"Hypertrophie ventriculaire droite - Blog d&#039;\u00e9lectrocardiographie v\u00e9t\u00e9rinaire","description":"Jeune bull-terrier qui pr\u00e9sente une hypertrophie ventriculaire droite: Ondes S profondes en D1 et D2 ainsi qu'une d\u00e9viation axiale droite.","robots":{"index":"index","follow":"follow","max-snippet":"max-snippet:-1","max-image-preview":"max-image-preview:large","max-video-preview":"max-video-preview:-1"},"canonical":"http:\/\/vet-ecg.ddns.net\/index.php\/hypertrophie-ventriculaire-droite-2\/","twitter_misc":{"Dur\u00e9e de lecture estim\u00e9e":"1 minute"},"schema":{"@context":"https:\/\/schema.org","@graph":[{"@type":"WebPage","@id":"http:\/\/vet-ecg.ddns.net\/index.php\/hypertrophie-ventriculaire-droite-2\/","url":"http:\/\/vet-ecg.ddns.net\/index.php\/hypertrophie-ventriculaire-droite-2\/","name":"Hypertrophie ventriculaire droite - Blog d&#039;\u00e9lectrocardiographie v\u00e9t\u00e9rinaire","isPartOf":{"@id":"http:\/\/vet-ecg.ddns.net\/#website"},"primaryImageOfPage":{"@id":"http:\/\/vet-ecg.ddns.net\/index.php\/hypertrophie-ventriculaire-droite-2\/#primaryimage"},"image":{"@id":"http:\/\/vet-ecg.ddns.net\/index.php\/hypertrophie-ventriculaire-droite-2\/#primaryimage"},"thumbnailUrl":"http:\/\/vet-ecg.ddns.net\/wp-content\/uploads\/stenose-pulm-8.jpg","datePublished":"2019-11-12T17:41:18+00:00","dateModified":"2019-12-03T11:10:50+00:00","description":"Jeune bull-terrier qui pr\u00e9sente une hypertrophie ventriculaire droite: Ondes S profondes en D1 et D2 ainsi qu'une d\u00e9viation axiale droite.","breadcrumb":{"@id":"http:\/\/vet-ecg.ddns.net\/index.php\/hypertrophie-ventriculaire-droite-2\/#breadcrumb"},"inLanguage":"fr-FR","potentialAction":[{"@type":"ReadAction","target":["http:\/\/vet-ecg.ddns.net\/index.php\/hypertrophie-ventriculaire-droite-2\/"]}]},{"@type":"ImageObject","inLanguage":"fr-FR","@id":"http:\/\/vet-ecg.ddns.net\/index.php\/hypertrophie-ventriculaire-droite-2\/#primaryimage","url":"http:\/\/vet-ecg.ddns.net\/wp-content\/uploads\/stenose-pulm-8.jpg","contentUrl":"http:\/\/vet-ecg.ddns.net\/wp-content\/uploads\/stenose-pulm-8.jpg","width":1600,"height":2440,"caption":"Trac\u00e9 d'hypertrophie ventriculaire droite typique"},{"@type":"BreadcrumbList","@id":"http:\/\/vet-ecg.ddns.net\/index.php\/hypertrophie-ventriculaire-droite-2\/#breadcrumb","itemListElement":[{"@type":"ListItem","position":1,"name":"Accueil","item":"http:\/\/vet-ecg.ddns.net\/"},{"@type":"ListItem","position":2,"name":"Hypertrophie ventriculaire droite"}]},{"@type":"WebSite","@id":"http:\/\/vet-ecg.ddns.net\/#website","url":"http:\/\/vet-ecg.ddns.net\/","name":"Blog d&#039;\u00e9lectrocardiographie v\u00e9t\u00e9rinaire","description":"recueil d&#039;ECG de chiens et de chats","publisher":{"@id":"http:\/\/vet-ecg.ddns.net\/#\/schema\/person\/fec4070a47e235fed904fab73cae00b4"},"alternateName":"\u00e9lectrocardiographie v\u00e9t\u00e9rinaire","potentialAction":[{"@type":"SearchAction","target":{"@type":"EntryPoint","urlTemplate":"http:\/\/vet-ecg.ddns.net\/?s={search_term_string}"},"query-input":{"@type":"PropertyValueSpecification","valueRequired":true,"valueName":"search_term_string"}}],"inLanguage":"fr-FR"},{"@type":["Person","Organization"],"@id":"http:\/\/vet-ecg.ddns.net\/#\/schema\/person\/fec4070a47e235fed904fab73cae00b4","name":"admin","image":{"@type":"ImageObject","inLanguage":"fr-FR","@id":"http:\/\/vet-ecg.ddns.net\/wp-content\/uploads\/2018\/04\/Zelda-2-ECG-248.jpg","url":"http:\/\/vet-ecg.ddns.net\/wp-content\/uploads\/2018\/04\/Zelda-2-ECG-248.jpg","contentUrl":"http:\/\/vet-ecg.ddns.net\/wp-content\/uploads\/2018\/04\/Zelda-2-ECG-248.jpg","width":248,"height":248,"caption":"admin"},"logo":{"@id":"http:\/\/vet-ecg.ddns.net\/wp-content\/uploads\/2018\/04\/Zelda-2-ECG-248.jpg"},"description":"Les trac\u00e9s publi\u00e9s sur ce site sont issus de diff\u00e9rentes cliniques v\u00e9t\u00e9rinaires de Paris et de sa banlieue durant les 10 derni\u00e8res ann\u00e9es. Les ECG r\u00e9alis\u00e9s ont \u00e9t\u00e9 r\u00e9alis\u00e9s sur des chiens et des chats qui ont tous b\u00e9n\u00e9fici\u00e9 d'une \u00e9chocardiographie."}]}},"_links":{"self":[{"href":"http:\/\/vet-ecg.ddns.net\/index.php\/wp-json\/wp\/v2\/pages\/2462","targetHints":{"allow":["GET"]}}],"collection":[{"href":"http:\/\/vet-ecg.ddns.net\/index.php\/wp-json\/wp\/v2\/pages"}],"about":[{"href":"http:\/\/vet-ecg.ddns.net\/index.php\/wp-json\/wp\/v2\/types\/page"}],"author":[{"embeddable":true,"href":"http:\/\/vet-ecg.ddns.net\/index.php\/wp-json\/wp\/v2\/users\/1"}],"replies":[{"embeddable":true,"href":"http:\/\/vet-ecg.ddns.net\/index.php\/wp-json\/wp\/v2\/comments?post=2462"}],"version-history":[{"count":0,"href":"http:\/\/vet-ecg.ddns.net\/index.php\/wp-json\/wp\/v2\/pages\/2462\/revisions"}],"wp:attachment":[{"href":"http:\/\/vet-ecg.ddns.net\/index.php\/wp-json\/wp\/v2\/media?parent=2462"}],"curies":[{"name":"wp","href":"https:\/\/api.w.org\/{rel}","templated":true}]}}