{"id":2353,"date":"2019-11-10T10:30:53","date_gmt":"2019-11-10T09:30:53","guid":{"rendered":"http:\/\/vet-ecg.ddns.net\/?page_id=2353"},"modified":"2019-12-07T22:46:16","modified_gmt":"2019-12-07T21:46:16","slug":"mvd-de-stade-2","status":"publish","type":"page","link":"http:\/\/vet-ecg.ddns.net\/index.php\/mvd-de-stade-2\/","title":{"rendered":"MVD de stade 2 &#8211; yorkshire"},"content":{"rendered":"\n<figure class=\"wp-block-image\"><img loading=\"lazy\" decoding=\"async\" width=\"1950\" height=\"2089\" src=\"http:\/\/vet-ecg.ddns.net\/wp-content\/uploads\/mvd-st2-1.jpg\" alt=\"Aspects ECG dans une MVD de stade 2\" class=\"wp-image-2354\"\/><figcaption>ECG de MVD stade 2 ISACHC<\/figcaption><\/figure>\n\n\n<p>L&rsquo;ECG ci-dessus (enregistr\u00e9 \u00e0 5 mm\/mV) est celui d&rsquo;un yorkshire de 5 kg.&nbsp; Le rythme est sinusal \u00e0 180 bpm. L&rsquo;arythmie respiratoire a disparu.<\/p>\n<p>En premier lieu on remarque une amplitude inhabituelle des QRS (3,46 mV en D2 et 3,17 mV en AVF) alors qu&rsquo;elle devrait \u00eatre de l&rsquo;ordre de 2 mV chez un chien de ce format.<\/p>\n<p>Les ondes P sont \u00e9galement hypervolt\u00e9es (0,66 mV) et \u00e9largies (50 ms).<\/p>\n<p>La dur\u00e9e des QRS d\u00e9passe 60 ms alors que la d\u00e9flexion intrins\u00e9co\u00efde n&rsquo;est pas significativement augment\u00e9e.<\/p>\n<p>Les ondes T sym\u00e9triques, pointues et de grande amplitude peuvent \u00eatre rattach\u00e9es \u00e0 une hypertrophie du ventricule gauche.<\/p>\n<p>L&rsquo;axe des QRS \u00e0 80\u00b0 est dans les normes.<\/p>\n<p>Il existe donc, sur ce trac\u00e9, des signes d&rsquo;insuffisance cardiaque globale.<\/p>\n<p>L&rsquo;\u00e9chocardiographie met en \u00e9vidence une endocardiose mitrale et tricuspide ainsi qu&rsquo;une rupture partielle des cordages tendineux.<\/p>\n<p>Cela a entrain\u00e9 une augmentation franche du ventricule gauche et, dans une moindre mesure, du ventricule droit. L&rsquo;oreillette gauche apparait tr\u00e8s dilat\u00e9e. Le chien pr\u00e9sentait un \u0153d\u00e8me pulmonaire p\u00e9ri-hilaire au moment de l&rsquo;examen.<\/p>","protected":false},"excerpt":{"rendered":"<p>L&rsquo;ECG ci-dessus (enregistr\u00e9 \u00e0 5 mm\/mV) est celui d&rsquo;un yorkshire de 5 kg.&nbsp; Le rythme est sinusal \u00e0 180 bpm. L&rsquo;arythmie respiratoire a disparu. En premier lieu on remarque une amplitude inhabituelle des QRS (3,46 mV en D2 et 3,17 mV en AVF) alors qu&rsquo;elle devrait \u00eatre de l&rsquo;ordre de 2 mV chez un chien &hellip; <a href=\"http:\/\/vet-ecg.ddns.net\/index.php\/mvd-de-stade-2\/\" class=\"more-link\">Continuer la lecture de <span class=\"screen-reader-text\">MVD de stade 2 &#8211; yorkshire<\/span><\/a><\/p>\n","protected":false},"author":1,"featured_media":0,"parent":0,"menu_order":0,"comment_status":"closed","ping_status":"closed","template":"","meta":{"footnotes":""},"class_list":["post-2353","page","type-page","status-publish","hentry"],"yoast_head":"<!-- This site is optimized with the Yoast SEO plugin v27.4 - https:\/\/yoast.com\/product\/yoast-seo-wordpress\/ -->\n<title>MVD de stade 2 - yorkshire - Blog d&#039;\u00e9lectrocardiographie v\u00e9t\u00e9rinaire<\/title>\n<meta name=\"description\" content=\"ECG d&#039;insuffisance cardiaque globale chez un chien de race yorkshire. Un remodelage des deux ventricules est mis en \u00e9vidence \u00e0 l&#039;\u00e9chocardiographie.\" \/>\n<meta name=\"robots\" content=\"index, follow, max-snippet:-1, max-image-preview:large, max-video-preview:-1\" \/>\n<link rel=\"canonical\" href=\"http:\/\/vet-ecg.ddns.net\/index.php\/mvd-de-stade-2\/\" \/>\n<meta name=\"twitter:label1\" content=\"Dur\u00e9e de lecture estim\u00e9e\" \/>\n\t<meta name=\"twitter:data1\" content=\"1 minute\" \/>\n<script type=\"application\/ld+json\" class=\"yoast-schema-graph\">{\"@context\":\"https:\\\/\\\/schema.org\",\"@graph\":[{\"@type\":\"WebPage\",\"@id\":\"http:\\\/\\\/vet-ecg.ddns.net\\\/index.php\\\/mvd-de-stade-2\\\/\",\"url\":\"http:\\\/\\\/vet-ecg.ddns.net\\\/index.php\\\/mvd-de-stade-2\\\/\",\"name\":\"MVD de stade 2 - yorkshire - Blog d&#039;\u00e9lectrocardiographie v\u00e9t\u00e9rinaire\",\"isPartOf\":{\"@id\":\"http:\\\/\\\/vet-ecg.ddns.net\\\/#website\"},\"primaryImageOfPage\":{\"@id\":\"http:\\\/\\\/vet-ecg.ddns.net\\\/index.php\\\/mvd-de-stade-2\\\/#primaryimage\"},\"image\":{\"@id\":\"http:\\\/\\\/vet-ecg.ddns.net\\\/index.php\\\/mvd-de-stade-2\\\/#primaryimage\"},\"thumbnailUrl\":\"http:\\\/\\\/vet-ecg.ddns.net\\\/wp-content\\\/uploads\\\/mvd-st2-1.jpg\",\"datePublished\":\"2019-11-10T09:30:53+00:00\",\"dateModified\":\"2019-12-07T21:46:16+00:00\",\"description\":\"ECG d'insuffisance cardiaque globale chez un chien de race yorkshire. Un remodelage des deux ventricules est mis en \u00e9vidence \u00e0 l'\u00e9chocardiographie.\",\"breadcrumb\":{\"@id\":\"http:\\\/\\\/vet-ecg.ddns.net\\\/index.php\\\/mvd-de-stade-2\\\/#breadcrumb\"},\"inLanguage\":\"fr-FR\",\"potentialAction\":[{\"@type\":\"ReadAction\",\"target\":[\"http:\\\/\\\/vet-ecg.ddns.net\\\/index.php\\\/mvd-de-stade-2\\\/\"]}]},{\"@type\":\"ImageObject\",\"inLanguage\":\"fr-FR\",\"@id\":\"http:\\\/\\\/vet-ecg.ddns.net\\\/index.php\\\/mvd-de-stade-2\\\/#primaryimage\",\"url\":\"http:\\\/\\\/vet-ecg.ddns.net\\\/wp-content\\\/uploads\\\/mvd-st2-1.jpg\",\"contentUrl\":\"http:\\\/\\\/vet-ecg.ddns.net\\\/wp-content\\\/uploads\\\/mvd-st2-1.jpg\",\"width\":1950,\"height\":2089,\"caption\":\"ECG de MVD stade 2 ISACHC\"},{\"@type\":\"BreadcrumbList\",\"@id\":\"http:\\\/\\\/vet-ecg.ddns.net\\\/index.php\\\/mvd-de-stade-2\\\/#breadcrumb\",\"itemListElement\":[{\"@type\":\"ListItem\",\"position\":1,\"name\":\"Accueil\",\"item\":\"http:\\\/\\\/vet-ecg.ddns.net\\\/\"},{\"@type\":\"ListItem\",\"position\":2,\"name\":\"MVD de stade 2 &#8211; yorkshire\"}]},{\"@type\":\"WebSite\",\"@id\":\"http:\\\/\\\/vet-ecg.ddns.net\\\/#website\",\"url\":\"http:\\\/\\\/vet-ecg.ddns.net\\\/\",\"name\":\"Blog d&#039;\u00e9lectrocardiographie v\u00e9t\u00e9rinaire\",\"description\":\"recueil d&#039;ECG de chiens et de chats\",\"publisher\":{\"@id\":\"http:\\\/\\\/vet-ecg.ddns.net\\\/#\\\/schema\\\/person\\\/fec4070a47e235fed904fab73cae00b4\"},\"alternateName\":\"\u00e9lectrocardiographie v\u00e9t\u00e9rinaire\",\"potentialAction\":[{\"@type\":\"SearchAction\",\"target\":{\"@type\":\"EntryPoint\",\"urlTemplate\":\"http:\\\/\\\/vet-ecg.ddns.net\\\/?s={search_term_string}\"},\"query-input\":{\"@type\":\"PropertyValueSpecification\",\"valueRequired\":true,\"valueName\":\"search_term_string\"}}],\"inLanguage\":\"fr-FR\"},{\"@type\":[\"Person\",\"Organization\"],\"@id\":\"http:\\\/\\\/vet-ecg.ddns.net\\\/#\\\/schema\\\/person\\\/fec4070a47e235fed904fab73cae00b4\",\"name\":\"admin\",\"image\":{\"@type\":\"ImageObject\",\"inLanguage\":\"fr-FR\",\"@id\":\"http:\\\/\\\/vet-ecg.ddns.net\\\/wp-content\\\/uploads\\\/2018\\\/04\\\/Zelda-2-ECG-248.jpg\",\"url\":\"http:\\\/\\\/vet-ecg.ddns.net\\\/wp-content\\\/uploads\\\/2018\\\/04\\\/Zelda-2-ECG-248.jpg\",\"contentUrl\":\"http:\\\/\\\/vet-ecg.ddns.net\\\/wp-content\\\/uploads\\\/2018\\\/04\\\/Zelda-2-ECG-248.jpg\",\"width\":248,\"height\":248,\"caption\":\"admin\"},\"logo\":{\"@id\":\"http:\\\/\\\/vet-ecg.ddns.net\\\/wp-content\\\/uploads\\\/2018\\\/04\\\/Zelda-2-ECG-248.jpg\"},\"description\":\"Les trac\u00e9s publi\u00e9s sur ce site sont issus de diff\u00e9rentes cliniques v\u00e9t\u00e9rinaires de Paris et de sa banlieue durant les 10 derni\u00e8res ann\u00e9es. Les ECG r\u00e9alis\u00e9s ont \u00e9t\u00e9 r\u00e9alis\u00e9s sur des chiens et des chats qui ont tous b\u00e9n\u00e9fici\u00e9 d'une \u00e9chocardiographie.\"}]}<\/script>\n<!-- \/ Yoast SEO plugin. -->","yoast_head_json":{"title":"MVD de stade 2 - yorkshire - Blog d&#039;\u00e9lectrocardiographie v\u00e9t\u00e9rinaire","description":"ECG d'insuffisance cardiaque globale chez un chien de race yorkshire. Un remodelage des deux ventricules est mis en \u00e9vidence \u00e0 l'\u00e9chocardiographie.","robots":{"index":"index","follow":"follow","max-snippet":"max-snippet:-1","max-image-preview":"max-image-preview:large","max-video-preview":"max-video-preview:-1"},"canonical":"http:\/\/vet-ecg.ddns.net\/index.php\/mvd-de-stade-2\/","twitter_misc":{"Dur\u00e9e de lecture estim\u00e9e":"1 minute"},"schema":{"@context":"https:\/\/schema.org","@graph":[{"@type":"WebPage","@id":"http:\/\/vet-ecg.ddns.net\/index.php\/mvd-de-stade-2\/","url":"http:\/\/vet-ecg.ddns.net\/index.php\/mvd-de-stade-2\/","name":"MVD de stade 2 - yorkshire - Blog d&#039;\u00e9lectrocardiographie v\u00e9t\u00e9rinaire","isPartOf":{"@id":"http:\/\/vet-ecg.ddns.net\/#website"},"primaryImageOfPage":{"@id":"http:\/\/vet-ecg.ddns.net\/index.php\/mvd-de-stade-2\/#primaryimage"},"image":{"@id":"http:\/\/vet-ecg.ddns.net\/index.php\/mvd-de-stade-2\/#primaryimage"},"thumbnailUrl":"http:\/\/vet-ecg.ddns.net\/wp-content\/uploads\/mvd-st2-1.jpg","datePublished":"2019-11-10T09:30:53+00:00","dateModified":"2019-12-07T21:46:16+00:00","description":"ECG d'insuffisance cardiaque globale chez un chien de race yorkshire. Un remodelage des deux ventricules est mis en \u00e9vidence \u00e0 l'\u00e9chocardiographie.","breadcrumb":{"@id":"http:\/\/vet-ecg.ddns.net\/index.php\/mvd-de-stade-2\/#breadcrumb"},"inLanguage":"fr-FR","potentialAction":[{"@type":"ReadAction","target":["http:\/\/vet-ecg.ddns.net\/index.php\/mvd-de-stade-2\/"]}]},{"@type":"ImageObject","inLanguage":"fr-FR","@id":"http:\/\/vet-ecg.ddns.net\/index.php\/mvd-de-stade-2\/#primaryimage","url":"http:\/\/vet-ecg.ddns.net\/wp-content\/uploads\/mvd-st2-1.jpg","contentUrl":"http:\/\/vet-ecg.ddns.net\/wp-content\/uploads\/mvd-st2-1.jpg","width":1950,"height":2089,"caption":"ECG de MVD stade 2 ISACHC"},{"@type":"BreadcrumbList","@id":"http:\/\/vet-ecg.ddns.net\/index.php\/mvd-de-stade-2\/#breadcrumb","itemListElement":[{"@type":"ListItem","position":1,"name":"Accueil","item":"http:\/\/vet-ecg.ddns.net\/"},{"@type":"ListItem","position":2,"name":"MVD de stade 2 &#8211; yorkshire"}]},{"@type":"WebSite","@id":"http:\/\/vet-ecg.ddns.net\/#website","url":"http:\/\/vet-ecg.ddns.net\/","name":"Blog d&#039;\u00e9lectrocardiographie v\u00e9t\u00e9rinaire","description":"recueil d&#039;ECG de chiens et de chats","publisher":{"@id":"http:\/\/vet-ecg.ddns.net\/#\/schema\/person\/fec4070a47e235fed904fab73cae00b4"},"alternateName":"\u00e9lectrocardiographie v\u00e9t\u00e9rinaire","potentialAction":[{"@type":"SearchAction","target":{"@type":"EntryPoint","urlTemplate":"http:\/\/vet-ecg.ddns.net\/?s={search_term_string}"},"query-input":{"@type":"PropertyValueSpecification","valueRequired":true,"valueName":"search_term_string"}}],"inLanguage":"fr-FR"},{"@type":["Person","Organization"],"@id":"http:\/\/vet-ecg.ddns.net\/#\/schema\/person\/fec4070a47e235fed904fab73cae00b4","name":"admin","image":{"@type":"ImageObject","inLanguage":"fr-FR","@id":"http:\/\/vet-ecg.ddns.net\/wp-content\/uploads\/2018\/04\/Zelda-2-ECG-248.jpg","url":"http:\/\/vet-ecg.ddns.net\/wp-content\/uploads\/2018\/04\/Zelda-2-ECG-248.jpg","contentUrl":"http:\/\/vet-ecg.ddns.net\/wp-content\/uploads\/2018\/04\/Zelda-2-ECG-248.jpg","width":248,"height":248,"caption":"admin"},"logo":{"@id":"http:\/\/vet-ecg.ddns.net\/wp-content\/uploads\/2018\/04\/Zelda-2-ECG-248.jpg"},"description":"Les trac\u00e9s publi\u00e9s sur ce site sont issus de diff\u00e9rentes cliniques v\u00e9t\u00e9rinaires de Paris et de sa banlieue durant les 10 derni\u00e8res ann\u00e9es. Les ECG r\u00e9alis\u00e9s ont \u00e9t\u00e9 r\u00e9alis\u00e9s sur des chiens et des chats qui ont tous b\u00e9n\u00e9fici\u00e9 d'une \u00e9chocardiographie."}]}},"_links":{"self":[{"href":"http:\/\/vet-ecg.ddns.net\/index.php\/wp-json\/wp\/v2\/pages\/2353","targetHints":{"allow":["GET"]}}],"collection":[{"href":"http:\/\/vet-ecg.ddns.net\/index.php\/wp-json\/wp\/v2\/pages"}],"about":[{"href":"http:\/\/vet-ecg.ddns.net\/index.php\/wp-json\/wp\/v2\/types\/page"}],"author":[{"embeddable":true,"href":"http:\/\/vet-ecg.ddns.net\/index.php\/wp-json\/wp\/v2\/users\/1"}],"replies":[{"embeddable":true,"href":"http:\/\/vet-ecg.ddns.net\/index.php\/wp-json\/wp\/v2\/comments?post=2353"}],"version-history":[{"count":0,"href":"http:\/\/vet-ecg.ddns.net\/index.php\/wp-json\/wp\/v2\/pages\/2353\/revisions"}],"wp:attachment":[{"href":"http:\/\/vet-ecg.ddns.net\/index.php\/wp-json\/wp\/v2\/media?parent=2353"}],"curies":[{"name":"wp","href":"https:\/\/api.w.org\/{rel}","templated":true}]}}