{"id":2228,"date":"2019-11-06T12:50:07","date_gmt":"2019-11-06T11:50:07","guid":{"rendered":"http:\/\/vet-ecg.ddns.net\/?page_id=2228"},"modified":"2019-11-07T18:56:02","modified_gmt":"2019-11-07T17:56:02","slug":"conduction-intracardiaque","status":"publish","type":"page","link":"http:\/\/vet-ecg.ddns.net\/index.php\/conduction-intracardiaque\/","title":{"rendered":"Troubles de la conduction"},"content":{"rendered":"<p>Au sein du myocarde se trouve un tissu sp\u00e9cialis\u00e9 dans l&rsquo;acheminement de l&rsquo;influx sinusal.<\/p>\n<p>Ce tissu prend naissance au sommet de l&rsquo;oreillette droite (n\u0153ud sinusal) et se poursuit jusqu&rsquo;\u00e0 l&rsquo;extr\u00e9mit\u00e9 des fibres de Purkinje, au sein du myocarde ventriculaire.<\/p>\n<p>Cette voie de conduction est compos\u00e9e de cellules \u00e0 r\u00e9ponse lente jusqu&rsquo;au tronc du faisceau de His puis \u00e0 r\u00e9ponse rapide, au del\u00e0.<\/p>\n<p>Entre le n\u0153ud sinusal et le n\u0153ud atrio-ventriculaire, le r\u00e9seau de conduction est constitu\u00e9 de fibres \u00e0 r\u00e9ponse lente.<\/p>\n<p>Puis, au sein du n\u0153ud AV jusqu&rsquo;\u00e0 la bifurcation du faisceau de His, les fibres acqui\u00e8rent une conduction d\u00e9cr\u00e9mentielle.<\/p>\n<p>Celle-ci freine d&rsquo;autant plus la conduction, que la cadence du n\u0153ud sinusal s&rsquo;acc\u00e9l\u00e8re afin de limiter le nombre d&rsquo;impulsions parvenant aux ventricules.<\/p>\n<p>Enfin, au del\u00e0 du tronc du faisceau de His, la conduction intra-ventriculaire est assur\u00e9e par les fibres de Purkinje qui sont constitu\u00e9es de cellules \u00e0 r\u00e9ponse rapide.<\/p>\n<p>Les troubles de la conduction que l&rsquo;on rencontre habituellement sont:<\/p>\n<ul>\n<li>le bloc sino-atrial (BSA)<\/li>\n<li>le bloc inter-atrial (BIA)<\/li>\n<li>le bloc de branche (BB)<\/li>\n<li>le bloc auriculo-ventriculaire (BAV)<\/li>\n<\/ul>\n<h5><strong>Les bloc sino-atriaux<\/strong><\/h5>\n<p>Ils se caract\u00e9risent par une anomalie de la conduction entre le n\u0153ud sinusal et l&rsquo;oreillette. Il en existe plusieurs types.<\/p>\n<p>A l&rsquo;ECG, les blocs sino-atriaux se pr\u00e9sentent sous la forme de pauses. Celles-ci ont une dur\u00e9e multiple de la fr\u00e9quence de base. Cela explique la difficult\u00e9 diagnostique chez le chien dont la fr\u00e9quence de base est variable (arythmie sinusale respiratoire).<\/p>\n<h5>Les blocs inter-atriaux<\/h5>\n<p>Rares et toujours asymptomatiques, ils se traduisent sur l&rsquo;ECG, par des ondes P bifides. Seule l&rsquo;\u00e9chocardiographie permet d&rsquo;affirmer que l&rsquo;\u00e9largissement des ondes P n&rsquo;est pas imputable \u00e0 une dilatation atriale gauche.<\/p>\n<h5><strong>Les blocs de branches<\/strong><\/h5>\n<p>Les BB concernent une ou plusieurs branches (ou h\u00e9mi-branches) du faisceau de His. Ils se caract\u00e9risent par un \u00e9largissement des QRS. Outre cet \u00e9largissement, la polarit\u00e9 des QRS est invers\u00e9e (d\u00e9viation axiale droite) dans le bloc de branche droit.<\/p>\n<p>L&rsquo;\u00e9largissement peut \u00eatre plus ou moins accentu\u00e9 selon qu&rsquo;il s&rsquo;agit d&rsquo;un simple ralentissement de la conduction\u00a0 (bloc incomplet) ou d&rsquo;une interruption compl\u00e8te de celle-ci (bloc complet).<\/p>\n<p><strong>Les BB fonctionnels<\/strong> o\u00f9 un influx \u00e9lectrique se heurte \u00e0 des fibres qui ne sont pas encore sorties de leur p\u00e9riode r\u00e9fractaire sont \u00e0 distinguer <strong>des BB l\u00e9sionnels<\/strong> qui t\u00e9moignent d&rsquo;une atteinte organique des voies de conduction (d\u00e9g\u00e9n\u00e9rescence).<\/p>\n<h5><strong>Les blocs atrio-ventriculaires<\/strong><\/h5>\n<p>Les BAV si\u00e8gent dans le n\u0153ud auriculo-ventriculaire et\/ou simultan\u00e9ment dans les 2 branches du faisceau de His.<\/p>\n<p>Trois types sont identifi\u00e9s, qui vont du simple ralentissement de la conduction, caract\u00e9ris\u00e9e sur l&rsquo;ECG par un allongement de la dur\u00e9e de l&rsquo;intervalle PR (BAV de type 1) jusqu&rsquo;\u00e0 la dissociation compl\u00e8te des rythmes auriculaires et ventriculaires.<\/p>\n<p>Ces contractions ventriculaires sont alors sous la d\u00e9pendance d&rsquo;un rythme d&rsquo;\u00e9chappement (BAV de type 3).<\/p>\n<p>Les BAV de type 2 peuvent \u00eatre transitoires (souvent li\u00e9s \u00e0 une vagotonie) ou permanents (d\u00e9g\u00e9n\u00e9ratifs). Ils sont carcat\u00e9ris\u00e9s sur l&rsquo;ECG par un nombre d&rsquo;ondes P sup\u00e9rieur au nombre de QRS.<\/p>\n<h5><strong>Conduction accessoire:<\/strong><\/h5>\n<p>Dans de rares cas, un tissu accessoire de conduction peut coexister avec le r\u00e9seau nodo-hissien et, dans certaines circonstances, court-circuiter le r\u00e9seau habituel (nodo-hissien).<\/p>\n<p>Il s&rsquo;agit de fibres (fibres de\u00a0 Kent,\u00a0 Maha\u00efm ou encore de James) qui relient oreillettes et ventricules ou oreillettes et n\u0153ud atrio-ventriculaire.<\/p>\n<p>Lorsque ce circuit accessoire devient perm\u00e9able, des troubles du rythme s\u00e9v\u00e8res peuvent apparaitre, comme les tachycardies orthodromiques ou antidromiques du syndrome de Wolff-Parkinson-White.<\/p>\n\n\n<p><\/p>\n","protected":false},"excerpt":{"rendered":"<p>Au sein du myocarde se trouve un tissu sp\u00e9cialis\u00e9 dans l&rsquo;acheminement de l&rsquo;influx sinusal. Ce tissu prend naissance au sommet de l&rsquo;oreillette droite (n\u0153ud sinusal) et se poursuit jusqu&rsquo;\u00e0 l&rsquo;extr\u00e9mit\u00e9 des fibres de Purkinje, au sein du myocarde ventriculaire. Cette voie de conduction est compos\u00e9e de cellules \u00e0 r\u00e9ponse lente jusqu&rsquo;au tronc du faisceau de &hellip; <a href=\"http:\/\/vet-ecg.ddns.net\/index.php\/conduction-intracardiaque\/\" class=\"more-link\">Continuer la lecture de <span class=\"screen-reader-text\">Troubles de la conduction<\/span><\/a><\/p>\n","protected":false},"author":1,"featured_media":0,"parent":0,"menu_order":0,"comment_status":"closed","ping_status":"closed","template":"","meta":{"footnotes":""},"class_list":["post-2228","page","type-page","status-publish","hentry"],"yoast_head":"<!-- This site is optimized with the Yoast SEO plugin v27.4 - https:\/\/yoast.com\/product\/yoast-seo-wordpress\/ -->\n<title>Troubles de la conduction - Blog d&#039;\u00e9lectrocardiographie v\u00e9t\u00e9rinaire<\/title>\n<meta name=\"description\" content=\"Au sein du myocarde existe un r\u00e9seau de fibres sp\u00e9cialis\u00e9es dans la conduction de l&#039;influx \u00e9lectrique afin d&#039;assurer la contraction ventriculaire.\" \/>\n<meta name=\"robots\" content=\"index, follow, max-snippet:-1, max-image-preview:large, max-video-preview:-1\" \/>\n<link rel=\"canonical\" href=\"http:\/\/vet-ecg.ddns.net\/index.php\/conduction-intracardiaque\/\" \/>\n<meta name=\"twitter:label1\" content=\"Dur\u00e9e de lecture estim\u00e9e\" \/>\n\t<meta name=\"twitter:data1\" content=\"3 minutes\" \/>\n<script type=\"application\/ld+json\" class=\"yoast-schema-graph\">{\"@context\":\"https:\\\/\\\/schema.org\",\"@graph\":[{\"@type\":\"WebPage\",\"@id\":\"http:\\\/\\\/vet-ecg.ddns.net\\\/index.php\\\/conduction-intracardiaque\\\/\",\"url\":\"http:\\\/\\\/vet-ecg.ddns.net\\\/index.php\\\/conduction-intracardiaque\\\/\",\"name\":\"Troubles de la conduction - Blog d&#039;\u00e9lectrocardiographie v\u00e9t\u00e9rinaire\",\"isPartOf\":{\"@id\":\"http:\\\/\\\/vet-ecg.ddns.net\\\/#website\"},\"datePublished\":\"2019-11-06T11:50:07+00:00\",\"dateModified\":\"2019-11-07T17:56:02+00:00\",\"description\":\"Au sein du myocarde existe un r\u00e9seau de fibres sp\u00e9cialis\u00e9es dans la conduction de l'influx \u00e9lectrique afin d'assurer la contraction ventriculaire.\",\"breadcrumb\":{\"@id\":\"http:\\\/\\\/vet-ecg.ddns.net\\\/index.php\\\/conduction-intracardiaque\\\/#breadcrumb\"},\"inLanguage\":\"fr-FR\",\"potentialAction\":[{\"@type\":\"ReadAction\",\"target\":[\"http:\\\/\\\/vet-ecg.ddns.net\\\/index.php\\\/conduction-intracardiaque\\\/\"]}]},{\"@type\":\"BreadcrumbList\",\"@id\":\"http:\\\/\\\/vet-ecg.ddns.net\\\/index.php\\\/conduction-intracardiaque\\\/#breadcrumb\",\"itemListElement\":[{\"@type\":\"ListItem\",\"position\":1,\"name\":\"Accueil\",\"item\":\"http:\\\/\\\/vet-ecg.ddns.net\\\/\"},{\"@type\":\"ListItem\",\"position\":2,\"name\":\"Troubles de la conduction\"}]},{\"@type\":\"WebSite\",\"@id\":\"http:\\\/\\\/vet-ecg.ddns.net\\\/#website\",\"url\":\"http:\\\/\\\/vet-ecg.ddns.net\\\/\",\"name\":\"Blog d&#039;\u00e9lectrocardiographie v\u00e9t\u00e9rinaire\",\"description\":\"recueil d&#039;ECG de chiens et de chats\",\"publisher\":{\"@id\":\"http:\\\/\\\/vet-ecg.ddns.net\\\/#\\\/schema\\\/person\\\/fec4070a47e235fed904fab73cae00b4\"},\"alternateName\":\"\u00e9lectrocardiographie v\u00e9t\u00e9rinaire\",\"potentialAction\":[{\"@type\":\"SearchAction\",\"target\":{\"@type\":\"EntryPoint\",\"urlTemplate\":\"http:\\\/\\\/vet-ecg.ddns.net\\\/?s={search_term_string}\"},\"query-input\":{\"@type\":\"PropertyValueSpecification\",\"valueRequired\":true,\"valueName\":\"search_term_string\"}}],\"inLanguage\":\"fr-FR\"},{\"@type\":[\"Person\",\"Organization\"],\"@id\":\"http:\\\/\\\/vet-ecg.ddns.net\\\/#\\\/schema\\\/person\\\/fec4070a47e235fed904fab73cae00b4\",\"name\":\"admin\",\"image\":{\"@type\":\"ImageObject\",\"inLanguage\":\"fr-FR\",\"@id\":\"http:\\\/\\\/vet-ecg.ddns.net\\\/wp-content\\\/uploads\\\/2018\\\/04\\\/Zelda-2-ECG-248.jpg\",\"url\":\"http:\\\/\\\/vet-ecg.ddns.net\\\/wp-content\\\/uploads\\\/2018\\\/04\\\/Zelda-2-ECG-248.jpg\",\"contentUrl\":\"http:\\\/\\\/vet-ecg.ddns.net\\\/wp-content\\\/uploads\\\/2018\\\/04\\\/Zelda-2-ECG-248.jpg\",\"width\":248,\"height\":248,\"caption\":\"admin\"},\"logo\":{\"@id\":\"http:\\\/\\\/vet-ecg.ddns.net\\\/wp-content\\\/uploads\\\/2018\\\/04\\\/Zelda-2-ECG-248.jpg\"},\"description\":\"Les trac\u00e9s publi\u00e9s sur ce site sont issus de diff\u00e9rentes cliniques v\u00e9t\u00e9rinaires de Paris et de sa banlieue durant les 10 derni\u00e8res ann\u00e9es. Les ECG r\u00e9alis\u00e9s ont \u00e9t\u00e9 r\u00e9alis\u00e9s sur des chiens et des chats qui ont tous b\u00e9n\u00e9fici\u00e9 d'une \u00e9chocardiographie.\"}]}<\/script>\n<!-- \/ Yoast SEO plugin. -->","yoast_head_json":{"title":"Troubles de la conduction - Blog d&#039;\u00e9lectrocardiographie v\u00e9t\u00e9rinaire","description":"Au sein du myocarde existe un r\u00e9seau de fibres sp\u00e9cialis\u00e9es dans la conduction de l'influx \u00e9lectrique afin d'assurer la contraction ventriculaire.","robots":{"index":"index","follow":"follow","max-snippet":"max-snippet:-1","max-image-preview":"max-image-preview:large","max-video-preview":"max-video-preview:-1"},"canonical":"http:\/\/vet-ecg.ddns.net\/index.php\/conduction-intracardiaque\/","twitter_misc":{"Dur\u00e9e de lecture estim\u00e9e":"3 minutes"},"schema":{"@context":"https:\/\/schema.org","@graph":[{"@type":"WebPage","@id":"http:\/\/vet-ecg.ddns.net\/index.php\/conduction-intracardiaque\/","url":"http:\/\/vet-ecg.ddns.net\/index.php\/conduction-intracardiaque\/","name":"Troubles de la conduction - Blog d&#039;\u00e9lectrocardiographie v\u00e9t\u00e9rinaire","isPartOf":{"@id":"http:\/\/vet-ecg.ddns.net\/#website"},"datePublished":"2019-11-06T11:50:07+00:00","dateModified":"2019-11-07T17:56:02+00:00","description":"Au sein du myocarde existe un r\u00e9seau de fibres sp\u00e9cialis\u00e9es dans la conduction de l'influx \u00e9lectrique afin d'assurer la contraction ventriculaire.","breadcrumb":{"@id":"http:\/\/vet-ecg.ddns.net\/index.php\/conduction-intracardiaque\/#breadcrumb"},"inLanguage":"fr-FR","potentialAction":[{"@type":"ReadAction","target":["http:\/\/vet-ecg.ddns.net\/index.php\/conduction-intracardiaque\/"]}]},{"@type":"BreadcrumbList","@id":"http:\/\/vet-ecg.ddns.net\/index.php\/conduction-intracardiaque\/#breadcrumb","itemListElement":[{"@type":"ListItem","position":1,"name":"Accueil","item":"http:\/\/vet-ecg.ddns.net\/"},{"@type":"ListItem","position":2,"name":"Troubles de la conduction"}]},{"@type":"WebSite","@id":"http:\/\/vet-ecg.ddns.net\/#website","url":"http:\/\/vet-ecg.ddns.net\/","name":"Blog d&#039;\u00e9lectrocardiographie v\u00e9t\u00e9rinaire","description":"recueil d&#039;ECG de chiens et de chats","publisher":{"@id":"http:\/\/vet-ecg.ddns.net\/#\/schema\/person\/fec4070a47e235fed904fab73cae00b4"},"alternateName":"\u00e9lectrocardiographie v\u00e9t\u00e9rinaire","potentialAction":[{"@type":"SearchAction","target":{"@type":"EntryPoint","urlTemplate":"http:\/\/vet-ecg.ddns.net\/?s={search_term_string}"},"query-input":{"@type":"PropertyValueSpecification","valueRequired":true,"valueName":"search_term_string"}}],"inLanguage":"fr-FR"},{"@type":["Person","Organization"],"@id":"http:\/\/vet-ecg.ddns.net\/#\/schema\/person\/fec4070a47e235fed904fab73cae00b4","name":"admin","image":{"@type":"ImageObject","inLanguage":"fr-FR","@id":"http:\/\/vet-ecg.ddns.net\/wp-content\/uploads\/2018\/04\/Zelda-2-ECG-248.jpg","url":"http:\/\/vet-ecg.ddns.net\/wp-content\/uploads\/2018\/04\/Zelda-2-ECG-248.jpg","contentUrl":"http:\/\/vet-ecg.ddns.net\/wp-content\/uploads\/2018\/04\/Zelda-2-ECG-248.jpg","width":248,"height":248,"caption":"admin"},"logo":{"@id":"http:\/\/vet-ecg.ddns.net\/wp-content\/uploads\/2018\/04\/Zelda-2-ECG-248.jpg"},"description":"Les trac\u00e9s publi\u00e9s sur ce site sont issus de diff\u00e9rentes cliniques v\u00e9t\u00e9rinaires de Paris et de sa banlieue durant les 10 derni\u00e8res ann\u00e9es. Les ECG r\u00e9alis\u00e9s ont \u00e9t\u00e9 r\u00e9alis\u00e9s sur des chiens et des chats qui ont tous b\u00e9n\u00e9fici\u00e9 d'une \u00e9chocardiographie."}]}},"_links":{"self":[{"href":"http:\/\/vet-ecg.ddns.net\/index.php\/wp-json\/wp\/v2\/pages\/2228","targetHints":{"allow":["GET"]}}],"collection":[{"href":"http:\/\/vet-ecg.ddns.net\/index.php\/wp-json\/wp\/v2\/pages"}],"about":[{"href":"http:\/\/vet-ecg.ddns.net\/index.php\/wp-json\/wp\/v2\/types\/page"}],"author":[{"embeddable":true,"href":"http:\/\/vet-ecg.ddns.net\/index.php\/wp-json\/wp\/v2\/users\/1"}],"replies":[{"embeddable":true,"href":"http:\/\/vet-ecg.ddns.net\/index.php\/wp-json\/wp\/v2\/comments?post=2228"}],"version-history":[{"count":0,"href":"http:\/\/vet-ecg.ddns.net\/index.php\/wp-json\/wp\/v2\/pages\/2228\/revisions"}],"wp:attachment":[{"href":"http:\/\/vet-ecg.ddns.net\/index.php\/wp-json\/wp\/v2\/media?parent=2228"}],"curies":[{"name":"wp","href":"https:\/\/api.w.org\/{rel}","templated":true}]}}