{"id":1903,"date":"2019-06-25T22:16:02","date_gmt":"2019-06-25T20:16:02","guid":{"rendered":"http:\/\/vet-ecg.ddns.net\/?page_id=1903"},"modified":"2019-12-08T10:33:13","modified_gmt":"2019-12-08T09:33:13","slug":"indemne-chien-48-kg","status":"publish","type":"page","link":"http:\/\/vet-ecg.ddns.net\/index.php\/indemne-chien-48-kg\/","title":{"rendered":"Grand chien indemne"},"content":{"rendered":"\n<figure class=\"wp-block-image\"><img loading=\"lazy\" decoding=\"async\" width=\"2339\" height=\"2000\" src=\"http:\/\/vet-ecg.ddns.net\/wp-content\/uploads\/indemne-48kg.jpg\" alt=\"\" class=\"wp-image-1904\"\/><figcaption>Trac\u00e9 sans anomalie chez un chien de 48 kg<\/figcaption><\/figure>\n\n\n<p>L&rsquo;\u00e9chocardiographie ne met pas d&rsquo;anomalies en \u00e9vidence chez ce chien de 48 kg.<\/p>\n<p>Les ondes P sont d&rsquo;amplitude habituelle.<\/p>\n<p>La dur\u00e9e augment\u00e9e de ces ondes P&nbsp; et leur aspect parfois bifide peuvent \u00eatre imput\u00e9s \u00e0 un ralentissement de la conduction inter-atriale puisque l&rsquo;\u00e9chographie n&rsquo;a pas fait apparaitre de dilatation de l&rsquo;oreillette gauche<\/p>\n<p>Les QRS sont fins (&lt;50 ms) et leur amplitude de 1,7 mV est dans les normes.<\/p>\n<p>La repolarisation est harmonieuse, la morphologie des ondes T&nbsp; est proportionn\u00e9e \u00e0 celle des QRS.<\/p>\n<p>On peut cependant remarquer un segment PR oblique en D2.<\/p>\n<p>Il n&rsquo;y a pas de sous-d\u00e9calage ST.<\/p>\n<p>L&rsquo;axe des QRS est d&rsquo;environ 70 degr\u00e9s.<\/p>","protected":false},"excerpt":{"rendered":"<p>L&rsquo;\u00e9chocardiographie ne met pas d&rsquo;anomalies en \u00e9vidence chez ce chien de 48 kg. Les ondes P sont d&rsquo;amplitude habituelle. La dur\u00e9e augment\u00e9e de ces ondes P&nbsp; et leur aspect parfois bifide peuvent \u00eatre imput\u00e9s \u00e0 un ralentissement de la conduction inter-atriale puisque l&rsquo;\u00e9chographie n&rsquo;a pas fait apparaitre de dilatation de l&rsquo;oreillette gauche Les QRS sont &hellip; <a href=\"http:\/\/vet-ecg.ddns.net\/index.php\/indemne-chien-48-kg\/\" class=\"more-link\">Continuer la lecture de <span class=\"screen-reader-text\">Grand chien indemne<\/span><\/a><\/p>\n","protected":false},"author":1,"featured_media":0,"parent":0,"menu_order":0,"comment_status":"closed","ping_status":"closed","template":"","meta":{"footnotes":""},"class_list":["post-1903","page","type-page","status-publish","hentry"],"yoast_head":"<!-- This site is optimized with the Yoast SEO plugin v27.4 - https:\/\/yoast.com\/product\/yoast-seo-wordpress\/ -->\n<title>Grand chien indemne - Blog d&#039;\u00e9lectrocardiographie v\u00e9t\u00e9rinaire<\/title>\n<meta name=\"description\" content=\"Cet ecg peut \u00eatre consid\u00e9r\u00e9 comme normal. Ce chien de 48 kg ne pr\u00e9sente aucun signe \u00e9chocardiographique de cardiopathie.\" \/>\n<meta name=\"robots\" content=\"index, follow, max-snippet:-1, max-image-preview:large, max-video-preview:-1\" \/>\n<link rel=\"canonical\" href=\"http:\/\/vet-ecg.ddns.net\/index.php\/indemne-chien-48-kg\/\" \/>\n<meta name=\"twitter:label1\" content=\"Dur\u00e9e de lecture estim\u00e9e\" \/>\n\t<meta name=\"twitter:data1\" content=\"1 minute\" \/>\n<script type=\"application\/ld+json\" class=\"yoast-schema-graph\">{\"@context\":\"https:\\\/\\\/schema.org\",\"@graph\":[{\"@type\":\"WebPage\",\"@id\":\"http:\\\/\\\/vet-ecg.ddns.net\\\/index.php\\\/indemne-chien-48-kg\\\/\",\"url\":\"http:\\\/\\\/vet-ecg.ddns.net\\\/index.php\\\/indemne-chien-48-kg\\\/\",\"name\":\"Grand chien indemne - Blog d&#039;\u00e9lectrocardiographie v\u00e9t\u00e9rinaire\",\"isPartOf\":{\"@id\":\"http:\\\/\\\/vet-ecg.ddns.net\\\/#website\"},\"primaryImageOfPage\":{\"@id\":\"http:\\\/\\\/vet-ecg.ddns.net\\\/index.php\\\/indemne-chien-48-kg\\\/#primaryimage\"},\"image\":{\"@id\":\"http:\\\/\\\/vet-ecg.ddns.net\\\/index.php\\\/indemne-chien-48-kg\\\/#primaryimage\"},\"thumbnailUrl\":\"http:\\\/\\\/vet-ecg.ddns.net\\\/wp-content\\\/uploads\\\/indemne-48kg.jpg\",\"datePublished\":\"2019-06-25T20:16:02+00:00\",\"dateModified\":\"2019-12-08T09:33:13+00:00\",\"description\":\"Cet ecg peut \u00eatre consid\u00e9r\u00e9 comme normal. Ce chien de 48 kg ne pr\u00e9sente aucun signe \u00e9chocardiographique de cardiopathie.\",\"breadcrumb\":{\"@id\":\"http:\\\/\\\/vet-ecg.ddns.net\\\/index.php\\\/indemne-chien-48-kg\\\/#breadcrumb\"},\"inLanguage\":\"fr-FR\",\"potentialAction\":[{\"@type\":\"ReadAction\",\"target\":[\"http:\\\/\\\/vet-ecg.ddns.net\\\/index.php\\\/indemne-chien-48-kg\\\/\"]}]},{\"@type\":\"ImageObject\",\"inLanguage\":\"fr-FR\",\"@id\":\"http:\\\/\\\/vet-ecg.ddns.net\\\/index.php\\\/indemne-chien-48-kg\\\/#primaryimage\",\"url\":\"http:\\\/\\\/vet-ecg.ddns.net\\\/wp-content\\\/uploads\\\/indemne-48kg.jpg\",\"contentUrl\":\"http:\\\/\\\/vet-ecg.ddns.net\\\/wp-content\\\/uploads\\\/indemne-48kg.jpg\",\"width\":2339,\"height\":2000},{\"@type\":\"BreadcrumbList\",\"@id\":\"http:\\\/\\\/vet-ecg.ddns.net\\\/index.php\\\/indemne-chien-48-kg\\\/#breadcrumb\",\"itemListElement\":[{\"@type\":\"ListItem\",\"position\":1,\"name\":\"Accueil\",\"item\":\"http:\\\/\\\/vet-ecg.ddns.net\\\/\"},{\"@type\":\"ListItem\",\"position\":2,\"name\":\"Grand chien indemne\"}]},{\"@type\":\"WebSite\",\"@id\":\"http:\\\/\\\/vet-ecg.ddns.net\\\/#website\",\"url\":\"http:\\\/\\\/vet-ecg.ddns.net\\\/\",\"name\":\"Blog d&#039;\u00e9lectrocardiographie v\u00e9t\u00e9rinaire\",\"description\":\"recueil d&#039;ECG de chiens et de chats\",\"publisher\":{\"@id\":\"http:\\\/\\\/vet-ecg.ddns.net\\\/#\\\/schema\\\/person\\\/fec4070a47e235fed904fab73cae00b4\"},\"alternateName\":\"\u00e9lectrocardiographie v\u00e9t\u00e9rinaire\",\"potentialAction\":[{\"@type\":\"SearchAction\",\"target\":{\"@type\":\"EntryPoint\",\"urlTemplate\":\"http:\\\/\\\/vet-ecg.ddns.net\\\/?s={search_term_string}\"},\"query-input\":{\"@type\":\"PropertyValueSpecification\",\"valueRequired\":true,\"valueName\":\"search_term_string\"}}],\"inLanguage\":\"fr-FR\"},{\"@type\":[\"Person\",\"Organization\"],\"@id\":\"http:\\\/\\\/vet-ecg.ddns.net\\\/#\\\/schema\\\/person\\\/fec4070a47e235fed904fab73cae00b4\",\"name\":\"admin\",\"image\":{\"@type\":\"ImageObject\",\"inLanguage\":\"fr-FR\",\"@id\":\"http:\\\/\\\/vet-ecg.ddns.net\\\/wp-content\\\/uploads\\\/2018\\\/04\\\/Zelda-2-ECG-248.jpg\",\"url\":\"http:\\\/\\\/vet-ecg.ddns.net\\\/wp-content\\\/uploads\\\/2018\\\/04\\\/Zelda-2-ECG-248.jpg\",\"contentUrl\":\"http:\\\/\\\/vet-ecg.ddns.net\\\/wp-content\\\/uploads\\\/2018\\\/04\\\/Zelda-2-ECG-248.jpg\",\"width\":248,\"height\":248,\"caption\":\"admin\"},\"logo\":{\"@id\":\"http:\\\/\\\/vet-ecg.ddns.net\\\/wp-content\\\/uploads\\\/2018\\\/04\\\/Zelda-2-ECG-248.jpg\"},\"description\":\"Les trac\u00e9s publi\u00e9s sur ce site sont issus de diff\u00e9rentes cliniques v\u00e9t\u00e9rinaires de Paris et de sa banlieue durant les 10 derni\u00e8res ann\u00e9es. Les ECG r\u00e9alis\u00e9s ont \u00e9t\u00e9 r\u00e9alis\u00e9s sur des chiens et des chats qui ont tous b\u00e9n\u00e9fici\u00e9 d'une \u00e9chocardiographie.\"}]}<\/script>\n<!-- \/ Yoast SEO plugin. -->","yoast_head_json":{"title":"Grand chien indemne - Blog d&#039;\u00e9lectrocardiographie v\u00e9t\u00e9rinaire","description":"Cet ecg peut \u00eatre consid\u00e9r\u00e9 comme normal. Ce chien de 48 kg ne pr\u00e9sente aucun signe \u00e9chocardiographique de cardiopathie.","robots":{"index":"index","follow":"follow","max-snippet":"max-snippet:-1","max-image-preview":"max-image-preview:large","max-video-preview":"max-video-preview:-1"},"canonical":"http:\/\/vet-ecg.ddns.net\/index.php\/indemne-chien-48-kg\/","twitter_misc":{"Dur\u00e9e de lecture estim\u00e9e":"1 minute"},"schema":{"@context":"https:\/\/schema.org","@graph":[{"@type":"WebPage","@id":"http:\/\/vet-ecg.ddns.net\/index.php\/indemne-chien-48-kg\/","url":"http:\/\/vet-ecg.ddns.net\/index.php\/indemne-chien-48-kg\/","name":"Grand chien indemne - Blog d&#039;\u00e9lectrocardiographie v\u00e9t\u00e9rinaire","isPartOf":{"@id":"http:\/\/vet-ecg.ddns.net\/#website"},"primaryImageOfPage":{"@id":"http:\/\/vet-ecg.ddns.net\/index.php\/indemne-chien-48-kg\/#primaryimage"},"image":{"@id":"http:\/\/vet-ecg.ddns.net\/index.php\/indemne-chien-48-kg\/#primaryimage"},"thumbnailUrl":"http:\/\/vet-ecg.ddns.net\/wp-content\/uploads\/indemne-48kg.jpg","datePublished":"2019-06-25T20:16:02+00:00","dateModified":"2019-12-08T09:33:13+00:00","description":"Cet ecg peut \u00eatre consid\u00e9r\u00e9 comme normal. Ce chien de 48 kg ne pr\u00e9sente aucun signe \u00e9chocardiographique de cardiopathie.","breadcrumb":{"@id":"http:\/\/vet-ecg.ddns.net\/index.php\/indemne-chien-48-kg\/#breadcrumb"},"inLanguage":"fr-FR","potentialAction":[{"@type":"ReadAction","target":["http:\/\/vet-ecg.ddns.net\/index.php\/indemne-chien-48-kg\/"]}]},{"@type":"ImageObject","inLanguage":"fr-FR","@id":"http:\/\/vet-ecg.ddns.net\/index.php\/indemne-chien-48-kg\/#primaryimage","url":"http:\/\/vet-ecg.ddns.net\/wp-content\/uploads\/indemne-48kg.jpg","contentUrl":"http:\/\/vet-ecg.ddns.net\/wp-content\/uploads\/indemne-48kg.jpg","width":2339,"height":2000},{"@type":"BreadcrumbList","@id":"http:\/\/vet-ecg.ddns.net\/index.php\/indemne-chien-48-kg\/#breadcrumb","itemListElement":[{"@type":"ListItem","position":1,"name":"Accueil","item":"http:\/\/vet-ecg.ddns.net\/"},{"@type":"ListItem","position":2,"name":"Grand chien indemne"}]},{"@type":"WebSite","@id":"http:\/\/vet-ecg.ddns.net\/#website","url":"http:\/\/vet-ecg.ddns.net\/","name":"Blog d&#039;\u00e9lectrocardiographie v\u00e9t\u00e9rinaire","description":"recueil d&#039;ECG de chiens et de chats","publisher":{"@id":"http:\/\/vet-ecg.ddns.net\/#\/schema\/person\/fec4070a47e235fed904fab73cae00b4"},"alternateName":"\u00e9lectrocardiographie v\u00e9t\u00e9rinaire","potentialAction":[{"@type":"SearchAction","target":{"@type":"EntryPoint","urlTemplate":"http:\/\/vet-ecg.ddns.net\/?s={search_term_string}"},"query-input":{"@type":"PropertyValueSpecification","valueRequired":true,"valueName":"search_term_string"}}],"inLanguage":"fr-FR"},{"@type":["Person","Organization"],"@id":"http:\/\/vet-ecg.ddns.net\/#\/schema\/person\/fec4070a47e235fed904fab73cae00b4","name":"admin","image":{"@type":"ImageObject","inLanguage":"fr-FR","@id":"http:\/\/vet-ecg.ddns.net\/wp-content\/uploads\/2018\/04\/Zelda-2-ECG-248.jpg","url":"http:\/\/vet-ecg.ddns.net\/wp-content\/uploads\/2018\/04\/Zelda-2-ECG-248.jpg","contentUrl":"http:\/\/vet-ecg.ddns.net\/wp-content\/uploads\/2018\/04\/Zelda-2-ECG-248.jpg","width":248,"height":248,"caption":"admin"},"logo":{"@id":"http:\/\/vet-ecg.ddns.net\/wp-content\/uploads\/2018\/04\/Zelda-2-ECG-248.jpg"},"description":"Les trac\u00e9s publi\u00e9s sur ce site sont issus de diff\u00e9rentes cliniques v\u00e9t\u00e9rinaires de Paris et de sa banlieue durant les 10 derni\u00e8res ann\u00e9es. Les ECG r\u00e9alis\u00e9s ont \u00e9t\u00e9 r\u00e9alis\u00e9s sur des chiens et des chats qui ont tous b\u00e9n\u00e9fici\u00e9 d'une \u00e9chocardiographie."}]}},"_links":{"self":[{"href":"http:\/\/vet-ecg.ddns.net\/index.php\/wp-json\/wp\/v2\/pages\/1903","targetHints":{"allow":["GET"]}}],"collection":[{"href":"http:\/\/vet-ecg.ddns.net\/index.php\/wp-json\/wp\/v2\/pages"}],"about":[{"href":"http:\/\/vet-ecg.ddns.net\/index.php\/wp-json\/wp\/v2\/types\/page"}],"author":[{"embeddable":true,"href":"http:\/\/vet-ecg.ddns.net\/index.php\/wp-json\/wp\/v2\/users\/1"}],"replies":[{"embeddable":true,"href":"http:\/\/vet-ecg.ddns.net\/index.php\/wp-json\/wp\/v2\/comments?post=1903"}],"version-history":[{"count":0,"href":"http:\/\/vet-ecg.ddns.net\/index.php\/wp-json\/wp\/v2\/pages\/1903\/revisions"}],"wp:attachment":[{"href":"http:\/\/vet-ecg.ddns.net\/index.php\/wp-json\/wp\/v2\/media?parent=1903"}],"curies":[{"name":"wp","href":"https:\/\/api.w.org\/{rel}","templated":true}]}}