{"id":1876,"date":"2019-06-18T23:10:47","date_gmt":"2019-06-18T21:10:47","guid":{"rendered":"http:\/\/vet-ecg.ddns.net\/?page_id=1876"},"modified":"2019-10-14T09:51:07","modified_gmt":"2019-10-14T07:51:07","slug":"bloc-de-branche-droit-transitoire","status":"publish","type":"page","link":"http:\/\/vet-ecg.ddns.net\/index.php\/bloc-de-branche-droit-transitoire\/","title":{"rendered":"Bloc de branche droit transitoire"},"content":{"rendered":"\n<figure class=\"wp-block-image\"><img loading=\"lazy\" decoding=\"async\" width=\"2214\" height=\"2049\" src=\"http:\/\/vet-ecg.ddns.net\/wp-content\/uploads\/BBD-2.jpg\" alt=\"Bloc de branche transitoire\" class=\"wp-image-1877\"\/><figcaption>Bloc de branche droit intermittent<\/figcaption><\/figure>\n\n\n<p>Cet enregistrement\u00a0 r\u00e9alis\u00e9 a25 mm\/s et 10 mm\/mV est incomplet.<\/p>\n<p>La d\u00e9rivation AVF n&rsquo;est pas visible.<\/p>\n<p>On peut noter, apr\u00e8s un premier complexe d&rsquo;origine sinusale, un groupe de 5 QRS de polarit\u00e9 n\u00e9gative en D1 et D2.<\/p>\n<p>La dur\u00e9e de ces cinq QRS est de 80 ms alors que la dur\u00e9e des autres n&rsquo;est que de 65 ms.<\/p>\n<p>Sur ce trac\u00e9, deux rythmes coexistent.<\/p>\n<p>L&rsquo;un sinusal cadenc\u00e9 \u00e0 153 bpm avec un intervalle PR de 115 ms et un autre (\u00e0 l&rsquo;aspect de bloc de branche droit, cadenc\u00e9 \u00e0 138 bpm et un intervalle PR de 80 ms<\/p>\n<p>Ces QRS ne sont pas issus du n\u0153ud sinusal.<\/p>\n<p>Par ailleurs, les QRS d&rsquo;origine sinusale sont hypervolt\u00e9s et leur dur\u00e9e est augment\u00e9e.<\/p>\n<p>L&rsquo;amplitude de l&rsquo;onde R d\u00e9passe 4 mV en D2 et la\u00a0 dur\u00e9e des QRS est de 65 ms.<\/p>\n<p>\u00a0<\/p>\n<p>\u00a0<\/p>","protected":false},"excerpt":{"rendered":"<p>Cet enregistrement\u00a0 r\u00e9alis\u00e9 a25 mm\/s et 10 mm\/mV est incomplet. La d\u00e9rivation AVF n&rsquo;est pas visible. On peut noter, apr\u00e8s un premier complexe d&rsquo;origine sinusale, un groupe de 5 QRS de polarit\u00e9 n\u00e9gative en D1 et D2. La dur\u00e9e de ces cinq QRS est de 80 ms alors que la dur\u00e9e des autres n&rsquo;est que &hellip; <a href=\"http:\/\/vet-ecg.ddns.net\/index.php\/bloc-de-branche-droit-transitoire\/\" class=\"more-link\">Continuer la lecture de <span class=\"screen-reader-text\">Bloc de branche droit transitoire<\/span><\/a><\/p>\n","protected":false},"author":1,"featured_media":0,"parent":0,"menu_order":0,"comment_status":"closed","ping_status":"closed","template":"","meta":{"footnotes":""},"class_list":["post-1876","page","type-page","status-publish","hentry"],"yoast_head":"<!-- This site is optimized with the Yoast SEO plugin v27.4 - https:\/\/yoast.com\/product\/yoast-seo-wordpress\/ -->\n<title>Bloc de branche droit transitoire - Blog d&#039;\u00e9lectrocardiographie v\u00e9t\u00e9rinaire<\/title>\n<meta name=\"description\" content=\"rythme atrial ectopique paroxystique avec aspect de bloc de branche droit. Dur\u00e9e de l&#039;intervalle PR plus courte que celle des QRS sinusaux.\" \/>\n<meta name=\"robots\" content=\"index, follow, max-snippet:-1, max-image-preview:large, max-video-preview:-1\" \/>\n<link rel=\"canonical\" href=\"http:\/\/vet-ecg.ddns.net\/index.php\/bloc-de-branche-droit-transitoire\/\" \/>\n<meta name=\"twitter:label1\" content=\"Dur\u00e9e de lecture estim\u00e9e\" \/>\n\t<meta name=\"twitter:data1\" content=\"1 minute\" \/>\n<script type=\"application\/ld+json\" class=\"yoast-schema-graph\">{\"@context\":\"https:\\\/\\\/schema.org\",\"@graph\":[{\"@type\":\"WebPage\",\"@id\":\"http:\\\/\\\/vet-ecg.ddns.net\\\/index.php\\\/bloc-de-branche-droit-transitoire\\\/\",\"url\":\"http:\\\/\\\/vet-ecg.ddns.net\\\/index.php\\\/bloc-de-branche-droit-transitoire\\\/\",\"name\":\"Bloc de branche droit transitoire - Blog d&#039;\u00e9lectrocardiographie v\u00e9t\u00e9rinaire\",\"isPartOf\":{\"@id\":\"http:\\\/\\\/vet-ecg.ddns.net\\\/#website\"},\"primaryImageOfPage\":{\"@id\":\"http:\\\/\\\/vet-ecg.ddns.net\\\/index.php\\\/bloc-de-branche-droit-transitoire\\\/#primaryimage\"},\"image\":{\"@id\":\"http:\\\/\\\/vet-ecg.ddns.net\\\/index.php\\\/bloc-de-branche-droit-transitoire\\\/#primaryimage\"},\"thumbnailUrl\":\"http:\\\/\\\/vet-ecg.ddns.net\\\/wp-content\\\/uploads\\\/BBD-2.jpg\",\"datePublished\":\"2019-06-18T21:10:47+00:00\",\"dateModified\":\"2019-10-14T07:51:07+00:00\",\"description\":\"rythme atrial ectopique paroxystique avec aspect de bloc de branche droit. Dur\u00e9e de l'intervalle PR plus courte que celle des QRS sinusaux.\",\"breadcrumb\":{\"@id\":\"http:\\\/\\\/vet-ecg.ddns.net\\\/index.php\\\/bloc-de-branche-droit-transitoire\\\/#breadcrumb\"},\"inLanguage\":\"fr-FR\",\"potentialAction\":[{\"@type\":\"ReadAction\",\"target\":[\"http:\\\/\\\/vet-ecg.ddns.net\\\/index.php\\\/bloc-de-branche-droit-transitoire\\\/\"]}]},{\"@type\":\"ImageObject\",\"inLanguage\":\"fr-FR\",\"@id\":\"http:\\\/\\\/vet-ecg.ddns.net\\\/index.php\\\/bloc-de-branche-droit-transitoire\\\/#primaryimage\",\"url\":\"http:\\\/\\\/vet-ecg.ddns.net\\\/wp-content\\\/uploads\\\/BBD-2.jpg\",\"contentUrl\":\"http:\\\/\\\/vet-ecg.ddns.net\\\/wp-content\\\/uploads\\\/BBD-2.jpg\",\"width\":2214,\"height\":2049,\"caption\":\"Bloc de branche droit intermittent\"},{\"@type\":\"BreadcrumbList\",\"@id\":\"http:\\\/\\\/vet-ecg.ddns.net\\\/index.php\\\/bloc-de-branche-droit-transitoire\\\/#breadcrumb\",\"itemListElement\":[{\"@type\":\"ListItem\",\"position\":1,\"name\":\"Accueil\",\"item\":\"http:\\\/\\\/vet-ecg.ddns.net\\\/\"},{\"@type\":\"ListItem\",\"position\":2,\"name\":\"Bloc de branche droit transitoire\"}]},{\"@type\":\"WebSite\",\"@id\":\"http:\\\/\\\/vet-ecg.ddns.net\\\/#website\",\"url\":\"http:\\\/\\\/vet-ecg.ddns.net\\\/\",\"name\":\"Blog d&#039;\u00e9lectrocardiographie v\u00e9t\u00e9rinaire\",\"description\":\"recueil d&#039;ECG de chiens et de chats\",\"publisher\":{\"@id\":\"http:\\\/\\\/vet-ecg.ddns.net\\\/#\\\/schema\\\/person\\\/fec4070a47e235fed904fab73cae00b4\"},\"alternateName\":\"\u00e9lectrocardiographie v\u00e9t\u00e9rinaire\",\"potentialAction\":[{\"@type\":\"SearchAction\",\"target\":{\"@type\":\"EntryPoint\",\"urlTemplate\":\"http:\\\/\\\/vet-ecg.ddns.net\\\/?s={search_term_string}\"},\"query-input\":{\"@type\":\"PropertyValueSpecification\",\"valueRequired\":true,\"valueName\":\"search_term_string\"}}],\"inLanguage\":\"fr-FR\"},{\"@type\":[\"Person\",\"Organization\"],\"@id\":\"http:\\\/\\\/vet-ecg.ddns.net\\\/#\\\/schema\\\/person\\\/fec4070a47e235fed904fab73cae00b4\",\"name\":\"admin\",\"image\":{\"@type\":\"ImageObject\",\"inLanguage\":\"fr-FR\",\"@id\":\"http:\\\/\\\/vet-ecg.ddns.net\\\/wp-content\\\/uploads\\\/2018\\\/04\\\/Zelda-2-ECG-248.jpg\",\"url\":\"http:\\\/\\\/vet-ecg.ddns.net\\\/wp-content\\\/uploads\\\/2018\\\/04\\\/Zelda-2-ECG-248.jpg\",\"contentUrl\":\"http:\\\/\\\/vet-ecg.ddns.net\\\/wp-content\\\/uploads\\\/2018\\\/04\\\/Zelda-2-ECG-248.jpg\",\"width\":248,\"height\":248,\"caption\":\"admin\"},\"logo\":{\"@id\":\"http:\\\/\\\/vet-ecg.ddns.net\\\/wp-content\\\/uploads\\\/2018\\\/04\\\/Zelda-2-ECG-248.jpg\"},\"description\":\"Les trac\u00e9s publi\u00e9s sur ce site sont issus de diff\u00e9rentes cliniques v\u00e9t\u00e9rinaires de Paris et de sa banlieue durant les 10 derni\u00e8res ann\u00e9es. Les ECG r\u00e9alis\u00e9s ont \u00e9t\u00e9 r\u00e9alis\u00e9s sur des chiens et des chats qui ont tous b\u00e9n\u00e9fici\u00e9 d'une \u00e9chocardiographie.\"}]}<\/script>\n<!-- \/ Yoast SEO plugin. -->","yoast_head_json":{"title":"Bloc de branche droit transitoire - Blog d&#039;\u00e9lectrocardiographie v\u00e9t\u00e9rinaire","description":"rythme atrial ectopique paroxystique avec aspect de bloc de branche droit. Dur\u00e9e de l'intervalle PR plus courte que celle des QRS sinusaux.","robots":{"index":"index","follow":"follow","max-snippet":"max-snippet:-1","max-image-preview":"max-image-preview:large","max-video-preview":"max-video-preview:-1"},"canonical":"http:\/\/vet-ecg.ddns.net\/index.php\/bloc-de-branche-droit-transitoire\/","twitter_misc":{"Dur\u00e9e de lecture estim\u00e9e":"1 minute"},"schema":{"@context":"https:\/\/schema.org","@graph":[{"@type":"WebPage","@id":"http:\/\/vet-ecg.ddns.net\/index.php\/bloc-de-branche-droit-transitoire\/","url":"http:\/\/vet-ecg.ddns.net\/index.php\/bloc-de-branche-droit-transitoire\/","name":"Bloc de branche droit transitoire - Blog d&#039;\u00e9lectrocardiographie v\u00e9t\u00e9rinaire","isPartOf":{"@id":"http:\/\/vet-ecg.ddns.net\/#website"},"primaryImageOfPage":{"@id":"http:\/\/vet-ecg.ddns.net\/index.php\/bloc-de-branche-droit-transitoire\/#primaryimage"},"image":{"@id":"http:\/\/vet-ecg.ddns.net\/index.php\/bloc-de-branche-droit-transitoire\/#primaryimage"},"thumbnailUrl":"http:\/\/vet-ecg.ddns.net\/wp-content\/uploads\/BBD-2.jpg","datePublished":"2019-06-18T21:10:47+00:00","dateModified":"2019-10-14T07:51:07+00:00","description":"rythme atrial ectopique paroxystique avec aspect de bloc de branche droit. Dur\u00e9e de l'intervalle PR plus courte que celle des QRS sinusaux.","breadcrumb":{"@id":"http:\/\/vet-ecg.ddns.net\/index.php\/bloc-de-branche-droit-transitoire\/#breadcrumb"},"inLanguage":"fr-FR","potentialAction":[{"@type":"ReadAction","target":["http:\/\/vet-ecg.ddns.net\/index.php\/bloc-de-branche-droit-transitoire\/"]}]},{"@type":"ImageObject","inLanguage":"fr-FR","@id":"http:\/\/vet-ecg.ddns.net\/index.php\/bloc-de-branche-droit-transitoire\/#primaryimage","url":"http:\/\/vet-ecg.ddns.net\/wp-content\/uploads\/BBD-2.jpg","contentUrl":"http:\/\/vet-ecg.ddns.net\/wp-content\/uploads\/BBD-2.jpg","width":2214,"height":2049,"caption":"Bloc de branche droit intermittent"},{"@type":"BreadcrumbList","@id":"http:\/\/vet-ecg.ddns.net\/index.php\/bloc-de-branche-droit-transitoire\/#breadcrumb","itemListElement":[{"@type":"ListItem","position":1,"name":"Accueil","item":"http:\/\/vet-ecg.ddns.net\/"},{"@type":"ListItem","position":2,"name":"Bloc de branche droit transitoire"}]},{"@type":"WebSite","@id":"http:\/\/vet-ecg.ddns.net\/#website","url":"http:\/\/vet-ecg.ddns.net\/","name":"Blog d&#039;\u00e9lectrocardiographie v\u00e9t\u00e9rinaire","description":"recueil d&#039;ECG de chiens et de chats","publisher":{"@id":"http:\/\/vet-ecg.ddns.net\/#\/schema\/person\/fec4070a47e235fed904fab73cae00b4"},"alternateName":"\u00e9lectrocardiographie v\u00e9t\u00e9rinaire","potentialAction":[{"@type":"SearchAction","target":{"@type":"EntryPoint","urlTemplate":"http:\/\/vet-ecg.ddns.net\/?s={search_term_string}"},"query-input":{"@type":"PropertyValueSpecification","valueRequired":true,"valueName":"search_term_string"}}],"inLanguage":"fr-FR"},{"@type":["Person","Organization"],"@id":"http:\/\/vet-ecg.ddns.net\/#\/schema\/person\/fec4070a47e235fed904fab73cae00b4","name":"admin","image":{"@type":"ImageObject","inLanguage":"fr-FR","@id":"http:\/\/vet-ecg.ddns.net\/wp-content\/uploads\/2018\/04\/Zelda-2-ECG-248.jpg","url":"http:\/\/vet-ecg.ddns.net\/wp-content\/uploads\/2018\/04\/Zelda-2-ECG-248.jpg","contentUrl":"http:\/\/vet-ecg.ddns.net\/wp-content\/uploads\/2018\/04\/Zelda-2-ECG-248.jpg","width":248,"height":248,"caption":"admin"},"logo":{"@id":"http:\/\/vet-ecg.ddns.net\/wp-content\/uploads\/2018\/04\/Zelda-2-ECG-248.jpg"},"description":"Les trac\u00e9s publi\u00e9s sur ce site sont issus de diff\u00e9rentes cliniques v\u00e9t\u00e9rinaires de Paris et de sa banlieue durant les 10 derni\u00e8res ann\u00e9es. Les ECG r\u00e9alis\u00e9s ont \u00e9t\u00e9 r\u00e9alis\u00e9s sur des chiens et des chats qui ont tous b\u00e9n\u00e9fici\u00e9 d'une \u00e9chocardiographie."}]}},"_links":{"self":[{"href":"http:\/\/vet-ecg.ddns.net\/index.php\/wp-json\/wp\/v2\/pages\/1876","targetHints":{"allow":["GET"]}}],"collection":[{"href":"http:\/\/vet-ecg.ddns.net\/index.php\/wp-json\/wp\/v2\/pages"}],"about":[{"href":"http:\/\/vet-ecg.ddns.net\/index.php\/wp-json\/wp\/v2\/types\/page"}],"author":[{"embeddable":true,"href":"http:\/\/vet-ecg.ddns.net\/index.php\/wp-json\/wp\/v2\/users\/1"}],"replies":[{"embeddable":true,"href":"http:\/\/vet-ecg.ddns.net\/index.php\/wp-json\/wp\/v2\/comments?post=1876"}],"version-history":[{"count":0,"href":"http:\/\/vet-ecg.ddns.net\/index.php\/wp-json\/wp\/v2\/pages\/1876\/revisions"}],"wp:attachment":[{"href":"http:\/\/vet-ecg.ddns.net\/index.php\/wp-json\/wp\/v2\/media?parent=1876"}],"curies":[{"name":"wp","href":"https:\/\/api.w.org\/{rel}","templated":true}]}}