{"id":1800,"date":"2019-06-01T18:48:18","date_gmt":"2019-06-01T16:48:18","guid":{"rendered":"http:\/\/vet-ecg.ddns.net\/?page_id=1800"},"modified":"2019-12-07T22:41:10","modified_gmt":"2019-12-07T21:41:10","slug":"mvd-debutante-chez-un-chihuahua","status":"publish","type":"page","link":"http:\/\/vet-ecg.ddns.net\/index.php\/mvd-debutante-chez-un-chihuahua\/","title":{"rendered":"MVD d\u00e9butante chez un chihuahua"},"content":{"rendered":"\n<figure class=\"wp-block-image\"><img loading=\"lazy\" decoding=\"async\" width=\"2839\" height=\"1985\" src=\"http:\/\/vet-ecg.ddns.net\/wp-content\/uploads\/mvd-chihuahua-st1.jpg\" alt=\"MVD d\u00e9butante chez un chihuahua\" class=\"wp-image-1801\"\/><figcaption>trac\u00e9 de mvd de stade 1 ISACHC  chez un chihuahua de 2,5 kg<\/figcaption><\/figure>\n\n\n<p>La fr\u00e9quence de 140 \u00e0 160 bpm est habituelle pour un chien de ce format. Il n&rsquo;y a pas d&rsquo;anomalies du c\u0153ur gauche visible sur ce trac\u00e9.<\/p>\n<p>Les dur\u00e9es des ondes P et de QRS sont dans les normes (40 et 50 ms).<\/p>\n<p>L&rsquo;axe de QRS est de 50\u00b0. L&rsquo;arythmie sinusale respiratoire est peu marqu\u00e9e.<\/p>\n<p>Il existe quelques signes droits:<\/p>\n<ul>\n<li style=\"list-style-type: none;\">\n<ul>\n<li>l&rsquo;amplitude de l&rsquo;onde P est de 0,47 mV<\/li>\n<li>Les ondes T sont biphasiques.<\/li>\n<\/ul>\n<\/li>\n<\/ul>","protected":false},"excerpt":{"rendered":"<p>La fr\u00e9quence de 140 \u00e0 160 bpm est habituelle pour un chien de ce format. Il n&rsquo;y a pas d&rsquo;anomalies du c\u0153ur gauche visible sur ce trac\u00e9. Les dur\u00e9es des ondes P et de QRS sont dans les normes (40 et 50 ms). L&rsquo;axe de QRS est de 50\u00b0. L&rsquo;arythmie sinusale respiratoire est peu marqu\u00e9e. &hellip; <a href=\"http:\/\/vet-ecg.ddns.net\/index.php\/mvd-debutante-chez-un-chihuahua\/\" class=\"more-link\">Continuer la lecture de <span class=\"screen-reader-text\">MVD d\u00e9butante chez un chihuahua<\/span><\/a><\/p>\n","protected":false},"author":1,"featured_media":0,"parent":0,"menu_order":0,"comment_status":"closed","ping_status":"closed","template":"","meta":{"footnotes":""},"class_list":["post-1800","page","type-page","status-publish","hentry"],"yoast_head":"<!-- This site is optimized with the Yoast SEO plugin v27.4 - https:\/\/yoast.com\/product\/yoast-seo-wordpress\/ -->\n<title>MVD d\u00e9butante chez un chihuahua - Blog d&#039;\u00e9lectrocardiographie v\u00e9t\u00e9rinaire<\/title>\n<meta name=\"description\" content=\"MVD d\u00e9butante chez un chihuahua. Seuls, quelques signes de coeur droit sont pr\u00e9sents sur ce trac\u00e9: Ondes P hypervolt\u00e9es et ondes T biphasiques.\" \/>\n<meta name=\"robots\" content=\"index, follow, max-snippet:-1, max-image-preview:large, max-video-preview:-1\" \/>\n<link rel=\"canonical\" href=\"http:\/\/vet-ecg.ddns.net\/index.php\/mvd-debutante-chez-un-chihuahua\/\" \/>\n<script type=\"application\/ld+json\" class=\"yoast-schema-graph\">{\"@context\":\"https:\\\/\\\/schema.org\",\"@graph\":[{\"@type\":\"WebPage\",\"@id\":\"http:\\\/\\\/vet-ecg.ddns.net\\\/index.php\\\/mvd-debutante-chez-un-chihuahua\\\/\",\"url\":\"http:\\\/\\\/vet-ecg.ddns.net\\\/index.php\\\/mvd-debutante-chez-un-chihuahua\\\/\",\"name\":\"MVD d\u00e9butante chez un chihuahua - Blog d&#039;\u00e9lectrocardiographie v\u00e9t\u00e9rinaire\",\"isPartOf\":{\"@id\":\"http:\\\/\\\/vet-ecg.ddns.net\\\/#website\"},\"primaryImageOfPage\":{\"@id\":\"http:\\\/\\\/vet-ecg.ddns.net\\\/index.php\\\/mvd-debutante-chez-un-chihuahua\\\/#primaryimage\"},\"image\":{\"@id\":\"http:\\\/\\\/vet-ecg.ddns.net\\\/index.php\\\/mvd-debutante-chez-un-chihuahua\\\/#primaryimage\"},\"thumbnailUrl\":\"http:\\\/\\\/vet-ecg.ddns.net\\\/wp-content\\\/uploads\\\/mvd-chihuahua-st1.jpg\",\"datePublished\":\"2019-06-01T16:48:18+00:00\",\"dateModified\":\"2019-12-07T21:41:10+00:00\",\"description\":\"MVD d\u00e9butante chez un chihuahua. Seuls, quelques signes de coeur droit sont pr\u00e9sents sur ce trac\u00e9: Ondes P hypervolt\u00e9es et ondes T biphasiques.\",\"breadcrumb\":{\"@id\":\"http:\\\/\\\/vet-ecg.ddns.net\\\/index.php\\\/mvd-debutante-chez-un-chihuahua\\\/#breadcrumb\"},\"inLanguage\":\"fr-FR\",\"potentialAction\":[{\"@type\":\"ReadAction\",\"target\":[\"http:\\\/\\\/vet-ecg.ddns.net\\\/index.php\\\/mvd-debutante-chez-un-chihuahua\\\/\"]}]},{\"@type\":\"ImageObject\",\"inLanguage\":\"fr-FR\",\"@id\":\"http:\\\/\\\/vet-ecg.ddns.net\\\/index.php\\\/mvd-debutante-chez-un-chihuahua\\\/#primaryimage\",\"url\":\"http:\\\/\\\/vet-ecg.ddns.net\\\/wp-content\\\/uploads\\\/mvd-chihuahua-st1.jpg\",\"contentUrl\":\"http:\\\/\\\/vet-ecg.ddns.net\\\/wp-content\\\/uploads\\\/mvd-chihuahua-st1.jpg\",\"width\":2839,\"height\":1985,\"caption\":\"trac\u00e9 de mvd de stade 1 ISACHC chez un chihuahua de 2,5 kg\"},{\"@type\":\"BreadcrumbList\",\"@id\":\"http:\\\/\\\/vet-ecg.ddns.net\\\/index.php\\\/mvd-debutante-chez-un-chihuahua\\\/#breadcrumb\",\"itemListElement\":[{\"@type\":\"ListItem\",\"position\":1,\"name\":\"Accueil\",\"item\":\"http:\\\/\\\/vet-ecg.ddns.net\\\/\"},{\"@type\":\"ListItem\",\"position\":2,\"name\":\"MVD d\u00e9butante chez un chihuahua\"}]},{\"@type\":\"WebSite\",\"@id\":\"http:\\\/\\\/vet-ecg.ddns.net\\\/#website\",\"url\":\"http:\\\/\\\/vet-ecg.ddns.net\\\/\",\"name\":\"Blog d&#039;\u00e9lectrocardiographie v\u00e9t\u00e9rinaire\",\"description\":\"recueil d&#039;ECG de chiens et de chats\",\"publisher\":{\"@id\":\"http:\\\/\\\/vet-ecg.ddns.net\\\/#\\\/schema\\\/person\\\/fec4070a47e235fed904fab73cae00b4\"},\"alternateName\":\"\u00e9lectrocardiographie v\u00e9t\u00e9rinaire\",\"potentialAction\":[{\"@type\":\"SearchAction\",\"target\":{\"@type\":\"EntryPoint\",\"urlTemplate\":\"http:\\\/\\\/vet-ecg.ddns.net\\\/?s={search_term_string}\"},\"query-input\":{\"@type\":\"PropertyValueSpecification\",\"valueRequired\":true,\"valueName\":\"search_term_string\"}}],\"inLanguage\":\"fr-FR\"},{\"@type\":[\"Person\",\"Organization\"],\"@id\":\"http:\\\/\\\/vet-ecg.ddns.net\\\/#\\\/schema\\\/person\\\/fec4070a47e235fed904fab73cae00b4\",\"name\":\"admin\",\"image\":{\"@type\":\"ImageObject\",\"inLanguage\":\"fr-FR\",\"@id\":\"http:\\\/\\\/vet-ecg.ddns.net\\\/wp-content\\\/uploads\\\/2018\\\/04\\\/Zelda-2-ECG-248.jpg\",\"url\":\"http:\\\/\\\/vet-ecg.ddns.net\\\/wp-content\\\/uploads\\\/2018\\\/04\\\/Zelda-2-ECG-248.jpg\",\"contentUrl\":\"http:\\\/\\\/vet-ecg.ddns.net\\\/wp-content\\\/uploads\\\/2018\\\/04\\\/Zelda-2-ECG-248.jpg\",\"width\":248,\"height\":248,\"caption\":\"admin\"},\"logo\":{\"@id\":\"http:\\\/\\\/vet-ecg.ddns.net\\\/wp-content\\\/uploads\\\/2018\\\/04\\\/Zelda-2-ECG-248.jpg\"},\"description\":\"Les trac\u00e9s publi\u00e9s sur ce site sont issus de diff\u00e9rentes cliniques v\u00e9t\u00e9rinaires de Paris et de sa banlieue durant les 10 derni\u00e8res ann\u00e9es. Les ECG r\u00e9alis\u00e9s ont \u00e9t\u00e9 r\u00e9alis\u00e9s sur des chiens et des chats qui ont tous b\u00e9n\u00e9fici\u00e9 d'une \u00e9chocardiographie.\"}]}<\/script>\n<!-- \/ Yoast SEO plugin. -->","yoast_head_json":{"title":"MVD d\u00e9butante chez un chihuahua - Blog d&#039;\u00e9lectrocardiographie v\u00e9t\u00e9rinaire","description":"MVD d\u00e9butante chez un chihuahua. Seuls, quelques signes de coeur droit sont pr\u00e9sents sur ce trac\u00e9: Ondes P hypervolt\u00e9es et ondes T biphasiques.","robots":{"index":"index","follow":"follow","max-snippet":"max-snippet:-1","max-image-preview":"max-image-preview:large","max-video-preview":"max-video-preview:-1"},"canonical":"http:\/\/vet-ecg.ddns.net\/index.php\/mvd-debutante-chez-un-chihuahua\/","schema":{"@context":"https:\/\/schema.org","@graph":[{"@type":"WebPage","@id":"http:\/\/vet-ecg.ddns.net\/index.php\/mvd-debutante-chez-un-chihuahua\/","url":"http:\/\/vet-ecg.ddns.net\/index.php\/mvd-debutante-chez-un-chihuahua\/","name":"MVD d\u00e9butante chez un chihuahua - Blog d&#039;\u00e9lectrocardiographie v\u00e9t\u00e9rinaire","isPartOf":{"@id":"http:\/\/vet-ecg.ddns.net\/#website"},"primaryImageOfPage":{"@id":"http:\/\/vet-ecg.ddns.net\/index.php\/mvd-debutante-chez-un-chihuahua\/#primaryimage"},"image":{"@id":"http:\/\/vet-ecg.ddns.net\/index.php\/mvd-debutante-chez-un-chihuahua\/#primaryimage"},"thumbnailUrl":"http:\/\/vet-ecg.ddns.net\/wp-content\/uploads\/mvd-chihuahua-st1.jpg","datePublished":"2019-06-01T16:48:18+00:00","dateModified":"2019-12-07T21:41:10+00:00","description":"MVD d\u00e9butante chez un chihuahua. Seuls, quelques signes de coeur droit sont pr\u00e9sents sur ce trac\u00e9: Ondes P hypervolt\u00e9es et ondes T biphasiques.","breadcrumb":{"@id":"http:\/\/vet-ecg.ddns.net\/index.php\/mvd-debutante-chez-un-chihuahua\/#breadcrumb"},"inLanguage":"fr-FR","potentialAction":[{"@type":"ReadAction","target":["http:\/\/vet-ecg.ddns.net\/index.php\/mvd-debutante-chez-un-chihuahua\/"]}]},{"@type":"ImageObject","inLanguage":"fr-FR","@id":"http:\/\/vet-ecg.ddns.net\/index.php\/mvd-debutante-chez-un-chihuahua\/#primaryimage","url":"http:\/\/vet-ecg.ddns.net\/wp-content\/uploads\/mvd-chihuahua-st1.jpg","contentUrl":"http:\/\/vet-ecg.ddns.net\/wp-content\/uploads\/mvd-chihuahua-st1.jpg","width":2839,"height":1985,"caption":"trac\u00e9 de mvd de stade 1 ISACHC chez un chihuahua de 2,5 kg"},{"@type":"BreadcrumbList","@id":"http:\/\/vet-ecg.ddns.net\/index.php\/mvd-debutante-chez-un-chihuahua\/#breadcrumb","itemListElement":[{"@type":"ListItem","position":1,"name":"Accueil","item":"http:\/\/vet-ecg.ddns.net\/"},{"@type":"ListItem","position":2,"name":"MVD d\u00e9butante chez un chihuahua"}]},{"@type":"WebSite","@id":"http:\/\/vet-ecg.ddns.net\/#website","url":"http:\/\/vet-ecg.ddns.net\/","name":"Blog d&#039;\u00e9lectrocardiographie v\u00e9t\u00e9rinaire","description":"recueil d&#039;ECG de chiens et de chats","publisher":{"@id":"http:\/\/vet-ecg.ddns.net\/#\/schema\/person\/fec4070a47e235fed904fab73cae00b4"},"alternateName":"\u00e9lectrocardiographie v\u00e9t\u00e9rinaire","potentialAction":[{"@type":"SearchAction","target":{"@type":"EntryPoint","urlTemplate":"http:\/\/vet-ecg.ddns.net\/?s={search_term_string}"},"query-input":{"@type":"PropertyValueSpecification","valueRequired":true,"valueName":"search_term_string"}}],"inLanguage":"fr-FR"},{"@type":["Person","Organization"],"@id":"http:\/\/vet-ecg.ddns.net\/#\/schema\/person\/fec4070a47e235fed904fab73cae00b4","name":"admin","image":{"@type":"ImageObject","inLanguage":"fr-FR","@id":"http:\/\/vet-ecg.ddns.net\/wp-content\/uploads\/2018\/04\/Zelda-2-ECG-248.jpg","url":"http:\/\/vet-ecg.ddns.net\/wp-content\/uploads\/2018\/04\/Zelda-2-ECG-248.jpg","contentUrl":"http:\/\/vet-ecg.ddns.net\/wp-content\/uploads\/2018\/04\/Zelda-2-ECG-248.jpg","width":248,"height":248,"caption":"admin"},"logo":{"@id":"http:\/\/vet-ecg.ddns.net\/wp-content\/uploads\/2018\/04\/Zelda-2-ECG-248.jpg"},"description":"Les trac\u00e9s publi\u00e9s sur ce site sont issus de diff\u00e9rentes cliniques v\u00e9t\u00e9rinaires de Paris et de sa banlieue durant les 10 derni\u00e8res ann\u00e9es. Les ECG r\u00e9alis\u00e9s ont \u00e9t\u00e9 r\u00e9alis\u00e9s sur des chiens et des chats qui ont tous b\u00e9n\u00e9fici\u00e9 d'une \u00e9chocardiographie."}]}},"_links":{"self":[{"href":"http:\/\/vet-ecg.ddns.net\/index.php\/wp-json\/wp\/v2\/pages\/1800","targetHints":{"allow":["GET"]}}],"collection":[{"href":"http:\/\/vet-ecg.ddns.net\/index.php\/wp-json\/wp\/v2\/pages"}],"about":[{"href":"http:\/\/vet-ecg.ddns.net\/index.php\/wp-json\/wp\/v2\/types\/page"}],"author":[{"embeddable":true,"href":"http:\/\/vet-ecg.ddns.net\/index.php\/wp-json\/wp\/v2\/users\/1"}],"replies":[{"embeddable":true,"href":"http:\/\/vet-ecg.ddns.net\/index.php\/wp-json\/wp\/v2\/comments?post=1800"}],"version-history":[{"count":0,"href":"http:\/\/vet-ecg.ddns.net\/index.php\/wp-json\/wp\/v2\/pages\/1800\/revisions"}],"wp:attachment":[{"href":"http:\/\/vet-ecg.ddns.net\/index.php\/wp-json\/wp\/v2\/media?parent=1800"}],"curies":[{"name":"wp","href":"https:\/\/api.w.org\/{rel}","templated":true}]}}