{"id":1552,"date":"2019-04-19T10:24:20","date_gmt":"2019-04-19T08:24:20","guid":{"rendered":"http:\/\/192.168.1.104\/?page_id=1552"},"modified":"2019-11-07T18:34:37","modified_gmt":"2019-11-07T17:34:37","slug":"hemibloc-posterieur-gauche","status":"publish","type":"page","link":"http:\/\/vet-ecg.ddns.net\/index.php\/hemibloc-posterieur-gauche\/","title":{"rendered":"H\u00e9mibloc post\u00e9rieur gauche"},"content":{"rendered":"\n<figure class=\"wp-block-image\"><img loading=\"lazy\" decoding=\"async\" width=\"1998\" height=\"1795\" src=\"http:\/\/vet-ecg.ddns.net\/wp-content\/uploads\/hbpg.jpg\" alt=\"H\u00e9mibloc post\u00e9rieur gauche\" class=\"wp-image-1553\"\/><figcaption>H\u00e9mibloc post\u00e9rieur gauche<\/figcaption><\/figure>\n\n\n\n<p>Les crit\u00e8res retenus pour caract\u00e9riser un h\u00e9mibloc post\u00e9rieur gauche, encore d\u00e9nomm\u00e9 bloc fasciculaire post\u00e9rieur gauche, sont r\u00e9unis ici:<\/p>\n\n\n\n<ul class=\"wp-block-list\"><li>D1&lt;0 <\/li><li>AVF&gt;0<\/li><li>Aspect rS en D1 et AVL<\/li><li>Aspect qR en D3 et AVF<br><\/li><\/ul>\n\n\n\n<p>Par ailleurs, le rythme est sinusal (110 \u00e0 160 bpm), l&rsquo;intervalle PR est de 100 ms et la dur\u00e9e de QRS mod\u00e9r\u00e9ment augment\u00e9e: 60 ms).<\/p>\n\n\n\n<p>enfin, sur ce trac\u00e9, l&rsquo;axe de QRS est d&rsquo;environ 170\u00b0.  Ce chien de race shihtzu (8 kg)  pr\u00e9sentait  une l\u00e9g\u00e8re dilatation du ventricule droit \u00e0 l&rsquo;\u00e9chographie.<\/p>\n","protected":false},"excerpt":{"rendered":"<p>Les crit\u00e8res retenus pour caract\u00e9riser un h\u00e9mibloc post\u00e9rieur gauche, encore d\u00e9nomm\u00e9 bloc fasciculaire post\u00e9rieur gauche, sont r\u00e9unis ici: D1&lt;0 AVF&gt;0 Aspect rS en D1 et AVL Aspect qR en D3 et AVF Par ailleurs, le rythme est sinusal (110 \u00e0 160 bpm), l&rsquo;intervalle PR est de 100 ms et la dur\u00e9e de QRS mod\u00e9r\u00e9ment augment\u00e9e: &hellip; <a href=\"http:\/\/vet-ecg.ddns.net\/index.php\/hemibloc-posterieur-gauche\/\" class=\"more-link\">Continuer la lecture de <span class=\"screen-reader-text\">H\u00e9mibloc post\u00e9rieur gauche<\/span><\/a><\/p>\n","protected":false},"author":1,"featured_media":0,"parent":0,"menu_order":0,"comment_status":"closed","ping_status":"closed","template":"","meta":{"footnotes":""},"class_list":["post-1552","page","type-page","status-publish","hentry"],"yoast_head":"<!-- This site is optimized with the Yoast SEO plugin v27.4 - https:\/\/yoast.com\/product\/yoast-seo-wordpress\/ -->\n<title>H\u00e9mibloc post\u00e9rieur gauche - Blog d&#039;\u00e9lectrocardiographie v\u00e9t\u00e9rinaire<\/title>\n<meta name=\"description\" content=\"H\u00e9mibloc post\u00e9rieur gauche d\u00e9sormais appel\u00e9 bloc fasciculaire post\u00e9rieur gauche. On le rencontre plus rarement que le bloc fasciculaire ant\u00e9rieur gauche.\" \/>\n<meta name=\"robots\" content=\"index, follow, max-snippet:-1, max-image-preview:large, max-video-preview:-1\" \/>\n<link rel=\"canonical\" href=\"http:\/\/vet-ecg.ddns.net\/index.php\/hemibloc-posterieur-gauche\/\" \/>\n<script type=\"application\/ld+json\" class=\"yoast-schema-graph\">{\"@context\":\"https:\\\/\\\/schema.org\",\"@graph\":[{\"@type\":\"WebPage\",\"@id\":\"http:\\\/\\\/vet-ecg.ddns.net\\\/index.php\\\/hemibloc-posterieur-gauche\\\/\",\"url\":\"http:\\\/\\\/vet-ecg.ddns.net\\\/index.php\\\/hemibloc-posterieur-gauche\\\/\",\"name\":\"H\u00e9mibloc post\u00e9rieur gauche - Blog d&#039;\u00e9lectrocardiographie v\u00e9t\u00e9rinaire\",\"isPartOf\":{\"@id\":\"http:\\\/\\\/vet-ecg.ddns.net\\\/#website\"},\"primaryImageOfPage\":{\"@id\":\"http:\\\/\\\/vet-ecg.ddns.net\\\/index.php\\\/hemibloc-posterieur-gauche\\\/#primaryimage\"},\"image\":{\"@id\":\"http:\\\/\\\/vet-ecg.ddns.net\\\/index.php\\\/hemibloc-posterieur-gauche\\\/#primaryimage\"},\"thumbnailUrl\":\"http:\\\/\\\/vet-ecg.ddns.net\\\/wp-content\\\/uploads\\\/hbpg.jpg\",\"datePublished\":\"2019-04-19T08:24:20+00:00\",\"dateModified\":\"2019-11-07T17:34:37+00:00\",\"description\":\"H\u00e9mibloc post\u00e9rieur gauche d\u00e9sormais appel\u00e9 bloc fasciculaire post\u00e9rieur gauche. On le rencontre plus rarement que le bloc fasciculaire ant\u00e9rieur gauche.\",\"breadcrumb\":{\"@id\":\"http:\\\/\\\/vet-ecg.ddns.net\\\/index.php\\\/hemibloc-posterieur-gauche\\\/#breadcrumb\"},\"inLanguage\":\"fr-FR\",\"potentialAction\":[{\"@type\":\"ReadAction\",\"target\":[\"http:\\\/\\\/vet-ecg.ddns.net\\\/index.php\\\/hemibloc-posterieur-gauche\\\/\"]}]},{\"@type\":\"ImageObject\",\"inLanguage\":\"fr-FR\",\"@id\":\"http:\\\/\\\/vet-ecg.ddns.net\\\/index.php\\\/hemibloc-posterieur-gauche\\\/#primaryimage\",\"url\":\"http:\\\/\\\/vet-ecg.ddns.net\\\/wp-content\\\/uploads\\\/hbpg.jpg\",\"contentUrl\":\"http:\\\/\\\/vet-ecg.ddns.net\\\/wp-content\\\/uploads\\\/hbpg.jpg\",\"width\":1998,\"height\":1795},{\"@type\":\"BreadcrumbList\",\"@id\":\"http:\\\/\\\/vet-ecg.ddns.net\\\/index.php\\\/hemibloc-posterieur-gauche\\\/#breadcrumb\",\"itemListElement\":[{\"@type\":\"ListItem\",\"position\":1,\"name\":\"Accueil\",\"item\":\"http:\\\/\\\/vet-ecg.ddns.net\\\/\"},{\"@type\":\"ListItem\",\"position\":2,\"name\":\"H\u00e9mibloc post\u00e9rieur gauche\"}]},{\"@type\":\"WebSite\",\"@id\":\"http:\\\/\\\/vet-ecg.ddns.net\\\/#website\",\"url\":\"http:\\\/\\\/vet-ecg.ddns.net\\\/\",\"name\":\"Blog d&#039;\u00e9lectrocardiographie v\u00e9t\u00e9rinaire\",\"description\":\"recueil d&#039;ECG de chiens et de chats\",\"publisher\":{\"@id\":\"http:\\\/\\\/vet-ecg.ddns.net\\\/#\\\/schema\\\/person\\\/fec4070a47e235fed904fab73cae00b4\"},\"alternateName\":\"\u00e9lectrocardiographie v\u00e9t\u00e9rinaire\",\"potentialAction\":[{\"@type\":\"SearchAction\",\"target\":{\"@type\":\"EntryPoint\",\"urlTemplate\":\"http:\\\/\\\/vet-ecg.ddns.net\\\/?s={search_term_string}\"},\"query-input\":{\"@type\":\"PropertyValueSpecification\",\"valueRequired\":true,\"valueName\":\"search_term_string\"}}],\"inLanguage\":\"fr-FR\"},{\"@type\":[\"Person\",\"Organization\"],\"@id\":\"http:\\\/\\\/vet-ecg.ddns.net\\\/#\\\/schema\\\/person\\\/fec4070a47e235fed904fab73cae00b4\",\"name\":\"admin\",\"image\":{\"@type\":\"ImageObject\",\"inLanguage\":\"fr-FR\",\"@id\":\"http:\\\/\\\/vet-ecg.ddns.net\\\/wp-content\\\/uploads\\\/2018\\\/04\\\/Zelda-2-ECG-248.jpg\",\"url\":\"http:\\\/\\\/vet-ecg.ddns.net\\\/wp-content\\\/uploads\\\/2018\\\/04\\\/Zelda-2-ECG-248.jpg\",\"contentUrl\":\"http:\\\/\\\/vet-ecg.ddns.net\\\/wp-content\\\/uploads\\\/2018\\\/04\\\/Zelda-2-ECG-248.jpg\",\"width\":248,\"height\":248,\"caption\":\"admin\"},\"logo\":{\"@id\":\"http:\\\/\\\/vet-ecg.ddns.net\\\/wp-content\\\/uploads\\\/2018\\\/04\\\/Zelda-2-ECG-248.jpg\"},\"description\":\"Les trac\u00e9s publi\u00e9s sur ce site sont issus de diff\u00e9rentes cliniques v\u00e9t\u00e9rinaires de Paris et de sa banlieue durant les 10 derni\u00e8res ann\u00e9es. Les ECG r\u00e9alis\u00e9s ont \u00e9t\u00e9 r\u00e9alis\u00e9s sur des chiens et des chats qui ont tous b\u00e9n\u00e9fici\u00e9 d'une \u00e9chocardiographie.\"}]}<\/script>\n<!-- \/ Yoast SEO plugin. -->","yoast_head_json":{"title":"H\u00e9mibloc post\u00e9rieur gauche - Blog d&#039;\u00e9lectrocardiographie v\u00e9t\u00e9rinaire","description":"H\u00e9mibloc post\u00e9rieur gauche d\u00e9sormais appel\u00e9 bloc fasciculaire post\u00e9rieur gauche. On le rencontre plus rarement que le bloc fasciculaire ant\u00e9rieur gauche.","robots":{"index":"index","follow":"follow","max-snippet":"max-snippet:-1","max-image-preview":"max-image-preview:large","max-video-preview":"max-video-preview:-1"},"canonical":"http:\/\/vet-ecg.ddns.net\/index.php\/hemibloc-posterieur-gauche\/","schema":{"@context":"https:\/\/schema.org","@graph":[{"@type":"WebPage","@id":"http:\/\/vet-ecg.ddns.net\/index.php\/hemibloc-posterieur-gauche\/","url":"http:\/\/vet-ecg.ddns.net\/index.php\/hemibloc-posterieur-gauche\/","name":"H\u00e9mibloc post\u00e9rieur gauche - Blog d&#039;\u00e9lectrocardiographie v\u00e9t\u00e9rinaire","isPartOf":{"@id":"http:\/\/vet-ecg.ddns.net\/#website"},"primaryImageOfPage":{"@id":"http:\/\/vet-ecg.ddns.net\/index.php\/hemibloc-posterieur-gauche\/#primaryimage"},"image":{"@id":"http:\/\/vet-ecg.ddns.net\/index.php\/hemibloc-posterieur-gauche\/#primaryimage"},"thumbnailUrl":"http:\/\/vet-ecg.ddns.net\/wp-content\/uploads\/hbpg.jpg","datePublished":"2019-04-19T08:24:20+00:00","dateModified":"2019-11-07T17:34:37+00:00","description":"H\u00e9mibloc post\u00e9rieur gauche d\u00e9sormais appel\u00e9 bloc fasciculaire post\u00e9rieur gauche. On le rencontre plus rarement que le bloc fasciculaire ant\u00e9rieur gauche.","breadcrumb":{"@id":"http:\/\/vet-ecg.ddns.net\/index.php\/hemibloc-posterieur-gauche\/#breadcrumb"},"inLanguage":"fr-FR","potentialAction":[{"@type":"ReadAction","target":["http:\/\/vet-ecg.ddns.net\/index.php\/hemibloc-posterieur-gauche\/"]}]},{"@type":"ImageObject","inLanguage":"fr-FR","@id":"http:\/\/vet-ecg.ddns.net\/index.php\/hemibloc-posterieur-gauche\/#primaryimage","url":"http:\/\/vet-ecg.ddns.net\/wp-content\/uploads\/hbpg.jpg","contentUrl":"http:\/\/vet-ecg.ddns.net\/wp-content\/uploads\/hbpg.jpg","width":1998,"height":1795},{"@type":"BreadcrumbList","@id":"http:\/\/vet-ecg.ddns.net\/index.php\/hemibloc-posterieur-gauche\/#breadcrumb","itemListElement":[{"@type":"ListItem","position":1,"name":"Accueil","item":"http:\/\/vet-ecg.ddns.net\/"},{"@type":"ListItem","position":2,"name":"H\u00e9mibloc post\u00e9rieur gauche"}]},{"@type":"WebSite","@id":"http:\/\/vet-ecg.ddns.net\/#website","url":"http:\/\/vet-ecg.ddns.net\/","name":"Blog d&#039;\u00e9lectrocardiographie v\u00e9t\u00e9rinaire","description":"recueil d&#039;ECG de chiens et de chats","publisher":{"@id":"http:\/\/vet-ecg.ddns.net\/#\/schema\/person\/fec4070a47e235fed904fab73cae00b4"},"alternateName":"\u00e9lectrocardiographie v\u00e9t\u00e9rinaire","potentialAction":[{"@type":"SearchAction","target":{"@type":"EntryPoint","urlTemplate":"http:\/\/vet-ecg.ddns.net\/?s={search_term_string}"},"query-input":{"@type":"PropertyValueSpecification","valueRequired":true,"valueName":"search_term_string"}}],"inLanguage":"fr-FR"},{"@type":["Person","Organization"],"@id":"http:\/\/vet-ecg.ddns.net\/#\/schema\/person\/fec4070a47e235fed904fab73cae00b4","name":"admin","image":{"@type":"ImageObject","inLanguage":"fr-FR","@id":"http:\/\/vet-ecg.ddns.net\/wp-content\/uploads\/2018\/04\/Zelda-2-ECG-248.jpg","url":"http:\/\/vet-ecg.ddns.net\/wp-content\/uploads\/2018\/04\/Zelda-2-ECG-248.jpg","contentUrl":"http:\/\/vet-ecg.ddns.net\/wp-content\/uploads\/2018\/04\/Zelda-2-ECG-248.jpg","width":248,"height":248,"caption":"admin"},"logo":{"@id":"http:\/\/vet-ecg.ddns.net\/wp-content\/uploads\/2018\/04\/Zelda-2-ECG-248.jpg"},"description":"Les trac\u00e9s publi\u00e9s sur ce site sont issus de diff\u00e9rentes cliniques v\u00e9t\u00e9rinaires de Paris et de sa banlieue durant les 10 derni\u00e8res ann\u00e9es. Les ECG r\u00e9alis\u00e9s ont \u00e9t\u00e9 r\u00e9alis\u00e9s sur des chiens et des chats qui ont tous b\u00e9n\u00e9fici\u00e9 d'une \u00e9chocardiographie."}]}},"_links":{"self":[{"href":"http:\/\/vet-ecg.ddns.net\/index.php\/wp-json\/wp\/v2\/pages\/1552","targetHints":{"allow":["GET"]}}],"collection":[{"href":"http:\/\/vet-ecg.ddns.net\/index.php\/wp-json\/wp\/v2\/pages"}],"about":[{"href":"http:\/\/vet-ecg.ddns.net\/index.php\/wp-json\/wp\/v2\/types\/page"}],"author":[{"embeddable":true,"href":"http:\/\/vet-ecg.ddns.net\/index.php\/wp-json\/wp\/v2\/users\/1"}],"replies":[{"embeddable":true,"href":"http:\/\/vet-ecg.ddns.net\/index.php\/wp-json\/wp\/v2\/comments?post=1552"}],"version-history":[{"count":0,"href":"http:\/\/vet-ecg.ddns.net\/index.php\/wp-json\/wp\/v2\/pages\/1552\/revisions"}],"wp:attachment":[{"href":"http:\/\/vet-ecg.ddns.net\/index.php\/wp-json\/wp\/v2\/media?parent=1552"}],"curies":[{"name":"wp","href":"https:\/\/api.w.org\/{rel}","templated":true}]}}