{"id":1096,"date":"2018-11-19T10:06:56","date_gmt":"2018-11-19T09:06:56","guid":{"rendered":"http:\/\/192.168.1.104\/?page_id=1096"},"modified":"2019-12-03T11:05:27","modified_gmt":"2019-12-03T10:05:27","slug":"cardiomyopathie-dilatee-et-valvulopathie","status":"publish","type":"page","link":"http:\/\/vet-ecg.ddns.net\/index.php\/cardiomyopathie-dilatee-et-valvulopathie\/","title":{"rendered":"cmd d\u00e9butante et valvulopathie"},"content":{"rendered":"<figure id=\"attachment_1097\" aria-describedby=\"caption-attachment-1097\" style=\"width: 2200px\" class=\"wp-caption alignnone\"><img loading=\"lazy\" decoding=\"async\" class=\"wp-image-1097 size-full\" src=\"http:\/\/vet-ecg.ddns.net\/wp-content\/uploads\/cmd-labrador-2.jpg\" alt=\" Labrador de 22 kg atteint de cardiomyopathie dilat\u00e9e et de maladie valvulaire d\u00e9g\u00e9n\u00e9rative.  \" width=\"2200\" height=\"1773\"><figcaption id=\"caption-attachment-1097\" class=\"wp-caption-text\">ECG de labrador atteint de cardiomyopathie dilat\u00e9e associ\u00e9e \u00e0 une valvulopathie<\/figcaption><\/figure>\n<p>Cmd d\u00e9butante et valvulopathie sont, associ\u00e9es sur ce trac\u00e9 enregistr\u00e9 \u00e0 25 mm\/ et 5 mm\/mV.<\/p>\n<p>Le rythme sinusal de ce labrador de 22 kg pr\u00e9sente une fr\u00e9quence habituelle (110-150 bpm). Il est entrecoup\u00e9 par une extrasystole ventriculaire droite suivie d&rsquo;un repos compensateur.<\/p>\n<p>Par ailleurs, la dur\u00e9e des ondes P atteint 60 ms et celle des QRS, 70 ms.<\/p>\n<p>L&rsquo;amplitude des QRS est mod\u00e9r\u00e9ment \u00e9lev\u00e9e: 2.8 mV<\/p>\n<p>La morphologie des QRS dans la d\u00e9rivation AVL est inhabituelle.<\/p>\n<p>Il existe un sous-d\u00e9calage ST.<\/p>\n<p>L&rsquo;ensemble de&nbsp; ces signes n&rsquo;est habituellement pas rencontr\u00e9 sur les maladies valvulaires d\u00e9g\u00e9n\u00e9ratives d\u00e9butantes (stade 1a ISACHC)<\/p>\n<p>Par ailleurs on remarque des ondes T sont bifides.<\/p>\n<p>L&rsquo;\u00e9chographie a r\u00e9v\u00e9l\u00e9 une cardiomyopathie dilat\u00e9e d\u00e9butante et une valvulopathie de stade 1.<\/p>\n\n\n<!--more-->\n\n\n<h3><strong>Autre cas de cmd associ\u00e9e \u00e0 une mvd:<\/strong><\/h3>\n\n\n<figure class=\"wp-block-image size-large\"><img loading=\"lazy\" decoding=\"async\" width=\"1778\" height=\"2250\" src=\"http:\/\/vet-ecg.ddns.net\/wp-content\/uploads\/cmd-mvd.jpg\" alt=\"\" class=\"wp-image-2846\"\/><figcaption>cavalier king charles de 5 ans pr\u00e9sentant une cmd et une mvd<\/figcaption><\/figure>\n\n\n<p>Il s&rsquo;agit, ici, d&rsquo;un jeune chien de 11 kg. Le trac\u00e9 est \u00e9galement enregistr\u00e9 \u00e0 25 mm\/s et 5 mm\/mV.<\/p>\n<p>L&rsquo;\u00e9chocardiographie met en \u00e9vidence une cardiomyopathie dilat\u00e9e associ\u00e9e \u00e0 une valvulopathie de stade 2 (ISACHC). La fraction de raccourcissement est de 20%. Il n&rsquo;y a pas de rupture de cordages tendineux mitraux.<\/p>\n<p>La dur\u00e9e des QRS est mod\u00e9r\u00e9ment augment\u00e9e mais l&rsquo;amplitude des QRS est tr\u00e8s \u00e9lev\u00e9e (3.7 mV en D2).<\/p>\n<p>La dur\u00e9e de l&rsquo;onde P d\u00e9passe les 50 ms et elle a un aspect bifide en D3.<\/p>\n<p>Les ondes Q sont tr\u00e8s profondes (1.35 mV en D1)<\/p>\n<p>La branche ascendante du QRS en D3 est crochet\u00e9e.<\/p>\n<p>Le sous-d\u00e9calage ST est marqu\u00e9.<\/p>\n<p>L&rsquo;ensemble de ces crit\u00e8res ne se rencontre habituellement par lors d&rsquo;une maladie valvulaire d\u00e9g\u00e9n\u00e9rative de stade 2.<\/p>\n<p>\u00a0<\/p>","protected":false},"excerpt":{"rendered":"<p>Cmd d\u00e9butante et valvulopathie sont, associ\u00e9es sur ce trac\u00e9 enregistr\u00e9 \u00e0 25 mm\/ et 5 mm\/mV. Le rythme sinusal de ce labrador de 22 kg pr\u00e9sente une fr\u00e9quence habituelle (110-150 bpm). Il est entrecoup\u00e9 par une extrasystole ventriculaire droite suivie d&rsquo;un repos compensateur. Par ailleurs, la dur\u00e9e des ondes P atteint 60 ms et celle &hellip; <a href=\"http:\/\/vet-ecg.ddns.net\/index.php\/cardiomyopathie-dilatee-et-valvulopathie\/\" class=\"more-link\">Continuer la lecture de <span class=\"screen-reader-text\">cmd d\u00e9butante et valvulopathie<\/span><\/a><\/p>\n","protected":false},"author":1,"featured_media":0,"parent":0,"menu_order":0,"comment_status":"closed","ping_status":"closed","template":"","meta":{"footnotes":""},"class_list":["post-1096","page","type-page","status-publish","hentry"],"yoast_head":"<!-- This site is optimized with the Yoast SEO plugin v27.4 - https:\/\/yoast.com\/product\/yoast-seo-wordpress\/ -->\n<title>cmd d\u00e9butante et valvulopathie - Blog d&#039;\u00e9lectrocardiographie v\u00e9t\u00e9rinaire<\/title>\n<meta name=\"description\" content=\"CMD d\u00e9butante et valvulopathie sont pr\u00e9sentes simultan\u00e9ment chez ce labrador. Les perturbations \u00e9lectrocardiographiques sont mod\u00e9r\u00e9es.\" \/>\n<meta name=\"robots\" content=\"index, follow, max-snippet:-1, max-image-preview:large, max-video-preview:-1\" \/>\n<link rel=\"canonical\" href=\"http:\/\/vet-ecg.ddns.net\/index.php\/cardiomyopathie-dilatee-et-valvulopathie\/\" \/>\n<meta name=\"twitter:label1\" content=\"Dur\u00e9e de lecture estim\u00e9e\" \/>\n\t<meta name=\"twitter:data1\" content=\"2 minutes\" \/>\n<script type=\"application\/ld+json\" class=\"yoast-schema-graph\">{\"@context\":\"https:\\\/\\\/schema.org\",\"@graph\":[{\"@type\":\"WebPage\",\"@id\":\"http:\\\/\\\/vet-ecg.ddns.net\\\/index.php\\\/cardiomyopathie-dilatee-et-valvulopathie\\\/\",\"url\":\"http:\\\/\\\/vet-ecg.ddns.net\\\/index.php\\\/cardiomyopathie-dilatee-et-valvulopathie\\\/\",\"name\":\"cmd d\u00e9butante et valvulopathie - Blog d&#039;\u00e9lectrocardiographie v\u00e9t\u00e9rinaire\",\"isPartOf\":{\"@id\":\"http:\\\/\\\/vet-ecg.ddns.net\\\/#website\"},\"primaryImageOfPage\":{\"@id\":\"http:\\\/\\\/vet-ecg.ddns.net\\\/index.php\\\/cardiomyopathie-dilatee-et-valvulopathie\\\/#primaryimage\"},\"image\":{\"@id\":\"http:\\\/\\\/vet-ecg.ddns.net\\\/index.php\\\/cardiomyopathie-dilatee-et-valvulopathie\\\/#primaryimage\"},\"thumbnailUrl\":\"http:\\\/\\\/vet-ecg.ddns.net\\\/wp-content\\\/uploads\\\/cmd-labrador-2.jpg\",\"datePublished\":\"2018-11-19T09:06:56+00:00\",\"dateModified\":\"2019-12-03T10:05:27+00:00\",\"description\":\"CMD d\u00e9butante et valvulopathie sont pr\u00e9sentes simultan\u00e9ment chez ce labrador. Les perturbations \u00e9lectrocardiographiques sont mod\u00e9r\u00e9es.\",\"breadcrumb\":{\"@id\":\"http:\\\/\\\/vet-ecg.ddns.net\\\/index.php\\\/cardiomyopathie-dilatee-et-valvulopathie\\\/#breadcrumb\"},\"inLanguage\":\"fr-FR\",\"potentialAction\":[{\"@type\":\"ReadAction\",\"target\":[\"http:\\\/\\\/vet-ecg.ddns.net\\\/index.php\\\/cardiomyopathie-dilatee-et-valvulopathie\\\/\"]}]},{\"@type\":\"ImageObject\",\"inLanguage\":\"fr-FR\",\"@id\":\"http:\\\/\\\/vet-ecg.ddns.net\\\/index.php\\\/cardiomyopathie-dilatee-et-valvulopathie\\\/#primaryimage\",\"url\":\"http:\\\/\\\/vet-ecg.ddns.net\\\/wp-content\\\/uploads\\\/cmd-labrador-2.jpg\",\"contentUrl\":\"http:\\\/\\\/vet-ecg.ddns.net\\\/wp-content\\\/uploads\\\/cmd-labrador-2.jpg\",\"width\":2200,\"height\":1773,\"caption\":\"QRS en 'w' dans la d\u00e9rivation AVL, Ondes T bifides et extrasystole ventriculaire droite.\"},{\"@type\":\"BreadcrumbList\",\"@id\":\"http:\\\/\\\/vet-ecg.ddns.net\\\/index.php\\\/cardiomyopathie-dilatee-et-valvulopathie\\\/#breadcrumb\",\"itemListElement\":[{\"@type\":\"ListItem\",\"position\":1,\"name\":\"Accueil\",\"item\":\"http:\\\/\\\/vet-ecg.ddns.net\\\/\"},{\"@type\":\"ListItem\",\"position\":2,\"name\":\"cmd d\u00e9butante et valvulopathie\"}]},{\"@type\":\"WebSite\",\"@id\":\"http:\\\/\\\/vet-ecg.ddns.net\\\/#website\",\"url\":\"http:\\\/\\\/vet-ecg.ddns.net\\\/\",\"name\":\"Blog d&#039;\u00e9lectrocardiographie v\u00e9t\u00e9rinaire\",\"description\":\"recueil d&#039;ECG de chiens et de chats\",\"publisher\":{\"@id\":\"http:\\\/\\\/vet-ecg.ddns.net\\\/#\\\/schema\\\/person\\\/fec4070a47e235fed904fab73cae00b4\"},\"alternateName\":\"\u00e9lectrocardiographie v\u00e9t\u00e9rinaire\",\"potentialAction\":[{\"@type\":\"SearchAction\",\"target\":{\"@type\":\"EntryPoint\",\"urlTemplate\":\"http:\\\/\\\/vet-ecg.ddns.net\\\/?s={search_term_string}\"},\"query-input\":{\"@type\":\"PropertyValueSpecification\",\"valueRequired\":true,\"valueName\":\"search_term_string\"}}],\"inLanguage\":\"fr-FR\"},{\"@type\":[\"Person\",\"Organization\"],\"@id\":\"http:\\\/\\\/vet-ecg.ddns.net\\\/#\\\/schema\\\/person\\\/fec4070a47e235fed904fab73cae00b4\",\"name\":\"admin\",\"image\":{\"@type\":\"ImageObject\",\"inLanguage\":\"fr-FR\",\"@id\":\"http:\\\/\\\/vet-ecg.ddns.net\\\/wp-content\\\/uploads\\\/2018\\\/04\\\/Zelda-2-ECG-248.jpg\",\"url\":\"http:\\\/\\\/vet-ecg.ddns.net\\\/wp-content\\\/uploads\\\/2018\\\/04\\\/Zelda-2-ECG-248.jpg\",\"contentUrl\":\"http:\\\/\\\/vet-ecg.ddns.net\\\/wp-content\\\/uploads\\\/2018\\\/04\\\/Zelda-2-ECG-248.jpg\",\"width\":248,\"height\":248,\"caption\":\"admin\"},\"logo\":{\"@id\":\"http:\\\/\\\/vet-ecg.ddns.net\\\/wp-content\\\/uploads\\\/2018\\\/04\\\/Zelda-2-ECG-248.jpg\"},\"description\":\"Les trac\u00e9s publi\u00e9s sur ce site sont issus de diff\u00e9rentes cliniques v\u00e9t\u00e9rinaires de Paris et de sa banlieue durant les 10 derni\u00e8res ann\u00e9es. Les ECG r\u00e9alis\u00e9s ont \u00e9t\u00e9 r\u00e9alis\u00e9s sur des chiens et des chats qui ont tous b\u00e9n\u00e9fici\u00e9 d'une \u00e9chocardiographie.\"}]}<\/script>\n<!-- \/ Yoast SEO plugin. -->","yoast_head_json":{"title":"cmd d\u00e9butante et valvulopathie - Blog d&#039;\u00e9lectrocardiographie v\u00e9t\u00e9rinaire","description":"CMD d\u00e9butante et valvulopathie sont pr\u00e9sentes simultan\u00e9ment chez ce labrador. Les perturbations \u00e9lectrocardiographiques sont mod\u00e9r\u00e9es.","robots":{"index":"index","follow":"follow","max-snippet":"max-snippet:-1","max-image-preview":"max-image-preview:large","max-video-preview":"max-video-preview:-1"},"canonical":"http:\/\/vet-ecg.ddns.net\/index.php\/cardiomyopathie-dilatee-et-valvulopathie\/","twitter_misc":{"Dur\u00e9e de lecture estim\u00e9e":"2 minutes"},"schema":{"@context":"https:\/\/schema.org","@graph":[{"@type":"WebPage","@id":"http:\/\/vet-ecg.ddns.net\/index.php\/cardiomyopathie-dilatee-et-valvulopathie\/","url":"http:\/\/vet-ecg.ddns.net\/index.php\/cardiomyopathie-dilatee-et-valvulopathie\/","name":"cmd d\u00e9butante et valvulopathie - Blog d&#039;\u00e9lectrocardiographie v\u00e9t\u00e9rinaire","isPartOf":{"@id":"http:\/\/vet-ecg.ddns.net\/#website"},"primaryImageOfPage":{"@id":"http:\/\/vet-ecg.ddns.net\/index.php\/cardiomyopathie-dilatee-et-valvulopathie\/#primaryimage"},"image":{"@id":"http:\/\/vet-ecg.ddns.net\/index.php\/cardiomyopathie-dilatee-et-valvulopathie\/#primaryimage"},"thumbnailUrl":"http:\/\/vet-ecg.ddns.net\/wp-content\/uploads\/cmd-labrador-2.jpg","datePublished":"2018-11-19T09:06:56+00:00","dateModified":"2019-12-03T10:05:27+00:00","description":"CMD d\u00e9butante et valvulopathie sont pr\u00e9sentes simultan\u00e9ment chez ce labrador. Les perturbations \u00e9lectrocardiographiques sont mod\u00e9r\u00e9es.","breadcrumb":{"@id":"http:\/\/vet-ecg.ddns.net\/index.php\/cardiomyopathie-dilatee-et-valvulopathie\/#breadcrumb"},"inLanguage":"fr-FR","potentialAction":[{"@type":"ReadAction","target":["http:\/\/vet-ecg.ddns.net\/index.php\/cardiomyopathie-dilatee-et-valvulopathie\/"]}]},{"@type":"ImageObject","inLanguage":"fr-FR","@id":"http:\/\/vet-ecg.ddns.net\/index.php\/cardiomyopathie-dilatee-et-valvulopathie\/#primaryimage","url":"http:\/\/vet-ecg.ddns.net\/wp-content\/uploads\/cmd-labrador-2.jpg","contentUrl":"http:\/\/vet-ecg.ddns.net\/wp-content\/uploads\/cmd-labrador-2.jpg","width":2200,"height":1773,"caption":"QRS en 'w' dans la d\u00e9rivation AVL, Ondes T bifides et extrasystole ventriculaire droite."},{"@type":"BreadcrumbList","@id":"http:\/\/vet-ecg.ddns.net\/index.php\/cardiomyopathie-dilatee-et-valvulopathie\/#breadcrumb","itemListElement":[{"@type":"ListItem","position":1,"name":"Accueil","item":"http:\/\/vet-ecg.ddns.net\/"},{"@type":"ListItem","position":2,"name":"cmd d\u00e9butante et valvulopathie"}]},{"@type":"WebSite","@id":"http:\/\/vet-ecg.ddns.net\/#website","url":"http:\/\/vet-ecg.ddns.net\/","name":"Blog d&#039;\u00e9lectrocardiographie v\u00e9t\u00e9rinaire","description":"recueil d&#039;ECG de chiens et de chats","publisher":{"@id":"http:\/\/vet-ecg.ddns.net\/#\/schema\/person\/fec4070a47e235fed904fab73cae00b4"},"alternateName":"\u00e9lectrocardiographie v\u00e9t\u00e9rinaire","potentialAction":[{"@type":"SearchAction","target":{"@type":"EntryPoint","urlTemplate":"http:\/\/vet-ecg.ddns.net\/?s={search_term_string}"},"query-input":{"@type":"PropertyValueSpecification","valueRequired":true,"valueName":"search_term_string"}}],"inLanguage":"fr-FR"},{"@type":["Person","Organization"],"@id":"http:\/\/vet-ecg.ddns.net\/#\/schema\/person\/fec4070a47e235fed904fab73cae00b4","name":"admin","image":{"@type":"ImageObject","inLanguage":"fr-FR","@id":"http:\/\/vet-ecg.ddns.net\/wp-content\/uploads\/2018\/04\/Zelda-2-ECG-248.jpg","url":"http:\/\/vet-ecg.ddns.net\/wp-content\/uploads\/2018\/04\/Zelda-2-ECG-248.jpg","contentUrl":"http:\/\/vet-ecg.ddns.net\/wp-content\/uploads\/2018\/04\/Zelda-2-ECG-248.jpg","width":248,"height":248,"caption":"admin"},"logo":{"@id":"http:\/\/vet-ecg.ddns.net\/wp-content\/uploads\/2018\/04\/Zelda-2-ECG-248.jpg"},"description":"Les trac\u00e9s publi\u00e9s sur ce site sont issus de diff\u00e9rentes cliniques v\u00e9t\u00e9rinaires de Paris et de sa banlieue durant les 10 derni\u00e8res ann\u00e9es. Les ECG r\u00e9alis\u00e9s ont \u00e9t\u00e9 r\u00e9alis\u00e9s sur des chiens et des chats qui ont tous b\u00e9n\u00e9fici\u00e9 d'une \u00e9chocardiographie."}]}},"_links":{"self":[{"href":"http:\/\/vet-ecg.ddns.net\/index.php\/wp-json\/wp\/v2\/pages\/1096","targetHints":{"allow":["GET"]}}],"collection":[{"href":"http:\/\/vet-ecg.ddns.net\/index.php\/wp-json\/wp\/v2\/pages"}],"about":[{"href":"http:\/\/vet-ecg.ddns.net\/index.php\/wp-json\/wp\/v2\/types\/page"}],"author":[{"embeddable":true,"href":"http:\/\/vet-ecg.ddns.net\/index.php\/wp-json\/wp\/v2\/users\/1"}],"replies":[{"embeddable":true,"href":"http:\/\/vet-ecg.ddns.net\/index.php\/wp-json\/wp\/v2\/comments?post=1096"}],"version-history":[{"count":0,"href":"http:\/\/vet-ecg.ddns.net\/index.php\/wp-json\/wp\/v2\/pages\/1096\/revisions"}],"wp:attachment":[{"href":"http:\/\/vet-ecg.ddns.net\/index.php\/wp-json\/wp\/v2\/media?parent=1096"}],"curies":[{"name":"wp","href":"https:\/\/api.w.org\/{rel}","templated":true}]}}